000
CXUS53 KBIS 010830
CF6DIK
PRELIMINARY LOCAL CLIMATOLOGICAL DATA (WS FORM: F-6)
STATION: DICKINSON ND
MONTH: MAY
YEAR: 2020
LATITUDE: 46 47 N
LONGITUDE: 102 48 W
TEMPERATURE IN F: :PCPN: SNOW: WIND :SUNSHINE: SKY :PK WND
================================================================================
1 2 3 4 5 6A 6B 7 8 9 10 11 12 13 14 15 16 17 18
12Z AVG MX 2MIN
DY MAX MIN AVG DEP HDD CDD WTR SNW DPTH SPD SPD DIR MIN PSBL S-S WX SPD DR
================================================================================
1 63 44 54 6 11 0 T M M 18.8 31 290 M M 3 41 280
2 71 38 55 6 10 0 0.00 M M 10.4 25 300 M M 1 36 290
3 69 35 52 3 13 0 0.15 M M 15.9 29 110 M M 3 38 110
4 61 37 49 0 16 0 0.00 M M 13.4 24 310 M M 4 1 34 300
5 58 30 44 -6 21 0 0.01 M M 8.3 21 350 M M 3 12 29 350
6 67 34 51 1 14 0 0.00 M M 6.2 14 110 M M 1 18 110
7 58 28 43 -7 22 0 0.00 M M 11.6 23 50 M M 3 30 70
8 66 26 46 -5 19 0 0.03 M M 10.5 36 290 M M 3 1 47 290
9 47 31 39 -12 26 0 0.02 M M 19.3 45 300 M M 9 1 54 290
10 49 22 36 -15 29 0 0.00 M M 7.3 17 340 M M 6 26 340
11 51 20 36 -16 29 0 0.00 M M 4.6 14 180 M M 5 17 130
12 45 29 37 -15 28 0 0.13 M M 17.6 33 140 M M 9 1 42 150
13 58 39 49 -3 16 0 0.20 M M 7.2 17 150 M M 8 1 22 160
14 65 36 51 -1 14 0 0.00 M M 14.7 25 300 M M 0 35 290
15 69 38 54 1 11 0 0.07 M M 8.9 26 130 M M 8 3 33 140
16 68 41 55 2 10 0 0.00 M M 3.9 14 140 M M 2 1 19 80
17 72 33 53 -1 12 0 0.00 M M 14.3 28 160 M M 0 38 110
18 71 48 60 6 5 0 0.00 M M 27.6 40 140 M M 0 52 150
19 83 52 68 14 0 3 0.00 M M 20.7 31 150 M M 0 42 140
20 82 56 69 15 0 4 0.00 M M 23.4 38 150 M M 0 51 140
21 81 49 65 10 0 0 0.00 M M 12.9 32 210 M M 1 43 180
22 83 43 63 8 2 0 T M M 9.4 21 230 M M 3 12 30 340
23 70 50 60 5 5 0 0.59 M M 13.7 29 210 M M 5 13 40 310
24 53 42 48 -8 17 0 0.15 M M 9.7 18 310 M M 10 18 25 340
25 64 41 53 -3 12 0 0.00 M M 4.3 10 180 M M 8 13 180
26 74 43 59 3 6 0 T M M 9.5 23 260 M M 3 32 260
27 73 48 61 5 4 0 0.00 M M 10.0 18 300 M M 1 25 340
28 69 42 56 -1 9 0 0.00 M M 14.1 28 310 M M 0 35 290
29 70 38 54 -3 11 0 0.00 M M 5.8 15 60 M M 1 21 70
30 72 41 57 0 8 0 0.00 M M 15.3 24 150 M M 0 32 130
31 82 50 66 8 0 1 T M M 19.3 32 160 M M 0 44 170
================================================================================
SM 2064 1204 380 8 1.35 M 388.6 M 100
================================================================================
AV 66.6 38.8 12.5 FASTST M M 3 MAX(MPH)
MISC ----> # 45 300 # 54 290
================================================================================
NOTES:
# LAST OF SEVERAL OCCURRENCES
COLUMN 17 PEAK WIND IN M.P.H.
PRELIMINARY LOCAL CLIMATOLOGICAL DATA (WS FORM: F-6) , PAGE 2
STATION: DICKINSON ND
MONTH: MAY
YEAR: 2020
LATITUDE: 46 47 N
LONGITUDE: 102 48 W
[TEMPERATURE DATA] [PRECIPITATION DATA] SYMBOLS USED IN COLUMN 16
AVERAGE MONTHLY: 52.7 TOTAL FOR MONTH: 1.35 1 = FOG OR MIST
DPTR FM NORMAL: -0.4 DPTR FM NORMAL: -0.97 2 = FOG REDUCING VISIBILITY
HIGHEST: 83 ON 22,19 GRTST 24HR 0.59 ON 23-23 TO 1/4 MILE OR LESS
LOWEST: 20 ON 11 3 = THUNDER
SNOW, ICE PELLETS, HAIL 4 = ICE PELLETS
TOTAL MONTH: M 5 = HAIL
GRTST 24HR M ON M 6 = FREEZING RAIN OR DRIZZLE
GRTST DEPTH: M ON M 7 = DUSTSTORM OR SANDSTORM:
VSBY 1/2 MILE OR LESS
8 = SMOKE OR HAZE
[NO. OF DAYS WITH] [WEATHER - DAYS WITH] 9 = BLOWING SNOW
X = TORNADO
MAX 32 OR BELOW: 0 0.01 INCH OR MORE: 9
MAX 90 OR ABOVE: 0 0.10 INCH OR MORE: 5
MIN 32 OR BELOW: 7 0.50 INCH OR MORE: 1
MIN 0 OR BELOW: 0 1.00 INCH OR MORE: 0
[HDD (BASE 65) ]
TOTAL THIS MO. 380 CLEAR (SCALE 0-3) 20
DPTR FM NORMAL 2 PTCLDY (SCALE 4-7) 7
TOTAL FM JUL 1 8344 CLOUDY (SCALE 8-10) 4
DPTR FM NORMAL -96
[CDD (BASE 65) ]
TOTAL THIS MO. 8
DPTR FM NORMAL -1 [PRESSURE DATA]
TOTAL FM JAN 1 8 HIGHEST SLP 30.51 ON 10
DPTR FM NORMAL -2 LOWEST SLP 29.59 ON 1
[REMARKS]
#FINAL-05-20#