000
CXUS53 KBIS 010930
CF6DIK
PRELIMINARY LOCAL CLIMATOLOGICAL DATA (WS FORM: F-6)
STATION: DICKINSON ND
MONTH: DECEMBER
YEAR: 2023
LATITUDE: 46 47 N
LONGITUDE: 102 48 W
TEMPERATURE IN F: :PCPN: SNOW: WIND :SUNSHINE: SKY :PK WND
================================================================================
1 2 3 4 5 6A 6B 7 8 9 10 11 12 13 14 15 16 17 18
12Z AVG MX 2MIN
DY MAX MIN AVG DEP HDD CDD WTR SNW DPTH SPD SPD DIR MIN PSBL S-S WX SPD DR
================================================================================
1 38 19 29 5 36 0 0.00 M M 11.3 22 170 M M 7 28 160
2 45 15 30 6 35 0 0.00 M M 9.5 17 260 M M 1 22 240
3 42 19 31 7 34 0 T M M 13.3 28 280 M M 3 35 280
4 39 21 30 7 35 0 T M M 16.1 36 300 M M 7 1 47 310
5 48 18 33 10 32 0 0.00 M M 11.4 21 180 M M 3 24 180
6 63 33 48 25 17 0 0.00 M M 10.1 18 260 M M 0 26 270
7 53 28 41 19 24 0 0.15 M M 13.9 33 290 M M 3 42 280
8 35 23 29 7 36 0 M M M 24.3 37 290 M M 8 12 48 290
9 31 16 24 2 41 0 0.00 M M 14.3 23 290 M M 0 31 310
10 37 18 28 7 37 0 0.00 M M 9.1 16 190 M M 4 18 180
11 35 11 23 2 42 0 0.00 M M 13.3 25 300 M M 3 33 310
12 36 6 21 0 44 0 0.00 M M 9.2 20 170 M M 4 25 180
13 41 22 32 12 33 0 0.00 M M 11.3 16 210 M M 0 21 210
14 41 23 32 12 33 0 0.00 M M 7.4 15 180 M M 0 17 230
15 32 19 26 6 39 0 T M M 8.1 17 310 M M 7 1 23 310
16 45 17 31 11 34 0 0.00 M M 9.8 20 250 M M 2 24 250
17 39 15 27 8 38 0 0.00 M M 12.2 31 310 M M 3 43 310
18 41 11 26 7 39 0 0.00 M M 12.7 29 180 M M 0 35 180
19 38 22 30 11 35 0 0.00 M M 6.3 14 80 M M 4 1 17 70
20 40 22 31 13 34 0 0.00 M M 12.0 17 160 M M 2 20 160
21 54 25 40 22 25 0 0.00 M M 7.2 14 310 M M 1 17 170
22 52 27 40 22 25 0 0.00 M M 7.1 12 200 M M 0 13 190
23 50 27 39 21 26 0 0.00 M M 11.4 30 330 M M 3 39 320
24 30 12 21 3 44 0 T M M 16.2 30 320 M M 3 1 40 320
25 32 12 22 4 43 0 0.00 M M 8.9 16 350 M M 2 23 350
26 36 19 28 11 37 0 0.00 M M 11.5 17 360 M M 8 26 10
27 43 17 30 13 35 0 0.00 M M 9.4 15 300 M M 0 18 300
28 50 14 32 15 33 0 0.00 M M 8.1 16 280 M M 0 20 280
29 49 25 37 20 28 0 0.00 M M 14.1 23 280 M M 0 29 280
30 34 16 25 8 40 0 0.00 M M 8.6 16 320 M M 1 12 19 340
31 32 16 24 7 41 0 0.00 M M 11.1 21 180 M M 6 12 25 180
================================================================================
SM 1281 588 1075 0 0.15 M 349.2 M 85
================================================================================
AV 41.3 19.0 11.3 FASTST M M 3 MAX(MPH)
MISC ----> 37 290 48 290
================================================================================
NOTES:
# LAST OF SEVERAL OCCURRENCES
COLUMN 17 PEAK WIND IN M.P.H.
PRELIMINARY LOCAL CLIMATOLOGICAL DATA (WS FORM: F-6) , PAGE 2
STATION: DICKINSON ND
MONTH: DECEMBER
YEAR: 2023
LATITUDE: 46 47 N
LONGITUDE: 102 48 W
[TEMPERATURE DATA] [PRECIPITATION DATA] SYMBOLS USED IN COLUMN 16
AVERAGE MONTHLY: 30.1 TOTAL FOR MONTH: 0.15 1 = FOG OR MIST
DPTR FM NORMAL: 10.2 DPTR FM NORMAL: -0.04 2 = FOG REDUCING VISIBILITY
HIGHEST: 63 ON 6 GRTST 24HR 0.15 ON 7- 7 TO 1/4 MILE OR LESS
LOWEST: 6 ON 12 3 = THUNDER
SNOW, ICE PELLETS, HAIL 4 = ICE PELLETS
TOTAL MONTH: M 5 = HAIL
GRTST 24HR M ON M 6 = FREEZING RAIN OR DRIZZLE
GRTST DEPTH: M ON M 7 = DUSTSTORM OR SANDSTORM:
VSBY 1/2 MILE OR LESS
8 = SMOKE OR HAZE
[NO. OF DAYS WITH] [WEATHER - DAYS WITH] 9 = BLOWING SNOW
X = TORNADO
MAX 32 OR BELOW: 5 0.01 INCH OR MORE: 1
MAX 90 OR ABOVE: 0 0.10 INCH OR MORE: 1
MIN 32 OR BELOW: 30 0.50 INCH OR MORE: 0
MIN 0 OR BELOW: 0 1.00 INCH OR MORE: 0
[HDD (BASE 65) ]
TOTAL THIS MO. 1075 CLEAR (SCALE 0-3) 18
DPTR FM NORMAL -323 PTCLDY (SCALE 4-7) 13
TOTAL FM JUL 1 2911 CLOUDY (SCALE 8-10) 0
DPTR FM NORMAL -499
[CDD (BASE 65) ]
TOTAL THIS MO. 0
DPTR FM NORMAL 0 [PRESSURE DATA]
TOTAL FM JAN 1 427 HIGHEST SLP 30.44 ON 13
DPTR FM NORMAL 9 LOWEST SLP 29.27 ON 7
[REMARKS]
#FINAL-12-23#