000
CXUS53 KDLH 010920
CF6DLH
PRELIMINARY LOCAL CLIMATOLOGICAL DATA (WS FORM: F-6)
STATION: DULUTH
MONTH: JANUARY
YEAR: 2023
LATITUDE: 46 49 N
LONGITUDE: 92 11 W
TEMPERATURE IN F: :PCPN: SNOW: WIND :SUNSHINE: SKY :PK WND
================================================================================
1 2 3 4 5 6A 6B 7 8 9 10 11 12 13 14 15 16 17 18
12Z AVG MX 2MIN
DY MAX MIN AVG DEP HDD CDD WTR SNW DPTH SPD SPD DIR MIN PSBL S-S WX SPD DR
================================================================================
1 30 25 28 15 37 0 T T 21 8.8 16 260 M M 10 168 20 310
2 25 19 22 10 43 0 T T 20 7.1 12 300 M M 10 168 15 320
3 29 12 21 9 44 0 0.19 2.2 20 12.2 22 70 M M 9 189 31 90
4 29 23 26 14 39 0 0.26 3.0 22 15.5 25 70 M M 10 19 36 60
5 23 4 14 2 51 0 T T 25 9.4 15 350 M M 4 18 19 360
6 25 1 13 1 52 0 0.00 0.0 24 7.7 14 350 M M 0 8 20 340
7 23 8 16 4 49 0 0.00 0.0 24 6.1 15 230 M M 4 12 19 230
8 27 10 19 7 46 0 0.00 0.0 23 11.6 17 240 M M 0 18 25 230
9 28 5 17 6 48 0 0.00 0.0 22 10.7 24 90 M M 5 128 33 80
10 29 27 28 17 37 0 T T 22 7.1 18 80 M M 10 126 26 80
11 31 28 30 19 35 0 0.05 1.4 22 4.0 12 330 M M 10 1 18 310
12 29 15 22 11 43 0 0.01 0.2 23 12.5 20 350 M M 10 1 28 350
13 15 11 13 2 52 0 T 0.3 22 6.6 13 350 M M 10 1 18 340
14 26 14 20 9 45 0 T T 22 11.1 17 190 M M 6 18 23 180
15 35 25 30 19 35 0 0.00 0.0 22 10.6 17 190 M M 2 24 190
16 33 31 32 21 33 0 0.31 0.7 22 10.1 17 70 M M 10 1468 25 70
17 34 27 31 20 34 0 0.13 1.4 23 10.0 18 340 M M 10 18 26 340
18 29 24 27 16 38 0 0.05 0.4 22 11.7 24 90 M M 10 1 33 90
19 30 19 25 15 40 0 0.33 2.7 23 14.8 26 70 M M 10 19 37 60
20 24 17 21 11 44 0 T T 25 9.8 17 330 M M 10 8 25 330
21 22 19 21 11 44 0 T T 24 10.2 16 260 M M 10 1 20 250
22 20 16 18 8 47 0 T T 24 6.1 13 240 M M 10 1 16 230
23 29 16 23 12 42 0 0.03 0.5 24 12.0 21 260 M M 9 18 26 260
24 29 20 25 14 40 0 T 0.3 24 7.7 20 270 M M 9 1 23 260
25 25 11 18 7 47 0 0.06 1.7 25 9.9 20 350 M M 10 19 29 340
26 16 -3 7 -4 58 0 T T 25 8.9 17 340 M M 3 8 25 350
27 20 1 11 0 54 0 0.14 2.4 24 14.1 29 300 M M 9 189 45 310
28 6 -9 -1 -12 66 0 0.00 0.0 23 8.1 14 330 M M 1 19 340
29 1 -18 -8 -19 73 0 0.00 0.0 23 9.1 17 270 M M 1 23 290
30 -1 -17 -9 -20 74 0 T T 23 12.4 20 250 M M 1 8 26 290
31 7 -13 -3 -14 68 0 0.00 0.0 23 10.6 18 250 M M 1 24 250
================================================================================
SM 728 368 1458 0 1.56 17.2 306.5 M 214
================================================================================
AV 23.5 11.9 9.9 FASTST M M 7 MAX(MPH)
MISC ----> 29 300 45 310
================================================================================
NOTES:
# LAST OF SEVERAL OCCURRENCES
COLUMN 17 PEAK WIND IN M.P.H.
PRELIMINARY LOCAL CLIMATOLOGICAL DATA (WS FORM: F-6) , PAGE 2
STATION: DULUTH
MONTH: JANUARY
YEAR: 2023
LATITUDE: 46 49 N
LONGITUDE: 92 11 W
[TEMPERATURE DATA] [PRECIPITATION DATA] SYMBOLS USED IN COLUMN 16
AVERAGE MONTHLY: 17.7 TOTAL FOR MONTH: 1.56 1 = FOG OR MIST
DPTR FM NORMAL: 6.5 DPTR FM NORMAL: 0.61 2 = FOG REDUCING VISIBILITY
HIGHEST: 35 ON 15 GRTST 24HR 0.38 ON 23-23 TO 1/4 MILE OR LESS
LOWEST: -18 ON 29 3 = THUNDER
SNOW, ICE PELLETS, HAIL 4 = ICE PELLETS
TOTAL MONTH: 18.2 INCHES 5 = HAIL
GRTST 24HR 3.0 ON 4- 4 6 = FREEZING RAIN OR DRIZZLE
GRTST DEPTH: 25 ON 26,25 7 = DUSTSTORM OR SANDSTORM:
VSBY 1/2 MILE OR LESS
8 = SMOKE OR HAZE
[NO. OF DAYS WITH] [WEATHER - DAYS WITH] 9 = BLOWING SNOW
X = TORNADO
MAX 32 OR BELOW: 28 0.01 INCH OR MORE: 11
MAX 90 OR ABOVE: 0 0.10 INCH OR MORE: 6
MIN 32 OR BELOW: 31 0.50 INCH OR MORE: 0
MIN 0 OR BELOW: 5 1.00 INCH OR MORE: 0
[HDD (BASE 65) ]
TOTAL THIS MO. 1458 CLEAR (SCALE 0-3) 7
DPTR FM NORMAL -211 PTCLDY (SCALE 4-7) 5
TOTAL FM JUL 1 4923 CLOUDY (SCALE 8-10) 19
DPTR FM NORMAL -296
[CDD (BASE 65) ]
TOTAL THIS MO. 0
DPTR FM NORMAL 0 [PRESSURE DATA]
TOTAL FM JAN 1 0 HIGHEST SLP 30.46 ON 13
DPTR FM NORMAL 0 LOWEST SLP 29.38 ON 27
[REMARKS]
#FINAL-01-23#