000
CXUS51 KLWX 010815
CF6DMH
PRELIMINARY LOCAL CLIMATOLOGICAL DATA (WS FORM: F-6)
STATION: BALTIMORE INNER HARBOR
MONTH: MARCH
YEAR: 2024
LATITUDE: 39 16 N
LONGITUDE: 76 37 W
TEMPERATURE IN F: :PCPN: SNOW: WIND :SUNSHINE: SKY :PK WND
================================================================================
1 2 3 4 5 6A 6B 7 8 9 10 11 12 13 14 15 16 17 18
12Z AVG MX 2MIN
DY MAX MIN AVG DEP HDD CDD WTR SNW DPTH SPD SPD DIR MIN PSBL S-S WX SPD DR
================================================================================
1 53 36 45 3 20 0 0.03 M M M M M M M M M M
2 61 43 52 9 13 0 0.98 M M M M M M M M M M
3 71 47 59 16 6 0 0.00 M M M M M M M 0 M M
4 71 55 63 20 2 0 0.00 M M M M M M M 0 M M
5 60 51 56 12 9 0 0.39 M M M M M M M 0 M M
6 58 52 55 11 10 0 0.26 M M M M M M M 0 M M
7 68 54 61 17 4 0 0.02 M M M M M M M 0 M M
8 61 47 54 10 11 0 0.00 M M M M M M M 0 M M
9 55 46 51 6 14 0 1.20 M M M M M M M 0 M M
10 53 41 47 2 18 0 0.00 M M M M M M M 0 M M
11 60 41 51 6 14 0 0.00 M M M M M M M 0 M M
12 78 45 62 16 3 0 0.00 M M M M M M M 0 M M
13 79 52 66 20 0 1 0.00 M M M M M M M 0 M M
14 83 52 68 22 0 3 0.00 M M M M M M M M M M
15 M 57 M M M M 0.02 M M M M M M M 0 M M
16 71 51 61 14 4 0 0.00 M M M M M M M 0 M M
17 77 53 65 18 0 0 0.00 M M M M M M M 0 M M
18 56 41 49 2 16 0 0.00 M M M M M M M 0 M M
19 57 39 48 0 17 0 0.00 M M M M M M M 0 M M
20 72 43 58 10 7 0 0.00 M M M M M M M 0 M M
21 53 36 45 -3 20 0 0.00 M M M M M M M 0 M M
22 53 37 45 -4 20 0 0.01 M M M M M M M 0 M M
23 61 39 50 1 15 0 1.53 M M M M M M M M M M
24 56 37 47 -3 18 0 0.00 M M M M M M M M M M
25 59 40 50 0 15 0 0.00 M M M M M M M M M M
26 62 45 54 4 11 0 0.01 M M M M M M M 0 M M
27 52 47 50 0 15 0 0.94 M M M M M M M 0 M M
28 57 51 54 3 11 0 0.10 M M M M M M M 0 M M
29 66 44 55 4 10 0 0.00 M M M M M M M 0 M M
30 68 45 57 5 8 0 0.03 M M M M M M M 0 3 M M
31 74 51 63 11 2 0 0.00 M M M M M M M 0 M M
================================================================================
SM 1905 1418 313 4 5.52 M M M 0
================================================================================
AV 63.5 45.7 M FASTST M M 0 MAX(MPH)
MISC ----> M M M M
================================================================================
NOTES:
# LAST OF SEVERAL OCCURRENCES
COLUMN 17 PEAK WIND IN M.P.H.
PRELIMINARY LOCAL CLIMATOLOGICAL DATA (WS FORM: F-6) , PAGE 2
STATION: BALTIMORE INNER HARBOR
MONTH: MARCH
YEAR: 2024
LATITUDE: 39 16 N
LONGITUDE: 76 37 W
[TEMPERATURE DATA] [PRECIPITATION DATA] SYMBOLS USED IN COLUMN 16
AVERAGE MONTHLY: 54.6 TOTAL FOR MONTH: 5.52 1 = FOG OR MIST
DPTR FM NORMAL: 7.7 DPTR FM NORMAL: 1.59 2 = FOG REDUCING VISIBILITY
HIGHEST: 83 ON 14 GRTST 24HR 1.54 ON 22-23 TO 1/4 MILE OR LESS
LOWEST: 36 ON 21, 1 3 = THUNDER
SNOW, ICE PELLETS, HAIL 4 = ICE PELLETS
TOTAL MONTH: M 5 = HAIL
GRTST 24HR M ON M 6 = FREEZING RAIN OR DRIZZLE
GRTST DEPTH: M ON M 7 = DUSTSTORM OR SANDSTORM:
VSBY 1/2 MILE OR LESS
8 = SMOKE OR HAZE
[NO. OF DAYS WITH] [WEATHER - DAYS WITH] 9 = BLOWING SNOW
X = TORNADO
MAX 32 OR BELOW: 0 0.01 INCH OR MORE: 13
MAX 90 OR ABOVE: 0 0.10 INCH OR MORE: 7
MIN 32 OR BELOW: 0 0.50 INCH OR MORE: 4
MIN 0 OR BELOW: 0 1.00 INCH OR MORE: 2
[HDD (BASE 65) ]
TOTAL THIS MO. 313 CLEAR (SCALE 0-3) 25
DPTR FM NORMAL -249 PTCLDY (SCALE 4-7) 0
TOTAL FM JUL 1 2604 CLOUDY (SCALE 8-10) 6
DPTR FM NORMAL -926
[CDD (BASE 65) ]
TOTAL THIS MO. 4
DPTR FM NORMAL 1 [PRESSURE DATA]
TOTAL FM JAN 1 6 HIGHEST SLP 30.64 ON 1
DPTR FM NORMAL 3 LOWEST SLP 29.51 ON 10
[REMARKS]
#FINAL-03-24#