000
CXUS53 KEAX 190736
CF6DMO
PRELIMINARY LOCAL CLIMATOLOGICAL DATA (WS FORM: F-6)
STATION: SEDALIA MO
MONTH: APRIL
YEAR: 2024
LATITUDE: 38 42 N
LONGITUDE: 93 6 W
TEMPERATURE IN F: :PCPN: SNOW: WIND :SUNSHINE: SKY :PK WND
================================================================================
1 2 3 4 5 6A 6B 7 8 9 10 11 12 13 14 15 16 17 18
12Z AVG MX 2MIN
DY MAX MIN AVG DEP HDD CDD WTR SNW DPTH SPD SPD DIR MIN PSBL S-S WX SPD DR
================================================================================
1 73 60 67 17 0 2 0.79 M M 10.0 22 180 M M 7 13 33 180
2 61 42 52 1 13 0 T M M 13.0 25 320 M M 8 1 35 320
3 54 40 47 -4 18 0 T M M M 30 310 M M M 45 310
4 58 36 47 -4 18 0 0.00 M M 11.4 24 310 M M 0 8 34 290
5 60 34 47 -5 18 0 0.00 M M 5.3 13 80 M M 0 21 70
6 68 42 55 3 10 0 T M M 18.4 28 110 M M 0 37 110
7 72 50 61 9 4 0 T M M 15.4 31 220 M M 3 8 49 220
8 78 47 63 11 2 0 0.00 M M 7.5 18 220 M M 0 28 230
9 70 47 59 6 6 0 0.00 M M 6.3 13 350 M M 2 18 340
10 65 49 57 4 8 0 T M M 5.8 15 100 M M 6 20 70
11 65 48 57 4 8 0 0.00 M M 17.7 30 310 M M 3 42 330
12 69 45 57 3 8 0 0.00 M M 11.1 22 330 M M 0 30 320
13 85 46 66 12 0 1 0.00 M M 13.1 28 210 M M 0 40 210
14 84 64 74 20 0 9 0.00 M M 10.9 23 220 M M 0 31 210
15 84 65 75 20 0 10 0.00 M M 8.3 20 160 M M 3 27 150
16 83 67 75 20 0 10 T M M 20.1 38 190 M M 4 57 180
17 82 59 71 16 0 6 0.00 M M 11.4 25 270 M M 0 36 260
18 78 48 63 8 2 0 T M M 13.1 25 360 M M 6 13 35 340
================================================================================
SM 1289 889 115 38 0.79 M 198.8 M 42
================================================================================
AV 71.6 49.4 11.7 FASTST M M 2 MAX(MPH)
MISC ----> 38 190 57 180
================================================================================
NOTES:
# LAST OF SEVERAL OCCURRENCES
COLUMN 17 PEAK WIND IN M.P.H.
PRELIMINARY LOCAL CLIMATOLOGICAL DATA (WS FORM: F-6) , PAGE 2
STATION: SEDALIA MO
MONTH: APRIL
YEAR: 2024
LATITUDE: 38 42 N
LONGITUDE: 93 6 W
[TEMPERATURE DATA] [PRECIPITATION DATA] SYMBOLS USED IN COLUMN 16
AVERAGE MONTHLY: 60.5 TOTAL FOR MONTH: 0.79 1 = FOG OR MIST
DPTR FM NORMAL: 7.6 DPTR FM NORMAL: -1.32 2 = FOG REDUCING VISIBILITY
HIGHEST: 85 ON 13 GRTST 24HR 0.79 ON 1- 1 TO 1/4 MILE OR LESS
LOWEST: 34 ON 5 3 = THUNDER
SNOW, ICE PELLETS, HAIL 4 = ICE PELLETS
TOTAL MONTH: M 5 = HAIL
GRTST 24HR M ON M 6 = FREEZING RAIN OR DRIZZLE
GRTST DEPTH: M ON M 7 = DUSTSTORM OR SANDSTORM:
VSBY 1/2 MILE OR LESS
8 = SMOKE OR HAZE
[NO. OF DAYS WITH] [WEATHER - DAYS WITH] 9 = BLOWING SNOW
X = TORNADO
MAX 32 OR BELOW: 0 0.01 INCH OR MORE: 1
MAX 90 OR ABOVE: 0 0.10 INCH OR MORE: 1
MIN 32 OR BELOW: 0 0.50 INCH OR MORE: 1
MIN 0 OR BELOW: 0 1.00 INCH OR MORE: 0
[HDD (BASE 65) ]
TOTAL THIS MO. 115 CLEAR (SCALE 0-3) 12
DPTR FM NORMAL -111 PTCLDY (SCALE 4-7) 4
TOTAL FM JUL 1 3620 CLOUDY (SCALE 8-10) 2
DPTR FM NORMAL -1104
[CDD (BASE 65) ]
TOTAL THIS MO. 38
DPTR FM NORMAL 28 [PRESSURE DATA]
TOTAL FM JAN 1 46 HIGHEST SLP M ON M
DPTR FM NORMAL 33 LOWEST SLP 29.48 ON 2
[REMARKS]