000
CXUS52 KCAE 011400
CF6DNL
PRELIMINARY LOCAL CLIMATOLOGICAL DATA (WS FORM: F-6)
STATION: AUGUSTA DANIEL FIELD GA
MONTH: MAY
YEAR: 2021
LATITUDE: 33 28 N
LONGITUDE: 82 2 W
TEMPERATURE IN F: :PCPN: SNOW: WIND :SUNSHINE: SKY :PK WND
================================================================================
1 2 3 4 5 6A 6B 7 8 9 10 11 12 13 14 15 16 17 18
12Z AVG MX 2MIN
DY MAX MIN AVG DEP HDD CDD WTR SNW DPTH SPD SPD DIR MIN PSBL S-S WX SPD DR
================================================================================
1 81 59 70 -1 0 5 0.00 M M 6.1 18 80 M M 0 23 50
2 86 61 74 3 0 9 0.00 M M 7.3 17 170 M M 3 23 160
3 85 67 76 4 0 11 1.16 M M 8.0 20 10 M M 7 123 26 360
4 88 67 78 6 0 13 0.67 M M 4.9 30 320 M M 5 138 41 310
5 81 65 73 1 0 8 0.09 M M 5.5 15 160 M M 4 1 22 280
6 79 61 70 -2 0 5 0.00 M M 6.1 15 70 M M 1 20 70
7 74 57 66 -7 0 1 0.00 M M 10.2 20 310 M M 0 30 320
8 80 54 67 -6 0 2 0.00 M M 5.8 18 310 M M 0 24 310
9 88 57 73 0 0 8 0.00 M M 8.0 21 210 M M 0 27 190
10 82 69 76 3 0 11 T M M 5.2 13 290 M M 2 19 290
11 83 68 76 2 0 11 0.00 M M 5.3 10 80 M M 5 19 20
12 73 50 62 -12 3 0 0.97 M M 7.6 23 40 M M 10 18 30 20
13 73 48 61 -13 4 0 0.00 M M 7.7 15 30 M M 1 22 30
14 77 51 64 -10 1 0 0.00 M M 5.7 14 90 M M 1 17 70
15 80 53 67 -8 0 2 0.00 M M 2.6 12 40 M M 1 17 60
16 83 57 70 -5 0 5 0.00 M M 2.5 10 140 M M 1 14 140
17 83 61 72 -3 0 7 0.00 M M 4.4 13 120 M M 0 16 150
18 84 65 75 0 0 10 T M M 6.8 14 70 M M 2 19 100
19 85 66 76 0 0 11 0.00 M M 7.4 17 140 M M 3 26 130
20 85 64 75 -1 0 10 0.00 M M 7.2 17 130 M M 0 23 100
21 89 62 76 0 0 11 0.00 M M 7.0 15 70 M M 1 21 100
22 87 62 75 -1 0 10 0.00 M M 4.0 10 30 M M 0 14 10
23 93 65 79 3 0 14 0.00 M M 2.7 9 300 M M 0 12 210
24 96 69 83 6 0 18 0.00 M M 2.1 8 340 M M 2 8 13 350
25 95 73 84 7 0 19 0.00 M M 3.4 13 140 M M 2 16 150
26 97 70 84 7 0 19 0.00 M M 4.8 13 290 M M 1 20 230
27 95 75 85 8 0 20 0.00 M M 5.9 14 200 M M 1 19 190
28 95 70 83 5 0 18 T M M 7.0 21 200 M M 2 26 200
29 87 68 78 0 0 13 T M M 8.2 16 300 M M 3 22 320
30 76 63 70 -8 0 5 0.00 M M 5.9 13 360 M M 5 17 360
31 81 59 70 -8 0 5 0.00 M M 5.4 12 150 M M 3 18 30
================================================================================
SM 2621 1936 8 281 2.89 M 180.7 M 66
================================================================================
AV 84.5 62.5 5.8 FASTST M M 2 MAX(MPH)
MISC ----> 30 320 41 310
================================================================================
NOTES:
# LAST OF SEVERAL OCCURRENCES
COLUMN 17 PEAK WIND IN M.P.H.
PRELIMINARY LOCAL CLIMATOLOGICAL DATA (WS FORM: F-6) , PAGE 2
STATION: AUGUSTA DANIEL FIELD GA
MONTH: MAY
YEAR: 2021
LATITUDE: 33 28 N
LONGITUDE: 82 2 W
[TEMPERATURE DATA] [PRECIPITATION DATA] SYMBOLS USED IN COLUMN 16
AVERAGE MONTHLY: 73.5 TOTAL FOR MONTH: 2.89 1 = FOG OR MIST
DPTR FM NORMAL: -1.2 DPTR FM NORMAL: 0.07 2 = FOG REDUCING VISIBILITY
HIGHEST: 97 ON 26 GRTST 24HR 1.18 ON 3- 4 TO 1/4 MILE OR LESS
LOWEST: 48 ON 13 3 = THUNDER
SNOW, ICE PELLETS, HAIL 4 = ICE PELLETS
TOTAL MONTH: M 5 = HAIL
GRTST 24HR M ON M 6 = FREEZING RAIN OR DRIZZLE
GRTST DEPTH: M ON M 7 = DUSTSTORM OR SANDSTORM:
VSBY 1/2 MILE OR LESS
8 = SMOKE OR HAZE
[NO. OF DAYS WITH] [WEATHER - DAYS WITH] 9 = BLOWING SNOW
X = TORNADO
MAX 32 OR BELOW: 0 0.01 INCH OR MORE: 4
MAX 90 OR ABOVE: 6 0.10 INCH OR MORE: 3
MIN 32 OR BELOW: 0 0.50 INCH OR MORE: 3
MIN 0 OR BELOW: 0 1.00 INCH OR MORE: 1
[HDD (BASE 65) ]
TOTAL THIS MO. 8 CLEAR (SCALE 0-3) 24
DPTR FM NORMAL 2 PTCLDY (SCALE 4-7) 6
TOTAL FM JUL 1 1709 CLOUDY (SCALE 8-10) 1
DPTR FM NORMAL -169
[CDD (BASE 65) ]
TOTAL THIS MO. 281
DPTR FM NORMAL -28 [PRESSURE DATA]
TOTAL FM JAN 1 484 HIGHEST SLP 30.44 ON 21
DPTR FM NORMAL 2 LOWEST SLP 29.76 ON 29
[REMARKS]
#FINAL-05-21#