652
CXUS55 KVEF 011841
CF6DRA
PRELIMINARY LOCAL CLIMATOLOGICAL DATA (WS FORM: F-6)
STATION: DESERT ROCK-MERCURY NV
MONTH: AUGUST
YEAR: 2020
LATITUDE: 36 37 N
LONGITUDE: 116 1 W
TEMPERATURE IN F: :PCPN: SNOW: WIND :SUNSHINE: SKY :PK WND
================================================================================
1 2 3 4 5 6A 6B 7 8 9 10 11 12 13 14 15 16 17 18
12Z AVG MX 2MIN
DY MAX MIN AVG DEP HDD CDD WTR SNW DPTH SPD SPD DIR MIN PSBL S-S WX SPD DR
================================================================================
1 107 76 92 7 0 27 0.00 0.0 0 9.2 16 210 M M 0 30 240
2 105 68 87 2 0 22 0.00 0.0 0 9.6 24 220 M M 0 33 220
3 105 64 85 0 0 20 0.00 0.0 0 6.8 14 230 M M 0 22 260
4 102 65 84 -1 0 19 0.00 0.0 0 7.8 23 230 M M 0 32 230
5 99 65 82 -3 0 17 0.00 0.0 0 11.5 25 200 M M 0 38 220
6 97 69 83 -2 0 18 0.00 0.0 0 11.3 24 230 M M 0 37 200
7 97 60 79 -6 0 14 0.00 0.0 0 6.6 15 250 M M 0 20 280
8 99 63 81 -4 0 16 0.00 0.0 0 5.8 14 130 M M 0 22 230
9 102 64 83 -1 0 18 0.00 0.0 0 3.4 10 210 M M 0 16 99
10 102 66 84 0 0 19 0.00 0.0 0 5.6 12 220 M M 0 30 220
11 101 71 86 2 0 21 0.00 0.0 0 11.2 20 240 M M 0 38 170
12 102 68 85 1 0 20 0.00 0.0 0 9.1 22 210 M M 0 33 220
13 101 74 88 4 0 23 0.00 0.0 0 7.5 17 260 M M 1 25 250
14 106 72 89 5 0 24 0.00 0.0 0 5.2 18 260 M M 0 24 260
15 110 73 92 8 0 27 0.00 0.0 0 3.6 13 30 M M 0 M M
16 112 75 94 11 0 29 0.00 0.0 0 6.8 16 40 M M 0 M M
17 112 81 97 14 0 32 0.00 0.0 0 6.4 16 40 M M 0 20 100
18 111 76 94 11 0 29 0.00 0.0 0 8.2 21 200 M M 0 30 190
19 109 75 92 9 0 27 0.00 0.0 0 7.6 16 220 M M 0 33 110
20 108 74 91 8 0 26 0.00 0.0 0 5.8 15 230 M M 0 31 230
21 108 75 92 10 0 27 0.00 0.0 0 9.6 18 220 M M 0 8 32 230
22 106 76 91 9 0 26 0.00 0.0 0 6.6 17 100 M M 0 31 120
23 102 68 85 3 0 20 0.59 0.0 0 8.9 43 170 M M 1 3 62 170
24 104 71 88 6 0 23 0.00 0.0 0 5.3 15 210 M M 0 24 210
25 103 76 90 8 0 25 0.00 0.0 0 8.9 22 190 M M 0 36 220
26 102 70 86 4 0 21 0.00 0.0 0 9.1 17 210 M M 0 38 210
27 101 73 87 6 0 22 0.00 0.0 0 8.0 20 210 M M 0 28 210
28 100 71 86 5 0 21 0.00 0.0 0 9.0 21 210 M M 0 32 210
29 100 67 84 3 0 19 0.00 0.0 0 8.3 20 220 M M 0 39 200
30 97 64 81 1 0 16 0.00 0.0 0 5.8 14 240 M M 0 20 240
31 98 62 80 0 0 15 0.00 0.0 0 8.6 20 220 M M 0 31 220
================================================================================
SM 3208 2172 0 683 0.59 0.0 237.1 M 2
================================================================================
AV103.5 70.1 7.6 FASTST M M 0 MAX(MPH)
MISC ----> 43 170 62 170
================================================================================
NOTES:
# LAST OF SEVERAL OCCURRENCES
COLUMN 17 PEAK WIND IN M.P.H.
PRELIMINARY LOCAL CLIMATOLOGICAL DATA (WS FORM: F-6) , PAGE 2
STATION: DESERT ROCK-MERCURY NV
MONTH: AUGUST
YEAR: 2020
LATITUDE: 36 37 N
LONGITUDE: 116 1 W
[TEMPERATURE DATA] [PRECIPITATION DATA] SYMBOLS USED IN COLUMN 16
AVERAGE MONTHLY: 86.8 TOTAL FOR MONTH: 0.59 1 = FOG OR MIST
DPTR FM NORMAL: 3.6 DPTR FM NORMAL: -0.07 2 = FOG REDUCING VISIBILITY
HIGHEST: 112 ON 17,16 GRTST 24HR 0.59 ON 23-23 TO 1/4 MILE OR LESS
LOWEST: 60 ON 7 3 = THUNDER
SNOW, ICE PELLETS, HAIL 4 = ICE PELLETS
TOTAL MONTH: 0.0 INCH 5 = HAIL
GRTST 24HR 0.0 6 = FREEZING RAIN OR DRIZZLE
GRTST DEPTH: 0 7 = DUSTSTORM OR SANDSTORM:
VSBY 1/2 MILE OR LESS
8 = SMOKE OR HAZE
[NO. OF DAYS WITH] [WEATHER - DAYS WITH] 9 = BLOWING SNOW
X = TORNADO
MAX 32 OR BELOW: 0 0.01 INCH OR MORE: 1
MAX 90 OR ABOVE: 31 0.10 INCH OR MORE: 1
MIN 32 OR BELOW: 0 0.50 INCH OR MORE: 1
MIN 0 OR BELOW: 0 1.00 INCH OR MORE: 0
[HDD (BASE 65) ]
TOTAL THIS MO. 0 CLEAR (SCALE 0-3) 31
DPTR FM NORMAL 0 PTCLDY (SCALE 4-7) 0
TOTAL FM JUL 1 0 CLOUDY (SCALE 8-10) 0
DPTR FM NORMAL 0
[CDD (BASE 65) ]
TOTAL THIS MO. 683
DPTR FM NORMAL 119 [PRESSURE DATA]
TOTAL FM JAN 1 2103 HIGHEST SLP M ON M
DPTR FM NORMAL 287 LOWEST SLP 29.71 ON 4
[REMARKS]
#FINAL-08-20#