000
CXUS55 KVEF 032201
CF6DRA
PRELIMINARY LOCAL CLIMATOLOGICAL DATA (WS FORM: F-6)
STATION: DESERT ROCK-MERCURY NV
MONTH: MARCH
YEAR: 2020
LATITUDE: 36 37 N
LONGITUDE: 116 1 W
TEMPERATURE IN F: :PCPN: SNOW: WIND :SUNSHINE: SKY :PK WND
================================================================================
1 2 3 4 5 6A 6B 7 8 9 10 11 12 13 14 15 16 17 18
12Z AVG MX 2MIN
DY MAX MIN AVG DEP HDD CDD WTR SNW DPTH SPD SPD DIR MIN PSBL S-S WX SPD DR
================================================================================
1 61 41 51 1 14 0 T 0.0 0 16.8 30 220 M M 3 40 200
2 58 38 48 -2 17 0 0.00 0.0 0 16.4 28 20 M M 3 33 350
3 70 43 57 6 8 0 0.00 0.0 0 12.7 31 30 M M 0 37 30
4 73 45 59 8 6 0 0.00 0.0 0 6.8 17 30 M M 0 20 30
5 M M M M M M M M M M M M M M M M M
6 M M M M M M M M M M M M M M M M M
7 M M M M M M M M M M M M M M M M M
8 M M M M M M M M M M M M M M M M M
9 M M M M M M M M M M M M M M M M M
10 62 47 55 3 10 0 0.24 0.0 0 8.8 24 80 M M 9 1 29 90
11 64 48 56 4 9 0 0.03 0.0 0 4.9 13 130 M M 7 1 15 120
12 69 44 57 5 8 0 0.48 0.0 0 10.0 28 130 M M 3 1 34 130
13 56 47 52 -1 13 0 0.22 0.0 0 10.0 26 230 M M 9 1 33 220
14 60 48 54 1 11 0 0.00 0.0 0 16.7 28 190 M M 5 35 200
15 M 46 M M M M M M M M M M M M M M M
16 60 39 50 -3 15 0 0.00 0.0 0 6.5 18 230 M M 6 25 200
17 54 39 47 -6 18 0 0.03 0.0 0 11.0 23 220 M M 4 1 38 170
18 56 35 46 -8 19 0 0.00 0.0 0 6.1 15 260 M M 0 20 240
19 54 35 45 -9 20 0 0.13 0.0 0 9.4 28 200 M M 4 33 200
20 56 37 47 -7 18 0 0.01 0.0 0 5.2 15 240 M M 5 20 240
21 59 41 50 -4 15 0 0.00 0.0 0 5.8 14 30 M M 5 16 30
22 61 37 49 -5 16 0 0.00 0.0 0 3.7 14 100 M M 2 17 120
23 59 42 51 -3 14 0 0.14 0.0 0 8.1 29 210 M M 6 1 38 210
24 63 39 51 -4 14 0 0.00 0.0 0 14.4 32 190 M M 0 40 210
25 61 45 53 -2 12 0 0.00 0.0 0 19.8 35 210 M M 1 43 200
26 55 39 47 -8 18 0 T 0.0 0 12.0 24 200 M M 6 33 200
27 57 34 46 -9 19 0 0.05 0.0 0 5.7 17 270 M M 2 1 23 320
28 M 33 M M M M 0.00 0.0 0 4.2 8 240 M M 0 M M
29 M M M M M M M M M M M M M M M M M
30 M M M M M M M M M M M M M M M M M
31 M M M M M M M M M M M M M M M M M
================================================================================
SM 1268 942 294 0 1.33 0.0 215.0 M 80
================================================================================
AV 60.4 41.0 9.8 FASTST M M 4 MAX(MPH)
MISC ----> 35 210 43 200
================================================================================
NOTES:
# LAST OF SEVERAL OCCURRENCES
COLUMN 17 PEAK WIND IN M.P.H.
PRELIMINARY LOCAL CLIMATOLOGICAL DATA (WS FORM: F-6) , PAGE 2
STATION: DESERT ROCK-MERCURY NV
MONTH: MARCH
YEAR: 2020
LATITUDE: 36 37 N
LONGITUDE: 116 1 W
[TEMPERATURE DATA] [PRECIPITATION DATA] SYMBOLS USED IN COLUMN 16
AVERAGE MONTHLY: 50.7 TOTAL FOR MONTH: 1.33 1 = FOG OR MIST
DPTR FM NORMAL: -2.4 DPTR FM NORMAL: 0.68 2 = FOG REDUCING VISIBILITY
HIGHEST: 73 ON 4 GRTST 24HR 0.70 ON 12-13 TO 1/4 MILE OR LESS
LOWEST: 33 ON 28 3 = THUNDER
SNOW, ICE PELLETS, HAIL 4 = ICE PELLETS
TOTAL MONTH: 0.0 INCH 5 = HAIL
GRTST 24HR 0.0 6 = FREEZING RAIN OR DRIZZLE
GRTST DEPTH: 0 7 = DUSTSTORM OR SANDSTORM:
VSBY 1/2 MILE OR LESS
8 = SMOKE OR HAZE
[NO. OF DAYS WITH] [WEATHER - DAYS WITH] 9 = BLOWING SNOW
X = TORNADO
MAX 32 OR BELOW: 0 0.01 INCH OR MORE: 9
MAX 90 OR ABOVE: 0 0.10 INCH OR MORE: 5
MIN 32 OR BELOW: 0 0.50 INCH OR MORE: 0
MIN 0 OR BELOW: 0 1.00 INCH OR MORE: 0
[HDD (BASE 65) ]
TOTAL THIS MO. 294 CLEAR (SCALE 0-3) 11
DPTR FM NORMAL -77 PTCLDY (SCALE 4-7) 9
TOTAL FM JUL 1 2340 CLOUDY (SCALE 8-10) 11
DPTR FM NORMAL -414
[CDD (BASE 65) ]
TOTAL THIS MO. 0
DPTR FM NORMAL -2 [PRESSURE DATA]
TOTAL FM JAN 1 0 HIGHEST SLP M ON M
DPTR FM NORMAL -2 LOWEST SLP 29.60 ON 1
[REMARKS]
#FINAL-03-20#