000
CXUS55 KGJT 011000
CF6DRO
PRELIMINARY LOCAL CLIMATOLOGICAL DATA (WS FORM: F-6)
STATION: DURANGO AIRPORT CO
MONTH: MARCH
YEAR: 2020
LATITUDE: 37 9 N
LONGITUDE: 107 45 W
TEMPERATURE IN F: :PCPN: SNOW: WIND :SUNSHINE: SKY :PK WND
================================================================================
1 2 3 4 5 6A 6B 7 8 9 10 11 12 13 14 15 16 17 18
12Z AVG MX 2MIN
DY MAX MIN AVG DEP HDD CDD WTR SNW DPTH SPD SPD DIR MIN PSBL S-S WX SPD DR
================================================================================
1 51 22 37 4 28 0 T M M 6.0 21 310 M M 5 30 320
2 50 21 36 3 29 0 0.00 M M 6.9 21 290 M M 2 33 270
3 55 17 36 2 29 0 0.00 M M 6.0 15 220 M M 0 21 230
4 59 19 39 5 26 0 0.00 M M 5.6 25 270 M M 0 33 250
5 60 18 39 5 26 0 0.00 M M 3.4 14 10 M M 0 16 70
6 58 22 40 5 25 0 0.00 M M 5.8 17 140 M M 0 23 130
7 61 23 42 7 23 0 T M M 5.5 18 220 M M 5 3 27 160
8 50 29 40 5 25 0 0.05 M M 5.0 16 290 M M 7 3 24 310
9 52 25 39 3 26 0 0.00 M M 3.2 14 220 M M 4 12 20 230
10 45 30 38 2 27 0 0.12 M M 2.4 9 30 M M 6 1 16 270
11 50 30 40 4 25 0 0.11 M M 4.6 12 330 M M 9 1 17 350
12 55 35 45 9 20 0 0.00 M M 5.0 16 230 M M 4 12 23 220
13 50 31 41 4 24 0 0.20 M M 7.5 26 220 M M 7 13 35 180
14 48 30 39 2 26 0 0.00 M M 2.8 10 30 M M 9 15 320
15 57 30 44 7 21 0 0.00 M M 4.4 15 10 M M 4 21 190
16 60 25 43 5 22 0 0.00 M M 4.2 13 170 M M 0 19 130
17 55 29 42 4 23 0 0.00 M M 4.8 14 180 M M 2 23 200
18 53 29 41 3 24 0 0.15 M M 7.5 26 140 M M 8 1 39 130
19 38 29 34 -4 31 0 0.63 M M 8.1 23 240 M M 9 12 37 230
20 43 23 33 -6 32 0 T M M 4.2 14 210 M M 8 1 21 200
21 48 29 39 0 26 0 0.06 M M 6.2 25 300 M M 6 13 36 300
22 48 28 38 -1 27 0 T M M 5.4 17 250 M M 4 1 24 240
23 52 27 40 0 25 0 0.02 M M 6.4 31 300 M M 5 42 320
24 53 26 40 0 25 0 0.00 M M 4.1 15 240 M M 1 25 260
25 55 27 41 1 24 0 0.00 M M 5.4 18 280 M M 2 25 250
26 60 36 48 8 17 0 0.00 M M 9.6 28 240 M M 3 42 250
27 41 26 34 -6 31 0 0.04 M M 10.5 30 280 M M 5 12 38 310
28 47 19 33 -8 32 0 0.00 M M 9.8 29 260 M M 0 37 270
29 51 24 38 -3 27 0 0.00 M M 5.1 16 30 M M 7 24 130
30 55 28 42 1 23 0 0.00 M M 11.2 28 260 M M 3 37 250
31 61 20 41 0 24 0 0.00 M M 5.1 20 260 M M 0 28 260
================================================================================
SM 1621 807 793 0 1.38 M 181.7 M 125
================================================================================
AV 52.3 26.0 5.9 FASTST M M 4 MAX(MPH)
MISC ----> # 31 300 # 42 320
================================================================================
NOTES:
# LAST OF SEVERAL OCCURRENCES
COLUMN 17 PEAK WIND IN M.P.H.
PRELIMINARY LOCAL CLIMATOLOGICAL DATA (WS FORM: F-6) , PAGE 2
STATION: DURANGO AIRPORT CO
MONTH: MARCH
YEAR: 2020
LATITUDE: 37 9 N
LONGITUDE: 107 45 W
[TEMPERATURE DATA] [PRECIPITATION DATA] SYMBOLS USED IN COLUMN 16
AVERAGE MONTHLY: 39.2 TOTAL FOR MONTH: 1.38 1 = FOG OR MIST
DPTR FM NORMAL: 1.8 DPTR FM NORMAL: 0.13 2 = FOG REDUCING VISIBILITY
HIGHEST: 61 ON 31, 7 GRTST 24HR 0.63 ON 19-19 TO 1/4 MILE OR LESS
LOWEST: 17 ON 3 3 = THUNDER
SNOW, ICE PELLETS, HAIL 4 = ICE PELLETS
TOTAL MONTH: M 5 = HAIL
GRTST 24HR M ON M 6 = FREEZING RAIN OR DRIZZLE
GRTST DEPTH: M ON M 7 = DUSTSTORM OR SANDSTORM:
VSBY 1/2 MILE OR LESS
8 = SMOKE OR HAZE
[NO. OF DAYS WITH] [WEATHER - DAYS WITH] 9 = BLOWING SNOW
X = TORNADO
MAX 32 OR BELOW: 0 0.01 INCH OR MORE: 9
MAX 90 OR ABOVE: 0 0.10 INCH OR MORE: 5
MIN 32 OR BELOW: 29 0.50 INCH OR MORE: 1
MIN 0 OR BELOW: 0 1.00 INCH OR MORE: 0
[HDD (BASE 65) ]
TOTAL THIS MO. 793 CLEAR (SCALE 0-3) 13
DPTR FM NORMAL -61 PTCLDY (SCALE 4-7) 15
TOTAL FM JUL 1 5922 CLOUDY (SCALE 8-10) 3
DPTR FM NORMAL -107
[CDD (BASE 65) ]
TOTAL THIS MO. 0
DPTR FM NORMAL 0 [PRESSURE DATA]
TOTAL FM JAN 1 0 HIGHEST SLP 30.49 ON 6
DPTR FM NORMAL 0 LOWEST SLP 29.60 ON 19
[REMARKS]
#FINAL-03-20#