000
CXUS53 KDMX 010810
CF6DSM
PRELIMINARY LOCAL CLIMATOLOGICAL DATA (WS FORM: F-6)
STATION: DES MOINES IA
MONTH: AUGUST
YEAR: 2022
LATITUDE: 41 31 N
LONGITUDE: 93 39 W
TEMPERATURE IN F: :PCPN: SNOW: WIND :SUNSHINE: SKY :PK WND
================================================================================
1 2 3 4 5 6A 6B 7 8 9 10 11 12 13 14 15 16 17 18
12Z AVG MX 2MIN
DY MAX MIN AVG DEP HDD CDD WTR SNW DPTH SPD SPD DIR MIN PSBL S-S WX SPD DR
================================================================================
1 93 69 81 5 0 16 0.00 0.0 0 6.1 15 270 M M 2 19 280
2 99 73 86 10 0 21 T 0.0 0 12.5 24 190 M M 4 31 210
3 95 75 85 9 0 20 T 0.0 0 12.7 23 220 M M 5 31 200
4 88 65 77 1 0 12 0.00 0.0 0 7.2 15 30 M M 1 8 22 10
5 93 67 80 5 0 15 0.00 0.0 0 7.0 17 150 M M 2 24 170
6 99 74 87 12 0 22 0.00 0.0 0 11.6 20 190 M M 8 28 200
7 94 74 84 9 0 19 0.87 0.0 0 7.3 32 320 M M 9 13 43 320
8 80 67 74 -1 0 9 0.00 0.0 0 10.4 20 360 M M 5 18 28 340
9 84 63 74 -1 0 9 0.00 0.0 0 3.2 10 80 M M 1 17 180
10 91 63 77 2 0 12 0.00 0.0 0 4.3 10 60 M M 1 8 15 10
11 91 65 78 3 0 13 0.00 0.0 0 5.3 18 70 M M 5 8 24 100
12 88 69 79 4 0 14 0.00 0.0 0 12.5 21 160 M M 7 28 160
13 91 70 81 6 0 16 T 0.0 0 11.6 20 320 M M 6 26 270
14 81 67 74 0 0 9 0.00 0.0 0 9.6 15 80 M M 9 24 80
15 70 64 67 -7 0 2 0.55 0.0 0 5.4 13 110 M M 9 1 18 70
16 81 65 73 -1 0 8 T 0.0 0 6.8 16 60 M M 6 1 21 60
17 83 63 73 -1 0 8 0.00 0.0 0 4.1 10 150 M M 1 20 80
18 85 61 73 -1 0 8 0.05 0.0 0 8.3 16 230 M M 5 22 250
19 84 62 73 -1 0 8 0.41 0.0 0 7.0 35 290 M M 7 13 45 300
20 75 63 69 -5 0 4 0.01 0.0 0 10.7 22 300 M M 7 1 29 340
21 77 62 70 -3 0 5 0.00 0.0 0 5.7 14 20 M M 4 1 18 40
22 82 59 71 -2 0 6 0.00 0.0 0 3.0 9 70 M M 3 1 14 50
23 85 61 73 0 0 8 0.00 0.0 0 3.2 9 120 M M 3 18 15 120
24 89 66 78 5 0 13 0.04 0.0 0 6.7 14 230 M M 6 18 230
25 83 69 76 4 0 11 0.00 0.0 0 7.2 17 320 M M 4 38 25 320
26 84 64 74 2 0 9 0.00 0.0 0 6.4 13 140 M M 5 21 80
27 91 67 79 7 0 14 1.25 0.0 0 9.9 25 240 M M 9 13 34 240
28 87 68 78 6 0 13 0.84 0.0 0 11.5 22 210 M M 6 13 34 190
29 85 68 77 5 0 12 0.02 0.0 0 7.5 16 260 M M 5 13 20 240
30 82 59 71 0 0 6 0.00 0.0 0 6.4 18 330 M M 0 26 340
31 87 59 73 2 0 8 0.00 0.0 0 6.3 12 220 M M 2 16 220
================================================================================
SM 2677 2041 0 350 4.04 0.0 237.4 M 147
================================================================================
AV 86.4 65.8 7.7 FASTST M M 5 MAX(MPH)
MISC ----> 35 290 45 300
================================================================================
NOTES:
# LAST OF SEVERAL OCCURRENCES
COLUMN 17 PEAK WIND IN M.P.H.
PRELIMINARY LOCAL CLIMATOLOGICAL DATA (WS FORM: F-6) , PAGE 2
STATION: DES MOINES IA
MONTH: AUGUST
YEAR: 2022
LATITUDE: 41 31 N
LONGITUDE: 93 39 W
[TEMPERATURE DATA] [PRECIPITATION DATA] SYMBOLS USED IN COLUMN 16
AVERAGE MONTHLY: 76.1 TOTAL FOR MONTH: 4.04 1 = FOG OR MIST
DPTR FM NORMAL: 2.2 DPTR FM NORMAL: -0.13 2 = FOG REDUCING VISIBILITY
HIGHEST: 99 ON 6, 2 GRTST 24HR 2.09 ON 27-28 TO 1/4 MILE OR LESS
LOWEST: 59 ON 22,31 3 = THUNDER
SNOW, ICE PELLETS, HAIL 4 = ICE PELLETS
TOTAL MONTH: 0.0 INCH 5 = HAIL
GRTST 24HR 0.0 6 = FREEZING RAIN OR DRIZZLE
GRTST DEPTH: 0 7 = DUSTSTORM OR SANDSTORM:
VSBY 1/2 MILE OR LESS
8 = SMOKE OR HAZE
[NO. OF DAYS WITH] [WEATHER - DAYS WITH] 9 = BLOWING SNOW
X = TORNADO
MAX 32 OR BELOW: 0 0.01 INCH OR MORE: 9
MAX 90 OR ABOVE: 10 0.10 INCH OR MORE: 5
MIN 32 OR BELOW: 0 0.50 INCH OR MORE: 4
MIN 0 OR BELOW: 0 1.00 INCH OR MORE: 1
[HDD (BASE 65) ]
TOTAL THIS MO. 0 CLEAR (SCALE 0-3) 10
DPTR FM NORMAL -4 PTCLDY (SCALE 4-7) 16
TOTAL FM JUL 1 0 CLOUDY (SCALE 8-10) 5
DPTR FM NORMAL -1
[CDD (BASE 65) ]
TOTAL THIS MO. 350
DPTR FM NORMAL 70 [PRESSURE DATA]
TOTAL FM JAN 1 1160 HIGHEST SLP M ON M
DPTR FM NORMAL 225 LOWEST SLP 29.63 ON 28
[REMARKS]
#FINAL-08-22#