000
CXUS54 KFWD 010730
CF6DTO
PRELIMINARY LOCAL CLIMATOLOGICAL DATA (WS FORM: F-6)
STATION: DENTON
MONTH: MAY
YEAR: 2021
LATITUDE: 33 12 N
LONGITUDE: 97 12 W
TEMPERATURE IN F: :PCPN: SNOW: WIND :SUNSHINE: SKY :PK WND
================================================================================
1 2 3 4 5 6A 6B 7 8 9 10 11 12 13 14 15 16 17 18
12Z AVG MX 2MIN
DY MAX MIN AVG DEP HDD CDD WTR SNW DPTH SPD SPD DIR MIN PSBL S-S WX SPD DR
================================================================================
1 73 63 68 1 0 3 T M M 5.1 13 130 M M 9 1 17 120
2 81 64 73 6 0 8 0.02 M M 8.0 16 170 M M 6 1 21 140
3 90 68 79 11 0 14 0.86 M M 9.6 26 290 M M 2 40 10
4 75 53 64 -4 1 0 0.00 M M 12.3 24 360 M M 5 35 320
5 76 46 61 -7 4 0 0.00 M M 3.7 12 60 M M 0 1 17 60
6 82 53 68 0 0 3 0.00 M M 3.5 14 30 M M 1 18 10
7 84 52 68 -1 0 3 0.00 M M 10.0 23 170 M M 0 30 170
8 86 62 74 5 0 9 0.00 M M 18.5 32 180 M M 2 42 180
9 78 59 69 -1 0 4 0.00 M M 13.1 28 180 M M 5 39 190
10 59 53 56 -14 9 0 1.26 M M 10.2 20 40 M M 10 135 25 60
11 58 54 56 -14 9 0 0.43 M M 9.4 18 110 M M 10 13 26 110
12 61 53 57 -14 8 0 T M M 8.2 15 360 M M 10 1 20 350
13 72 51 62 -9 3 0 0.00 M M 4.6 10 20 M M 7 14 10
14 77 49 63 -8 2 0 0.00 M M 7.7 20 160 M M 3 26 160
15 80 60 70 -2 0 5 T M M 11.4 22 170 M M 4 28 180
16 76 65 71 -1 0 6 1.38 M M 12.6 46 180 M M 8 13 62 180
17 80 63 72 0 0 7 0.35 M M 7.8 44 170 M M 3 13 58 170
18 72 59 66 -7 0 1 0.85 M M 7.1 20 290 M M 5 13 30 290
19 79 62 71 -2 0 6 T M M 5.8 16 150 M M 3 20 150
20 76 65 71 -3 0 6 T M M 4.9 13 110 M M 4 18 110
21 83 67 75 1 0 10 T M M 9.4 20 140 M M 7 27 130
22 74 68 71 -3 0 6 0.10 M M 9.7 18 140 M M 9 1 27 140
23 74 64 69 -6 0 4 0.08 M M 6.4 15 150 M M 8 1 22 140
24 73 65 69 -6 0 4 1.79 M M 7.0 22 150 M M 8 13 28 150
25 78 64 71 -4 0 6 0.39 M M 8.4 20 260 M M 6 13 25 260
26 87 69 78 2 0 13 0.00 M M 8.0 16 150 M M 3 21 150
27 86 68 77 1 0 12 T M M 12.7 26 40 M M 4 3 38 340
28 77 63 70 -6 0 5 0.30 M M 6.1 35 320 M M 7 13 54 320
29 80 60 70 -7 0 5 0.00 M M 8.0 15 20 M M 2 19 30
30 73 61 67 -10 0 2 0.00 M M 9.6 15 100 M M 7 21 80
31 69 61 65 -12 0 0 1.55 M M 7.5 18 130 M M 9 123 24 150
================================================================================
SM 2369 1864 36 142 9.36 M 266.3 M 167
================================================================================
AV 76.4 60.1 8.6 FASTST M M 5 MAX(MPH)
MISC ----> 46 180 62 180
================================================================================
NOTES:
# LAST OF SEVERAL OCCURRENCES
COLUMN 17 PEAK WIND IN M.P.H.
PRELIMINARY LOCAL CLIMATOLOGICAL DATA (WS FORM: F-6) , PAGE 2
STATION: DENTON
MONTH: MAY
YEAR: 2021
LATITUDE: 33 12 N
LONGITUDE: 97 12 W
[TEMPERATURE DATA] [PRECIPITATION DATA] SYMBOLS USED IN COLUMN 16
AVERAGE MONTHLY: 68.3 TOTAL FOR MONTH: 9.36 1 = FOG OR MIST
DPTR FM NORMAL: -3.8 DPTR FM NORMAL: 4.84 2 = FOG REDUCING VISIBILITY
HIGHEST: 90 ON 3 GRTST 24HR 2.11 ON 24-25 TO 1/4 MILE OR LESS
LOWEST: 46 ON 5 3 = THUNDER
SNOW, ICE PELLETS, HAIL 4 = ICE PELLETS
TOTAL MONTH: M 5 = HAIL
GRTST 24HR M ON M 6 = FREEZING RAIN OR DRIZZLE
GRTST DEPTH: M ON M 7 = DUSTSTORM OR SANDSTORM:
VSBY 1/2 MILE OR LESS
8 = SMOKE OR HAZE
[NO. OF DAYS WITH] [WEATHER - DAYS WITH] 9 = BLOWING SNOW
X = TORNADO
MAX 32 OR BELOW: 0 0.01 INCH OR MORE: 13
MAX 90 OR ABOVE: 1 0.10 INCH OR MORE: 11
MIN 32 OR BELOW: 0 0.50 INCH OR MORE: 6
MIN 0 OR BELOW: 0 1.00 INCH OR MORE: 4
[HDD (BASE 65) ]
TOTAL THIS MO. 36 CLEAR (SCALE 0-3) 9
DPTR FM NORMAL 16 PTCLDY (SCALE 4-7) 15
TOTAL FM JUL 1 2743 CLOUDY (SCALE 8-10) 7
DPTR FM NORMAL 108
[CDD (BASE 65) ]
TOTAL THIS MO. 142
DPTR FM NORMAL -98 [PRESSURE DATA]
TOTAL FM JAN 1 208 HIGHEST SLP M ON M
DPTR FM NORMAL -137 LOWEST SLP 29.42 ON 3
[REMARKS]
#FINAL-05-21#