000
CXUS54 KFWD 010730
CF6DTO
PRELIMINARY LOCAL CLIMATOLOGICAL DATA (WS FORM: F-6)
STATION: DENTON
MONTH: APRIL
YEAR: 2021
LATITUDE: 33 12 N
LONGITUDE: 97 12 W
TEMPERATURE IN F: :PCPN: SNOW: WIND :SUNSHINE: SKY :PK WND
================================================================================
1 2 3 4 5 6A 6B 7 8 9 10 11 12 13 14 15 16 17 18
12Z AVG MX 2MIN
DY MAX MIN AVG DEP HDD CDD WTR SNW DPTH SPD SPD DIR MIN PSBL S-S WX SPD DR
================================================================================
1 67 32 50 -10 15 0 0.00 M M 3.9 13 20 M M 0 17 20
2 68 33 51 -9 14 0 0.00 M M 9.2 21 150 M M 3 35 160
3 71 56 64 4 1 0 0.00 M M 12.3 21 170 M M 8 32 170
4 71 58 65 5 0 0 0.00 M M 10.0 16 200 M M 10 21 200
5 76 52 64 3 1 0 0.00 M M 13.3 23 170 M M 1 30 170
6 81 62 72 11 0 7 0.00 M M 21.1 32 180 M M 6 45 160
7 74 46 60 -1 5 0 0.00 M M 13.7 29 180 M M 4 40 190
8 81 40 61 -1 4 0 0.00 M M 6.4 17 150 M M 0 22 170
9 83 57 70 8 0 5 0.00 M M 14.1 36 340 M M 2 48 340
10 71 42 57 -5 8 0 0.00 M M 10.4 24 340 M M 0 32 350
11 85 37 61 -1 4 0 0.00 M M 7.8 20 180 M M 0 26 180
12 85 61 73 11 0 8 T 0.0 M 8.3 15 360 M M 1 22 360
13 79 55 67 4 0 2 0.06 M M 9.7 18 330 M M 5 3 24 330
14 68 54 61 -2 4 0 0.07 M M 12.1 20 10 M M 9 13 29 10
15 61 55 58 -5 7 0 0.70 M M 9.6 16 20 M M 9 13 23 40
16 59 51 55 -9 10 0 0.37 M M 9.3 23 340 M M 10 13 33 340
17 63 44 54 -10 11 0 0.00 M M 11.6 22 350 M M 3 29 360
18 68 41 55 -9 10 0 0.00 M M 7.0 17 340 M M 1 25 310
19 74 37 56 -8 9 0 0.00 M M 5.8 15 200 M M 0 22 230
20 59 34 47 -17 18 0 0.00 M M 11.0 24 360 M M 0 35 360
21 62 30 46 -19 19 0 0.00 M M 4.0 15 360 M M 4 20 10
22 64 53 59 -6 6 0 T M M 7.9 18 150 M M 10 28 150
23 71 57 64 -1 1 0 0.16 M M 9.0 29 340 M M 9 13 38 350
24 69 46 58 -8 7 0 0.00 M M 8.6 20 340 M M 4 12 26 350
25 82 42 62 -4 3 0 0.00 M M 9.5 22 160 M M 1 12 29 150
26 83 63 73 7 0 8 0.00 M M 17.3 29 160 M M 0 38 150
27 77 69 73 7 0 8 0.00 M M 16.5 25 140 M M 8 35 150
28 75 66 71 4 0 6 0.60 M M 5.8 15 340 M M 9 13 22 340
29 68 62 65 -2 0 0 1.18 M M 10.9 31 360 M M 10 13 44 360
30 72 62 67 0 0 2 0.04 M M 9.8 16 70 M M 8 1 24 80
================================================================================
SM 2167 1497 157 46 3.18 0.0 305.9 M 135
================================================================================
AV 72.2 49.9 10.2 FASTST M M 5 MAX(MPH)
MISC ----> 36 340 48 340
================================================================================
NOTES:
# LAST OF SEVERAL OCCURRENCES
COLUMN 17 PEAK WIND IN M.P.H.
PRELIMINARY LOCAL CLIMATOLOGICAL DATA (WS FORM: F-6) , PAGE 2
STATION: DENTON
MONTH: APRIL
YEAR: 2021
LATITUDE: 33 12 N
LONGITUDE: 97 12 W
[TEMPERATURE DATA] [PRECIPITATION DATA] SYMBOLS USED IN COLUMN 16
AVERAGE MONTHLY: 61.1 TOTAL FOR MONTH: 3.18 1 = FOG OR MIST
DPTR FM NORMAL: -2.3 DPTR FM NORMAL: -0.03 2 = FOG REDUCING VISIBILITY
HIGHEST: 85 ON 12,11 GRTST 24HR 1.49 ON 28-29 TO 1/4 MILE OR LESS
LOWEST: 30 ON 21 3 = THUNDER
SNOW, ICE PELLETS, HAIL 4 = ICE PELLETS
TOTAL MONTH: 0.0 INCH 5 = HAIL
GRTST 24HR 0.0 6 = FREEZING RAIN OR DRIZZLE
GRTST DEPTH: M ON M 7 = DUSTSTORM OR SANDSTORM:
VSBY 1/2 MILE OR LESS
8 = SMOKE OR HAZE
[NO. OF DAYS WITH] [WEATHER - DAYS WITH] 9 = BLOWING SNOW
X = TORNADO
MAX 32 OR BELOW: 0 0.01 INCH OR MORE: 8
MAX 90 OR ABOVE: 0 0.10 INCH OR MORE: 5
MIN 32 OR BELOW: 2 0.50 INCH OR MORE: 3
MIN 0 OR BELOW: 0 1.00 INCH OR MORE: 1
[HDD (BASE 65) ]
TOTAL THIS MO. 157 CLEAR (SCALE 0-3) 13
DPTR FM NORMAL 35 PTCLDY (SCALE 4-7) 7
TOTAL FM JUL 1 2707 CLOUDY (SCALE 8-10) 10
DPTR FM NORMAL 15
[CDD (BASE 65) ]
TOTAL THIS MO. 46
DPTR FM NORMAL -29 [PRESSURE DATA]
TOTAL FM JAN 1 66 HIGHEST SLP M ON M
DPTR FM NORMAL -34 LOWEST SLP 29.51 ON 9
[REMARKS]
#FINAL-04-21#