000
CXUS51 KPBZ 230730
CF6DUJ
PRELIMINARY LOCAL CLIMATOLOGICAL DATA (WS FORM: F-6)
STATION: DUBOIS PA
MONTH: APRIL
YEAR: 2024
LATITUDE: 41 10 N
LONGITUDE: 78 54 W
TEMPERATURE IN F: :PCPN: SNOW: WIND :SUNSHINE: SKY :PK WND
================================================================================
1 2 3 4 5 6A 6B 7 8 9 10 11 12 13 14 15 16 17 18
12Z AVG MX 2MIN
DY MAX MIN AVG DEP HDD CDD WTR SNW DPTH SPD SPD DIR MIN PSBL S-S WX SPD DR
================================================================================
1 59 43 51 10 14 0 0.39 M M 5.4 15 120 M M 10 1 21 110
2 49 44 47 6 18 0 1.46 M M 12.5 22 120 M M 10 13 33 120
3 45 34 40 -2 25 0 0.78 M M 12.7 30 110 M M 10 128 45 120
4 45 33 39 -3 26 0 0.13 M M 5.5 15 330 M M 9 12 22 310
5 40 33 37 -6 28 0 0.02 M M 9.8 22 310 M M 10 18 30 310
6 53 35 44 1 21 0 T M M 10.4 20 330 M M 7 8 29 360
7 62 30 46 2 19 0 0.00 M M 5.3 15 50 M M 0 21 30
8 61 40 51 7 14 0 0.01 M M 6.9 14 110 M M 4 18 120
9 75 37 56 12 9 0 0.00 M M 7.1 15 230 M M 1 22 220
10 63 57 60 15 5 0 0.42 M M 6.2 12 230 M M 10 1 16 230
11 67 57 62 17 3 0 1.44 M M 10.9 18 120 M M 10 18 30 130
12 59 40 50 4 15 0 1.00 M M 18.0 32 240 M M 10 18 50 230
13 53 37 45 -1 20 0 0.05 M M 16.9 26 260 M M 6 45 260
14 79 39 59 12 6 0 0.49 M M 10.8 31 240 M M 3 138 45 260
15 70 46 58 11 7 0 0.00 M M 7.2 18 320 M M 2 12 27 320
16 73 39 56 8 9 0 0.00 M M 4.3 13 280 M M 0 23 250
17 70 50 60 12 5 0 0.44 M M 9.6 33 240 M M 6 13 47 230
18 63 48 56 8 9 0 0.02 M M 7.0 15 230 M M 7 1 21 310
19 62 48 55 6 10 0 0.04 M M 9.0 17 270 M M 5 18 27 280
20 57 35 46 -3 19 0 0.00 M M 11.5 29 250 M M 5 42 240
21 46 31 39 -11 26 0 0.00 M M 6.1 17 260 M M 7 24 260
22 59 29 44 -6 21 0 0.00 M M 5.9 18 330 M M 0 27 320
================================================================================
SM 1310 885 329 0 6.69 M 199.0 M 132
================================================================================
AV 59.5 40.2 9.0 FASTST M M 6 MAX(MPH)
MISC ----> 33 240 50 230
================================================================================
NOTES:
# LAST OF SEVERAL OCCURRENCES
COLUMN 17 PEAK WIND IN M.P.H.
PRELIMINARY LOCAL CLIMATOLOGICAL DATA (WS FORM: F-6) , PAGE 2
STATION: DUBOIS PA
MONTH: APRIL
YEAR: 2024
LATITUDE: 41 10 N
LONGITUDE: 78 54 W
[TEMPERATURE DATA] [PRECIPITATION DATA] SYMBOLS USED IN COLUMN 16
AVERAGE MONTHLY: 49.9 TOTAL FOR MONTH: 6.69 1 = FOG OR MIST
DPTR FM NORMAL: 4.3 DPTR FM NORMAL: 3.99 2 = FOG REDUCING VISIBILITY
HIGHEST: 79 ON 14 GRTST 24HR 1.99 ON 11-12 TO 1/4 MILE OR LESS
LOWEST: 29 ON 22 3 = THUNDER
SNOW, ICE PELLETS, HAIL 4 = ICE PELLETS
TOTAL MONTH: M 5 = HAIL
GRTST 24HR M ON M 6 = FREEZING RAIN OR DRIZZLE
GRTST DEPTH: M ON M 7 = DUSTSTORM OR SANDSTORM:
VSBY 1/2 MILE OR LESS
8 = SMOKE OR HAZE
[NO. OF DAYS WITH] [WEATHER - DAYS WITH] 9 = BLOWING SNOW
X = TORNADO
MAX 32 OR BELOW: 0 0.01 INCH OR MORE: 14
MAX 90 OR ABOVE: 0 0.10 INCH OR MORE: 9
MIN 32 OR BELOW: 3 0.50 INCH OR MORE: 4
MIN 0 OR BELOW: 0 1.00 INCH OR MORE: 3
[HDD (BASE 65) ]
TOTAL THIS MO. 329 CLEAR (SCALE 0-3) 6
DPTR FM NORMAL -102 PTCLDY (SCALE 4-7) 8
TOTAL FM JUL 1 4854 CLOUDY (SCALE 8-10) 8
DPTR FM NORMAL -1375
[CDD (BASE 65) ]
TOTAL THIS MO. 0
DPTR FM NORMAL 0 [PRESSURE DATA]
TOTAL FM JAN 1 0 HIGHEST SLP M ON M
DPTR FM NORMAL 0 LOWEST SLP 29.15 ON 12
[REMARKS]