000
CXUS51 KPBZ 010730
CF6DUJ
PRELIMINARY LOCAL CLIMATOLOGICAL DATA (WS FORM: F-6)
STATION: DUBOIS PA
MONTH: JULY
YEAR: 2020
LATITUDE: 41 10 N
LONGITUDE: 78 54 W
TEMPERATURE IN F: :PCPN: SNOW: WIND :SUNSHINE: SKY :PK WND
================================================================================
1 2 3 4 5 6A 6B 7 8 9 10 11 12 13 14 15 16 17 18
12Z AVG MX 2MIN
DY MAX MIN AVG DEP HDD CDD WTR SNW DPTH SPD SPD DIR MIN PSBL S-S WX SPD DR
================================================================================
1 80 57 69 1 0 4 0.00 M M 5.3 14 10 M M 3 1 17 20
2 88 61 75 7 0 10 0.00 M M 5.7 14 360 M M 2 17 360
3 89 60 75 7 0 10 0.00 M M 6.9 17 310 M M 1 23 310
4 88 64 76 8 0 11 0.00 M M 4.5 14 340 M M 1 1 17 330
5 90 63 77 9 0 12 0.00 M M 3.8 9 220 M M 0 16 210
6 91 63 77 9 0 12 0.00 M M 4.7 12 270 M M 1 15 280
7 93 64 79 11 0 14 0.46 M M 4.8 15 240 M M 2 13 20 240
8 89 66 78 10 0 13 0.00 M M 3.7 10 80 M M 3 12 14 60
9 88 64 76 8 0 11 0.00 M M 4.7 13 100 M M 1 1 17 110
10 90 66 78 10 0 13 0.01 M M 5.5 15 280 M M 2 19 270
11 73 62 68 -1 0 3 0.03 M M 9.7 20 280 M M 7 1 32 280
12 79 60 70 1 0 5 T M M 4.5 23 340 M M 4 1238 31 340
13 77 56 67 -2 0 2 0.00 M M 5.6 15 290 M M 4 12 21 320
14 79 54 67 -2 0 2 0.00 M M 4.9 14 330 M M 2 1 20 330
15 86 55 71 2 0 6 0.00 M M 4.8 10 110 M M 0 1 14 180
16 82 70 76 7 0 11 T M M 9.2 17 160 M M 6 13 28 140
17 84 65 75 6 0 10 0.01 M M 5.8 15 290 M M 4 123 21 280
18 89 60 75 6 0 10 0.00 M M 3.5 15 250 M M 0 12 19 240
19 92 66 79 10 0 14 0.02 M M 6.7 21 200 M M 3 138 36 220
20 83 66 75 6 0 10 0.00 M M 7.7 16 290 M M 3 1 20 250
21 80 63 72 3 0 7 0.12 M M 1.8 7 100 M M 5 12 10 120
22 82 67 75 6 0 10 0.02 M M 5.4 15 230 M M 7 12 20 240
23 81 68 75 6 0 10 0.08 M M 6.7 14 10 M M 8 1 19 10
24 85 66 76 8 0 11 0.00 M M 3.8 13 320 M M 5 12 16 290
25 85 61 73 5 0 8 0.00 M M 3.2 14 260 M M 1 12 21 270
26 88 60 74 6 0 9 0.00 M M 5.7 16 240 M M 0 1 23 220
27 92 64 78 10 0 13 0.04 M M 8.5 24 270 M M 2 13 32 270
28 84 63 74 6 0 9 0.10 M M 6.8 21 270 M M 5 1 30 310
29 86 60 73 5 0 8 0.00 M M 7.7 18 270 M M 2 25 250
30 81 65 73 5 0 8 0.00 M M 4.9 10 330 M M 3 15 250
31 84 65 75 7 0 10 0.00 M M 6.8 14 20 M M 4 19 40
================================================================================
SM 2638 1944 0 286 0.89 M 173.3 M 91
================================================================================
AV 85.1 62.7 5.6 FASTST M M 3 MAX(MPH)
MISC ----> 24 270 36 220
================================================================================
NOTES:
# LAST OF SEVERAL OCCURRENCES
COLUMN 17 PEAK WIND IN M.P.H.
PRELIMINARY LOCAL CLIMATOLOGICAL DATA (WS FORM: F-6) , PAGE 2
STATION: DUBOIS PA
MONTH: JULY
YEAR: 2020
LATITUDE: 41 10 N
LONGITUDE: 78 54 W
[TEMPERATURE DATA] [PRECIPITATION DATA] SYMBOLS USED IN COLUMN 16
AVERAGE MONTHLY: 73.9 TOTAL FOR MONTH: 0.89 1 = FOG OR MIST
DPTR FM NORMAL: 5.4 DPTR FM NORMAL: -3.36 2 = FOG REDUCING VISIBILITY
HIGHEST: 93 ON 7 GRTST 24HR 0.46 ON 7- 7 TO 1/4 MILE OR LESS
LOWEST: 54 ON 14 3 = THUNDER
SNOW, ICE PELLETS, HAIL 4 = ICE PELLETS
TOTAL MONTH: M 5 = HAIL
GRTST 24HR M ON M 6 = FREEZING RAIN OR DRIZZLE
GRTST DEPTH: M ON M 7 = DUSTSTORM OR SANDSTORM:
VSBY 1/2 MILE OR LESS
8 = SMOKE OR HAZE
[NO. OF DAYS WITH] [WEATHER - DAYS WITH] 9 = BLOWING SNOW
X = TORNADO
MAX 32 OR BELOW: 0 0.01 INCH OR MORE: 10
MAX 90 OR ABOVE: 6 0.10 INCH OR MORE: 3
MIN 32 OR BELOW: 0 0.50 INCH OR MORE: 0
MIN 0 OR BELOW: 0 1.00 INCH OR MORE: 0
[HDD (BASE 65) ]
TOTAL THIS MO. 0 CLEAR (SCALE 0-3) 18
DPTR FM NORMAL -24 PTCLDY (SCALE 4-7) 13
TOTAL FM JUL 1 0 CLOUDY (SCALE 8-10) 0
DPTR FM NORMAL -31
[CDD (BASE 65) ]
TOTAL THIS MO. 286
DPTR FM NORMAL 155 [PRESSURE DATA]
TOTAL FM JAN 1 415 HIGHEST SLP 30.18 ON 15
DPTR FM NORMAL 190 LOWEST SLP 29.67 ON 11
[REMARKS]
#FINAL-07-20#