000
CXUS53 KDVN 010656
CLMDVN
CLIMATE REPORT
NATIONAL WEATHER SERVICE QUAD CITIES IA IL
200 AM CDT FRI SEP 01 2023
...................................
...THE DAVENPORT IA CLIMATE SUMMARY FOR THE MONTH OF AUGUST 2023...
CLIMATE NORMAL PERIOD 1991 TO 2020
CLIMATE RECORD PERIOD 9999 TO 9999
WEATHER OBSERVED NORMAL DEPART LAST YEAR`S
VALUE DATE(S) VALUE FROM VALUE
NORMAL
..............................................................
TEMPERATURE (F)
HIGHEST 100 08/24 83 17
LOWEST 47 08/31 58 -11
AVG. MAXIMUM 83.9 82.0 1.9
AVG. MINIMUM 61.7 61.5 0.2
MEAN 72.8 71.7 1.1
DAYS MAX >= 90 5
DAYS MAX <= 32 0
DAYS MIN <= 32 0
DAYS MIN <= 0 0
PRECIPITATION (INCHES)
TOTALS 1.90 3.96 -2.06
DAILY AVG. 0.06 0.13 -0.07
DAYS >= .01 7
DAYS >= .10 5
DAYS >= .50 2
DAYS >= 1.00 0
GREATEST
24 HR. TOTAL 0.72 08/11 TO 08/11
SNOWFALL (INCHES)
TOTALS 0.0
SINCE 7/1 0.0
SNOWDEPTH AVG. 0
DAYS >= TRACE 0
DAYS >= 1.0 0
GREATEST
SNOW DEPTH 0
24 HR TOTAL 0
DEGREE DAYS
HEATING TOTAL 1 8 -7
SINCE 7/1 1 7 -6
COOLING TOTAL 250 217 33
SINCE 1/1 844 771 73
..............................................................
WIND (MPH)
AVERAGE WIND SPEED 7.0
HIGHEST WIND SPEED/DIRECTION 24/350 DATE 08/11
HIGHEST GUST SPEED/DIRECTION 32/350 DATE 08/11
SKY COVER
POSSIBLE SUNSHINE (PERCENT) MM
AVERAGE SKY COVER 0.22
NUMBER OF DAYS FAIR 22
NUMBER OF DAYS PC 9
NUMBER OF DAYS CLOUDY 0
AVERAGE RH (PERCENT) 74
WEATHER CONDITIONS. NUMBER OF DAYS WITH
THUNDERSTORM 3 HAIL 0
SLEET 0 FOG 16
FOG W/VIS <= 1/4 MILE 4 HAZE 4
- INDICATES NEGATIVE NUMBERS.
R INDICATES RECORD WAS SET OR TIED.
MM INDICATES DATA IS MISSING.
T INDICATES TRACE AMOUNT.
$$