000
CXUS55 KPSR 011005
CF6DVT
PRELIMINARY LOCAL CLIMATOLOGICAL DATA (WS FORM: F-6)
STATION: DEER VLY/PHOENIX AZ
MONTH: DECEMBER
YEAR: 2020
LATITUDE: 33 41 N
LONGITUDE: 112 4 W
TEMPERATURE IN F: :PCPN: SNOW: WIND :SUNSHINE: SKY :PK WND
================================================================================
1 2 3 4 5 6A 6B 7 8 9 10 11 12 13 14 15 16 17 18
12Z AVG MX 2MIN
DY MAX MIN AVG DEP HDD CDD WTR SNW DPTH SPD SPD DIR MIN PSBL S-S WX SPD DR
================================================================================
1 68 45 57 2 8 0 0.00 M M 4.8 15 40 M M 0 17 30
2 68 42 55 1 10 0 0.00 M M 9.1 22 40 M M 0 29 40
3 65 46 56 2 9 0 0.00 M M 9.0 28 40 M M 0 35 40
4 63 33 48 -6 17 0 0.00 M M 3.5 14 30 M M 0 16 30
5 68 37 53 -1 12 0 0.00 M M 2.8 9 20 M M 0 10 210
6 70 39 55 1 10 0 0.00 M M 3.3 13 20 M M 0 14 20
7 78 42 60 7 5 0 0.00 M M 8.0 17 100 M M 0 30 100
8 79 55 67 14 0 2 0.00 M M 6.8 15 100 M M 0 19 120
9 79 55 67 14 0 2 T M M 4.4 20 170 M M 1 29 180
10 61 50 56 3 9 0 0.66 M M 5.1 14 250 M M 9 1 18 40
11 61 46 54 1 11 0 0.00 M M 2.6 10 30 M M 2 1 11 30
12 63 43 53 1 12 0 0.00 M M 7.3 30 360 M M 0 39 10
13 61 40 51 -1 14 0 0.00 M M 8.3 23 360 M M 0 29 360
14 59 40 50 -2 15 0 0.00 M M 5.3 21 360 M M 0 29 350
15 61 38 50 -2 15 0 0.00 M M 5.0 20 360 M M 0 23 360
16 62 37 50 -2 15 0 0.00 M M 3.0 9 30 M M 0 12 260
17 61 38 50 -2 15 0 0.00 M M 2.0 13 30 M M 0 15 30
18 63 37 50 -2 15 0 0.00 M M 3.6 13 30 M M 0 15 190
19 64 39 52 0 13 0 0.00 M M 3.2 12 30 M M 0 13 30
20 68 36 52 0 13 0 0.00 M M 3.7 12 30 M M 0 14 30
21 73 42 58 6 7 0 0.00 M M 3.8 15 30 M M 0 19 30
22 68 42 55 3 10 0 0.00 M M 4.2 13 40 M M 0 15 50
23 67 40 54 2 11 0 0.00 M M 8.7 22 360 M M 0 27 350
24 58 40 49 -3 16 0 0.00 M M 5.0 15 30 M M 0 19 30
25 69 41 55 3 10 0 T M M 2.9 15 50 M M 3 21 60
26 67 41 54 1 11 0 0.00 M M 2.5 12 30 M M 0 14 40
27 69 41 55 2 10 0 0.00 M M 3.2 14 260 M M 0 18 270
28 64 41 53 0 12 0 0.00 M M 6.7 25 310 M M 2 33 310
29 58 39 49 -4 16 0 0.00 M M 5.4 13 340 M M 3 16 340
30 62 41 52 -1 13 0 0.00 M M 5.7 13 10 M M 0 16 10
31 59 38 49 -4 16 0 0.00 M M 3.0 10 130 M M 2 13 150
================================================================================
SM 2036 1284 350 4 0.66 M 151.9 M 22
================================================================================
AV 65.7 41.4 4.9 FASTST M M 1 MAX(MPH)
MISC ----> 30 360 39 10
================================================================================
NOTES:
# LAST OF SEVERAL OCCURRENCES
COLUMN 17 PEAK WIND IN M.P.H.
PRELIMINARY LOCAL CLIMATOLOGICAL DATA (WS FORM: F-6) , PAGE 2
STATION: DEER VLY/PHOENIX AZ
MONTH: DECEMBER
YEAR: 2020
LATITUDE: 33 41 N
LONGITUDE: 112 4 W
[TEMPERATURE DATA] [PRECIPITATION DATA] SYMBOLS USED IN COLUMN 16
AVERAGE MONTHLY: 53.5 TOTAL FOR MONTH: 0.66 1 = FOG OR MIST
DPTR FM NORMAL: 0.6 DPTR FM NORMAL: -0.47 2 = FOG REDUCING VISIBILITY
HIGHEST: 79 ON 9, 8 GRTST 24HR 0.66 ON 10-10 TO 1/4 MILE OR LESS
LOWEST: 33 ON 4 3 = THUNDER
SNOW, ICE PELLETS, HAIL 4 = ICE PELLETS
TOTAL MONTH: M 5 = HAIL
GRTST 24HR M ON M 6 = FREEZING RAIN OR DRIZZLE
GRTST DEPTH: M ON M 7 = DUSTSTORM OR SANDSTORM:
VSBY 1/2 MILE OR LESS
8 = SMOKE OR HAZE
[NO. OF DAYS WITH] [WEATHER - DAYS WITH] 9 = BLOWING SNOW
X = TORNADO
MAX 32 OR BELOW: 0 0.01 INCH OR MORE: 1
MAX 90 OR ABOVE: 0 0.10 INCH OR MORE: 1
MIN 32 OR BELOW: 0 0.50 INCH OR MORE: 1
MIN 0 OR BELOW: 0 1.00 INCH OR MORE: 0
[HDD (BASE 65) ]
TOTAL THIS MO. 350 CLEAR (SCALE 0-3) 29
DPTR FM NORMAL -27 PTCLDY (SCALE 4-7) 1
TOTAL FM JUL 1 506 CLOUDY (SCALE 8-10) 1
DPTR FM NORMAL -46
[CDD (BASE 65) ]
TOTAL THIS MO. 4
DPTR FM NORMAL 4 [PRESSURE DATA]
TOTAL FM JAN 1 4490 HIGHEST SLP 30.41 ON 24
DPTR FM NORMAL 603 LOWEST SLP 29.76 ON 28
[REMARKS]
#FINAL-12-20#