000
CXUS54 KHGX 011410
CF6DWH
PRELIMINARY LOCAL CLIMATOLOGICAL DATA (WS FORM: F-6)
STATION: HOUSTON/D.W._HOOKS
MONTH: OCTOBER
YEAR: 2023
LATITUDE: 30 4 N
LONGITUDE: 95 33 W
TEMPERATURE IN F: :PCPN: SNOW: WIND :SUNSHINE: SKY :PK WND
================================================================================
1 2 3 4 5 6A 6B 7 8 9 10 11 12 13 14 15 16 17 18
12Z AVG MX 2MIN
DY MAX MIN AVG DEP HDD CDD WTR SNW DPTH SPD SPD DIR MIN PSBL S-S WX SPD DR
================================================================================
1 98 69 84 8 0 19 0.00 0.0 0 7.9 18 80 M M 0 1 28 70
2 97 71 84 8 0 19 0.00 0.0 0 6.3 18 90 M M 0 26 100
3 80 71 76 0 0 11 1.20 0.0 0 5.8 16 90 M M 8 13 24 110
4 90 77 84 9 0 19 0.92 0.0 0 5.7 18 140 M M 9 138 28 140
5 78 69 74 -1 0 9 1.91 0.0 0 5.1 28 360 M M 7 13 41 10
6 89 67 78 4 0 13 0.00 0.0 0 6.0 17 20 M M 1 28 20
7 77 62 70 -4 0 5 0.00 0.0 0 7.9 15 10 M M 0 23 40
8 77 52 65 -9 0 0 0.00 0.0 0 2.2 10 100 M M 0 17 80
9 86 54 70 -4 0 5 0.00 0.0 0 3.2 12 210 M M 0 22 150
10 81 64 73 0 0 8 0.01 0.0 0 2.1 12 180 M M 5 17 200
11 74 60 67 -6 0 2 0.35 0.0 0 4.9 15 90 M M 5 1 21 100
12 85 59 72 0 0 7 0.00 0.0 0 6.5 16 130 M M 3 1 22 130
13 92 65 79 7 0 14 0.00 0.0 0 4.2 12 360 M M 5 19 10
14 77 55 66 -6 0 1 0.00 0.0 0 7.9 17 360 M M 1 27 360
15 73 54 64 -7 1 0 0.00 0.0 0 7.8 20 340 M M 0 31 320
16 71 49 60 -11 5 0 0.00 0.0 0 6.1 17 330 M M 0 29 40
17 76 44 60 -11 5 0 0.00 0.0 0 1.5 8 190 M M 0 13 150
18 84 49 67 -3 0 2 0.00 0.0 0 3.9 14 200 M M 0 12 25 160
19 87 58 73 3 0 8 0.00 0.0 0 5.0 13 220 M M 0 1 21 210
20 93 55 74 4 0 9 0.00 0.0 0 2.9 10 250 M M 0 1 17 230
21 94 55 75 6 0 10 0.00 0.0 0 3.5 12 230 M M 0 18 220
22 89 67 78 9 0 13 0.00 0.0 0 5.6 17 130 M M 3 12 24 130
23 89 71 80 12 0 15 0.03 0.0 0 8.6 20 120 M M 5 1 28 100
24 88 74 81 13 0 16 0.00 0.0 0 10.3 22 120 M M 5 34 120
25 88 71 80 12 0 15 0.32 0.0 0 10.3 21 120 M M 6 1 31 130
26 86 73 80 13 0 15 0.80 0.0 0 6.8 15 130 M M 9 13 26 140
27 88 74 81 14 0 16 0.02 0.0 0 4.4 12 90 M M 4 1 16 110
28 89 72 81 14 0 16 0.00 0.0 0 5.6 15 120 M M 5 1 21 130
29 88 52 70 4 0 5 0.05 0.0 0 7.1 18 340 M M 7 1 29 360
30 52 45 49 -17 16 0 0.27 0.0 0 11.4 21 360 M M 10 1 33 360
31 62 44 53 -13 12 0 T 0.0 0 8.1 17 360 M M 6 26 360
================================================================================
SM 2578 1902 39 272 5.88 0.0 184.6 M 104
================================================================================
AV 83.2 61.4 6.0 FASTST M M 3 MAX(MPH)
MISC ----> 28 360 41 10
================================================================================
NOTES:
# LAST OF SEVERAL OCCURRENCES
COLUMN 17 PEAK WIND IN M.P.H.
PRELIMINARY LOCAL CLIMATOLOGICAL DATA (WS FORM: F-6) , PAGE 2
STATION: HOUSTON/D.W._HOOKS
MONTH: OCTOBER
YEAR: 2023
LATITUDE: 30 4 N
LONGITUDE: 95 33 W
[TEMPERATURE DATA] [PRECIPITATION DATA] SYMBOLS USED IN COLUMN 16
AVERAGE MONTHLY: 72.3 TOTAL FOR MONTH: 5.88 1 = FOG OR MIST
DPTR FM NORMAL: 1.3 DPTR FM NORMAL: 0.30 2 = FOG REDUCING VISIBILITY
HIGHEST: 98 ON 1 GRTST 24HR 2.41 ON 4- 5 TO 1/4 MILE OR LESS
LOWEST: 44 ON 31,17 3 = THUNDER
SNOW, ICE PELLETS, HAIL 4 = ICE PELLETS
TOTAL MONTH: 0.0 INCH 5 = HAIL
GRTST 24HR 0.0 6 = FREEZING RAIN OR DRIZZLE
GRTST DEPTH: 0 7 = DUSTSTORM OR SANDSTORM:
VSBY 1/2 MILE OR LESS
8 = SMOKE OR HAZE
[NO. OF DAYS WITH] [WEATHER - DAYS WITH] 9 = BLOWING SNOW
X = TORNADO
MAX 32 OR BELOW: 0 0.01 INCH OR MORE: 11
MAX 90 OR ABOVE: 6 0.10 INCH OR MORE: 7
MIN 32 OR BELOW: 0 0.50 INCH OR MORE: 4
MIN 0 OR BELOW: 0 1.00 INCH OR MORE: 2
[HDD (BASE 65) ]
TOTAL THIS MO. 39 CLEAR (SCALE 0-3) 15
DPTR FM NORMAL 7 PTCLDY (SCALE 4-7) 12
TOTAL FM JUL 1 39 CLOUDY (SCALE 8-10) 4
DPTR FM NORMAL 10
[CDD (BASE 65) ]
TOTAL THIS MO. 272
DPTR FM NORMAL 56 [PRESSURE DATA]
TOTAL FM JAN 1 3864 HIGHEST SLP 30.39 ON 31
DPTR FM NORMAL 801 LOWEST SLP 29.66 ON 11
[REMARKS]
#FINAL-10-23#