000
CXUS54 KMAF 011110
CF6E38
PRELIMINARY LOCAL CLIMATOLOGICAL DATA (WS FORM: F-6)
STATION: ALPINE-CASPARIS MUNICIPAL
MONTH: JUNE
YEAR: 2022
LATITUDE: 30 23 N
LONGITUDE: 103 41 W
TEMPERATURE IN F: :PCPN: SNOW: WIND :SUNSHINE: SKY :PK WND
================================================================================
1 2 3 4 5 6A 6B 7 8 9 10 11 12 13 14 15 16 17 18
12Z AVG MX 2MIN
DY MAX MIN AVG DEP HDD CDD WTR SNW DPTH SPD SPD DIR MIN PSBL S-S WX SPD DR
================================================================================
1 97 64 81 M 0 16 0.53 M M 8.2 20 70 M M 3 3 40 90
2 75 59 67 M 0 2 M M M 8.4 21 350 M M 4 48 310
3 87 60 74 M 0 9 M M M 7.1 14 140 M M 0 25 190
4 94 62 78 M 0 13 0.34 M M 8.7 20 230 M M 1 26 40
5 95 66 81 M 0 16 M M M 11.3 20 250 M M 0 31 280
6 99 67 83 M 0 18 M M M 11.1 21 270 M M 0 25 270
7 102 68 85 M 0 20 M M M 7.1 18 290 M M 0 21 240
8 101 72 87 M 0 22 M M M 11.0 23 130 M M 2 3 31 130
9 94 62 78 M 0 13 M M M 6.2 14 110 M M 0 20 100
10 97 67 82 M 0 17 M M M 7.4 13 60 M M 0 18 50
11 102 67 85 M 0 20 M M M 8.9 16 130 M M 0 25 60
12 101 73 87 M 0 22 M M M 10.0 15 140 M M 0 28 140
13 100 75 88 M 0 23 M M M 10.2 17 200 M M 0 3 23 160
14 97 68 83 M 0 18 0.49 M M 10.0 20 170 M M 3 3 25 290
15 94 66 80 M 0 15 M M M 8.7 16 250 M M 0 24 250
16 93 71 82 M 0 17 M M M 8.8 17 120 M M 1 26 120
17 92 71 82 M 0 17 M M M 9.9 16 130 M M 0 24 130
18 92 68 80 M 0 15 M M M 9.2 17 140 M M 1 26 140
19 92 71 82 M 0 17 M M M 9.1 20 130 M M 1 26 140
20 90 67 79 M 0 14 0.04 M M 8.6 17 270 M M 3 28 270
21 89 64 77 M 0 12 M M M 6.2 18 130 M M 3 25 120
22 89 68 79 M 0 14 M M M 9.7 16 110 M M 0 23 140
23 92 68 80 M 0 15 M M M 7.4 14 150 M M 0 22 150
24 96 69 83 M 0 18 M M M 8.4 15 140 M M 1 21 160
25 96 70 83 M 0 18 M M M 9.0 17 140 M M 1 28 120
26 90 66 78 M 0 13 M M M 9.8 21 60 M M 1 29 60
27 86 65 76 M 0 11 M M M 9.5 18 60 M M 3 26 60
28 85 65 75 M 0 10 0.23 M M 4.9 14 10 M M 4 3 35 0
29 85 62 74 M 0 9 M M M 5.4 13 80 M M 3 24 60
30 89 64 77 M 0 12 0.02 M M 6.6 16 240 M M 2 23 110
================================================================================
SM 2791 2005 0 456 1.65 M 256.8 M 37
================================================================================
AV 93.0 66.8 8.6 FASTST M M 1 MAX(MPH)
MISC ----> 23 130 48 310
================================================================================
NOTES:
# LAST OF SEVERAL OCCURRENCES
COLUMN 17 PEAK WIND IN M.P.H.
PRELIMINARY LOCAL CLIMATOLOGICAL DATA (WS FORM: F-6) , PAGE 2
STATION: ALPINE-CASPARIS MUNICIPAL
MONTH: JUNE
YEAR: 2022
LATITUDE: 30 23 N
LONGITUDE: 103 41 W
[TEMPERATURE DATA] [PRECIPITATION DATA] SYMBOLS USED IN COLUMN 16
AVERAGE MONTHLY: 79.9 TOTAL FOR MONTH: 1.65 1 = FOG OR MIST
DPTR FM NORMAL: 0.0 DPTR FM NORMAL: M 2 = FOG REDUCING VISIBILITY
HIGHEST: 102 ON 11, 7 GRTST 24HR 0.53 ON 1- 1 TO 1/4 MILE OR LESS
LOWEST: 59 ON 2 3 = THUNDER
SNOW, ICE PELLETS, HAIL 4 = ICE PELLETS
TOTAL MONTH: M 5 = HAIL
GRTST 24HR M ON M 6 = FREEZING RAIN OR DRIZZLE
GRTST DEPTH: M ON M 7 = DUSTSTORM OR SANDSTORM:
VSBY 1/2 MILE OR LESS
8 = SMOKE OR HAZE
[NO. OF DAYS WITH] [WEATHER - DAYS WITH] 9 = BLOWING SNOW
X = TORNADO
MAX 32 OR BELOW: 0 0.01 INCH OR MORE: 6
MAX 90 OR ABOVE: 22 0.10 INCH OR MORE: 4
MIN 32 OR BELOW: 0 0.50 INCH OR MORE: 1
MIN 0 OR BELOW: 0 1.00 INCH OR MORE: 0
[HDD (BASE 65) ]
TOTAL THIS MO. 0 CLEAR (SCALE 0-3) 25
DPTR FM NORMAL M PTCLDY (SCALE 4-7) 5
TOTAL FM JUL 1 1974 CLOUDY (SCALE 8-10) 0
DPTR FM NORMAL M
[CDD (BASE 65) ]
TOTAL THIS MO. 456
DPTR FM NORMAL M [PRESSURE DATA]
TOTAL FM JAN 1 974 HIGHEST SLP M ON M
DPTR FM NORMAL M LOWEST SLP M ON M
[REMARKS]
#FINAL-06-22#