000
CXUS53 KEAX 010904
CF6EAX
PRELIMINARY LOCAL CLIMATOLOGICAL DATA (WS FORM: F-6)
STATION: PLEASANT HILL NWS MO
MONTH: JUNE
YEAR: 2021
LATITUDE: 38 48 N
LONGITUDE: 94 16 W
TEMPERATURE IN F: :PCPN: SNOW: WIND :SUNSHINE: SKY :PK WND
================================================================================
1 2 3 4 5 6A 6B 7 8 9 10 11 12 13 14 15 16 17 18
12Z AVG MX 2MIN
DY MAX MIN AVG DEP HDD CDD WTR SNW DPTH SPD SPD DIR MIN PSBL S-S WX SPD DR
================================================================================
1 72 57 65 -5 0 0 T 0.0 0 M M M M M M M M
2 75 55 65 -6 0 0 0.00 0.0 0 M M M M M M M M
3 81 57 69 -2 0 4 0.00 0.0 0 M M M M M M M M
4 85 59 72 1 0 7 T 0.0 0 M M M M M M M M
5 84 62 73 1 0 8 0.00 0.0 0 M M M M M M M M
6 83 66 75 3 0 10 0.00 0.0 0 M M M M M M M M
7 86 65 76 4 0 11 0.00 0.0 0 M M M M M M M M
8 86 66 76 4 0 11 0.00 0.0 0 M M M M M M M M
9 90 68 79 6 0 14 0.00 0.0 0 M M M M M M M M
10 91 70 81 8 0 16 0.00 0.0 0 M M M M M M M M
11 91 66 79 6 0 14 0.30 0.0 0 M M M M M M 3 M M
12 86 70 78 4 0 13 0.00 0.0 0 M M M M M M M M
13 88 66 77 3 0 12 0.00 0.0 0 M M M M M M M M
14 94 65 80 6 0 15 0.00 0.0 0 M M M M M M M M
15 90 68 79 5 0 14 0.00 0.0 0 M M M M M M M M
16 92 71 82 7 0 17 0.00 0.0 0 M M M M M M M M
17 97 73 85 10 0 20 0.00 0.0 0 M M M M M 0 M M
18 96 75 86 11 0 21 0.00 0.0 0 M M M M M M M M
19 93 75 84 9 0 19 0.00 0.0 0 M M M M M M M M
20 94 69 82 6 0 17 0.51 0.0 0 M M M M M M 3 M M
21 75 60 68 -8 0 3 0.02 0.0 0 M M M M M M M M
22 85 55 70 -6 0 5 0.00 0.0 0 M M M M M M M M
23 86 64 75 -1 0 10 0.00 0.0 0 M M M M M M M M
24 88 72 80 4 0 15 0.62 0.0 0 M M M M M M M M
25 87 66 77 1 0 12 1.89 0.0 0 M M M M M M M M
26 82 66 74 -3 0 9 1.49 0.0 0 M M M M M M M M
27 77 65 71 -6 0 6 0.04 0.0 0 M M M M M M M M
28 73 69 71 -6 0 6 0.68 0.0 0 M M M M M M M M
29 82 67 75 -2 0 10 0.99 0.0 0 M M M M M M M M
30 75 70 73 -4 0 8 1.00 0.0 0 M M M M M M M M
================================================================================
SM 2564 1977 0 327 7.54 0.0 M M 0
================================================================================
AV 85.5 65.9 M FASTST M M 0 MAX(MPH)
MISC ----> M M M M
================================================================================
NOTES:
# LAST OF SEVERAL OCCURRENCES
COLUMN 17 PEAK WIND IN M.P.H.
PRELIMINARY LOCAL CLIMATOLOGICAL DATA (WS FORM: F-6) , PAGE 2
STATION: PLEASANT HILL NWS MO
MONTH: JUNE
YEAR: 2021
LATITUDE: 38 48 N
LONGITUDE: 94 16 W
[TEMPERATURE DATA] [PRECIPITATION DATA] SYMBOLS USED IN COLUMN 16
AVERAGE MONTHLY: 75.7 TOTAL FOR MONTH: 7.54 1 = FOG OR MIST
DPTR FM NORMAL: 1.5 DPTR FM NORMAL: 2.22 2 = FOG REDUCING VISIBILITY
HIGHEST: 97 ON 17 GRTST 24HR 2.57 ON 25-26 TO 1/4 MILE OR LESS
LOWEST: 55 ON 22, 2 3 = THUNDER
SNOW, ICE PELLETS, HAIL 4 = ICE PELLETS
TOTAL MONTH: 0.0 INCH 5 = HAIL
GRTST 24HR 0.0 6 = FREEZING RAIN OR DRIZZLE
GRTST DEPTH: 0 7 = DUSTSTORM OR SANDSTORM:
VSBY 1/2 MILE OR LESS
8 = SMOKE OR HAZE
[NO. OF DAYS WITH] [WEATHER - DAYS WITH] 9 = BLOWING SNOW
X = TORNADO
MAX 32 OR BELOW: 0 0.01 INCH OR MORE: 10
MAX 90 OR ABOVE: 10 0.10 INCH OR MORE: 8
MIN 32 OR BELOW: 0 0.50 INCH OR MORE: 7
MIN 0 OR BELOW: 0 1.00 INCH OR MORE: 3
[HDD (BASE 65) ]
TOTAL THIS MO. 0 CLEAR (SCALE 0-3) 1
DPTR FM NORMAL -6 PTCLDY (SCALE 4-7) 0
TOTAL FM JUL 1 4847 CLOUDY (SCALE 8-10) 29
DPTR FM NORMAL -70
[CDD (BASE 65) ]
TOTAL THIS MO. 327
DPTR FM NORMAL 45 [PRESSURE DATA]
TOTAL FM JAN 1 405 HIGHEST SLP M ON M
DPTR FM NORMAL 6 LOWEST SLP M ON M
[REMARKS]
#FINAL-06-21#