000
CXUS51 KAKQ 010833
CF6ECG
PRELIMINARY LOCAL CLIMATOLOGICAL DATA (WS FORM: F-6)
STATION: ELIZABETH CITY NC
MONTH: APRIL
YEAR: 2020
LATITUDE: 36 16 N
LONGITUDE: 76 11 W
TEMPERATURE IN F: :PCPN: SNOW: WIND :SUNSHINE: SKY :PK WND
================================================================================
1 2 3 4 5 6A 6B 7 8 9 10 11 12 13 14 15 16 17 18
12Z AVG MX 2MIN
DY MAX MIN AVG DEP HDD CDD WTR SNW DPTH SPD SPD DIR MIN PSBL S-S WX SPD DR
================================================================================
1 55 43 49 -6 16 0 0.18 0.0 0 18.4 33 20 M M 7 1 43 10
2 64 44 54 -1 11 0 0.00 0.0 0 13.5 25 290 M M 1 34 330
3 71 45 58 3 7 0 0.00 0.0 0 12.9 29 320 M M 0 36 330
4 59 45 52 -4 13 0 0.00 0.0 0 10.5 18 40 M M 5 21 30
5 67 41 54 -2 11 0 0.00 0.0 0 7.2 14 110 M M 0 18 140
6 77 51 64 8 1 0 0.02 0.0 0 6.6 17 50 M M 5 1 22 40
7 81 50 66 10 0 1 T 0.0 0 5.4 15 360 M M 3 123 23 150
8 86 60 73 16 0 8 0.00 0.0 0 11.8 23 270 M M 0 32 280
9 83 55 69 12 0 4 T 0.0 0 12.3 28 280 M M 1 37 250
10 61 43 52 -5 13 0 0.00 0.0 0 14.5 33 280 M M 1 43 280
11 64 36 50 -8 15 0 0.00 0.0 0 7.3 16 260 M M 0 23 290
12 77 53 65 7 0 0 T 0.0 0 11.7 23 180 M M 3 32 210
13 78 60 69 11 0 4 0.54 0.0 0 16.6 40 180 M M 5 138 57 160
14 63 54 59 1 6 0 0.00 0.0 0 9.0 22 30 M M 3 1 30 20
15 56 37 47 -12 18 0 0.42 0.0 0 12.2 29 360 M M 7 1 35 340
16 67 36 52 -7 13 0 0.00 0.0 0 7.5 20 280 M M 0 24 280
17 71 46 59 0 6 0 0.00 0.0 0 11.4 22 190 M M 0 31 200
18 68 48 58 -1 7 0 0.21 0.0 0 15.2 29 320 M M 3 1 41 320
19 71 41 56 -4 9 0 0.08 0.0 0 6.8 14 190 M M 2 1 18 200
20 63 47 55 -5 10 0 1.03 0.0 0 7.5 23 20 M M 7 1 31 30
21 75 47 61 1 4 0 T 0.0 0 12.2 26 210 M M 2 1 35 210
22 67 48 58 -2 7 0 0.00 0.0 0 9.0 21 20 M M 0 26 30
23 71 52 62 1 3 0 0.01 0.0 0 10.2 22 210 M M 6 30 200
24 80 56 68 7 0 3 0.20 0.0 0 12.1 23 240 M M 6 1 30 240
25 61 53 57 -4 8 0 T 0.0 0 10.9 20 40 M M 10 18 24 40
26 79 55 67 6 0 2 0.00 0.0 0 8.9 24 220 M M 6 12 31 270
27 63 44 54 -8 11 0 T 0.0 0 12.5 28 320 M M 4 1 34 320
28 71 40 56 -6 9 0 0.00 0.0 0 6.8 21 130 M M 3 24 120
29 82 59 71 9 0 6 0.00 0.0 0 12.2 21 210 M M 1 27 160
30 75 59 67 5 0 2 0.57 0.0 0 12.2 30 240 M M 5 1 42 130
================================================================================
SM 2106 1448 198 30 3.26 0.0 325.3 M 96
================================================================================
AV 70.2 48.3 10.8 FASTST M M 3 MAX(MPH)
MISC ----> # 40 180 # 57 160
================================================================================
NOTES:
# LAST OF SEVERAL OCCURRENCES
COLUMN 17 PEAK WIND IN M.P.H.
PRELIMINARY LOCAL CLIMATOLOGICAL DATA (WS FORM: F-6) , PAGE 2
STATION: ELIZABETH CITY NC
MONTH: APRIL
YEAR: 2020
LATITUDE: 36 16 N
LONGITUDE: 76 11 W
[TEMPERATURE DATA] [PRECIPITATION DATA] SYMBOLS USED IN COLUMN 16
AVERAGE MONTHLY: 59.2 TOTAL FOR MONTH: 3.26 1 = FOG OR MIST
DPTR FM NORMAL: 0.5 DPTR FM NORMAL: 0.12 2 = FOG REDUCING VISIBILITY
HIGHEST: 86 ON 8 GRTST 24HR 1.03 ON 20-20 TO 1/4 MILE OR LESS
LOWEST: 36 ON 16,11 3 = THUNDER
SNOW, ICE PELLETS, HAIL 4 = ICE PELLETS
TOTAL MONTH: 0.0 INCH 5 = HAIL
GRTST 24HR 0.0 6 = FREEZING RAIN OR DRIZZLE
GRTST DEPTH: 0 7 = DUSTSTORM OR SANDSTORM:
VSBY 1/2 MILE OR LESS
8 = SMOKE OR HAZE
[NO. OF DAYS WITH] [WEATHER - DAYS WITH] 9 = BLOWING SNOW
X = TORNADO
MAX 32 OR BELOW: 0 0.01 INCH OR MORE: 10
MAX 90 OR ABOVE: 0 0.10 INCH OR MORE: 7
MIN 32 OR BELOW: 0 0.50 INCH OR MORE: 3
MIN 0 OR BELOW: 0 1.00 INCH OR MORE: 1
[HDD (BASE 65) ]
TOTAL THIS MO. 198 CLEAR (SCALE 0-3) 17
DPTR FM NORMAL -26 PTCLDY (SCALE 4-7) 12
TOTAL FM JUL 1 2307 CLOUDY (SCALE 8-10) 1
DPTR FM NORMAL -854
[CDD (BASE 65) ]
TOTAL THIS MO. 30
DPTR FM NORMAL -5 [PRESSURE DATA]
TOTAL FM JAN 1 92 HIGHEST SLP 30.34 ON 17
DPTR FM NORMAL 50 LOWEST SLP 29.33 ON 9
[REMARKS]
#FINAL-04-20#