000
CXUS51 KAKQ 010810
CF6ECG
PRELIMINARY LOCAL CLIMATOLOGICAL DATA (WS FORM: F-6)
STATION: ELIZABETH CITY NC
MONTH: DECEMBER
YEAR: 2023
LATITUDE: 36 16 N
LONGITUDE: 76 11 W
TEMPERATURE IN F: :PCPN: SNOW: WIND :SUNSHINE: SKY :PK WND
================================================================================
1 2 3 4 5 6A 6B 7 8 9 10 11 12 13 14 15 16 17 18
12Z AVG MX 2MIN
DY MAX MIN AVG DEP HDD CDD WTR SNW DPTH SPD SPD DIR MIN PSBL S-S WX SPD DR
================================================================================
1 66 29 48 -1 17 0 0.04 0.0 0 4.8 13 190 M M 4 1 19 190
2 69 60 65 16 0 0 0.16 0.0 0 4.6 12 280 M M 8 12 16 190
3 73 61 67 19 0 2 0.02 0.0 0 8.1 16 240 M M 7 1 21 240
4 64 42 53 5 12 0 0.00 0.0 0 5.8 12 300 M M 1 16 300
5 56 35 46 -2 19 0 0.00 0.0 0 6.9 14 60 M M 1 18 50
6 48 31 40 -8 25 0 0.04 0.0 0 10.6 24 340 M M 4 1 32 330
7 50 28 39 -9 26 0 0.00 0.0 0 7.6 16 240 M M 0 21 230
8 55 35 45 -3 20 0 0.00 0.0 0 4.4 10 120 M M 0 13 130
9 70 38 54 7 11 0 0.00 0.0 0 6.3 16 220 M M 0 23 230
10 71 59 65 18 0 0 1.63 0.0 0 11.4 21 180 M M 8 1 35 160
11 65 32 49 2 16 0 0.73 0.0 0 14.0 36 350 M M 5 1 46 350
12 51 29 40 -7 25 0 0.00 0.0 0 3.6 12 350 M M 0 14 340
13 57 30 44 -2 21 0 0.00 0.0 0 3.0 9 10 M M 0 12 10
14 49 28 39 -7 26 0 0.00 0.0 0 7.1 17 20 M M 0 26 360
15 57 26 42 -4 23 0 0.00 0.0 0 3.3 10 250 M M 0 13 260
16 61 27 44 -2 21 0 0.00 0.0 0 3.5 13 50 M M 0 15 60
17 67 48 58 12 7 0 1.73 0.0 0 14.5 35 130 M M 9 1 51 130
18 67 42 55 9 10 0 0.97 0.0 0 13.1 28 310 M M 5 1 39 300
19 47 30 39 -6 26 0 0.01 0.0 0 10.8 25 310 M M 2 35 300
20 47 27 37 -8 28 0 0.00 0.0 0 8.3 16 340 M M 0 21 340
21 54 27 41 -4 24 0 0.00 0.0 0 5.3 12 10 M M 0 15 350
22 53 28 41 -4 24 0 0.00 0.0 0 1.5 7 90 M M 0 1 9 60
23 56 31 44 -1 21 0 0.00 0.0 0 1.9 7 100 M M 1 12 9 100
24 62 31 47 3 18 0 0.00 0.0 0 2.1 8 130 M M 2 12 11 130
25 64 37 51 7 14 0 0.00 0.0 0 4.5 12 70 M M 3 12 15 80
26 64 52 58 14 7 0 0.03 0.0 0 7.1 13 80 M M 7 1 17 80
27 63 55 59 15 6 0 0.40 0.0 0 10.2 28 130 M M 10 12 39 130
28 60 42 51 7 14 0 T 0.0 0 8.7 15 280 M M 6 1 22 290
29 60 39 50 6 15 0 T 0.0 0 8.5 21 280 M M 3 29 300
30 51 33 42 -2 23 0 0.00 0.0 0 10.2 21 270 M M 4 30 260
31 51 32 42 -2 23 0 0.00 0.0 0 5.6 13 240 M M 0 18 240
================================================================================
SM 1828 1144 522 2 5.76 0.0 217.3 M 90
================================================================================
AV 59.0 36.9 7.0 FASTST M M 3 MAX(MPH)
MISC ----> 36 350 51 130
================================================================================
NOTES:
# LAST OF SEVERAL OCCURRENCES
COLUMN 17 PEAK WIND IN M.P.H.
PRELIMINARY LOCAL CLIMATOLOGICAL DATA (WS FORM: F-6) , PAGE 2
STATION: ELIZABETH CITY NC
MONTH: DECEMBER
YEAR: 2023
LATITUDE: 36 16 N
LONGITUDE: 76 11 W
[TEMPERATURE DATA] [PRECIPITATION DATA] SYMBOLS USED IN COLUMN 16
AVERAGE MONTHLY: 47.9 TOTAL FOR MONTH: 5.76 1 = FOG OR MIST
DPTR FM NORMAL: 1.9 DPTR FM NORMAL: 2.65 2 = FOG REDUCING VISIBILITY
HIGHEST: 73 ON 3 GRTST 24HR 2.70 ON 17-18 TO 1/4 MILE OR LESS
LOWEST: 26 ON 15 3 = THUNDER
SNOW, ICE PELLETS, HAIL 4 = ICE PELLETS
TOTAL MONTH: 0.0 INCH 5 = HAIL
GRTST 24HR 0.0 6 = FREEZING RAIN OR DRIZZLE
GRTST DEPTH: 0 7 = DUSTSTORM OR SANDSTORM:
VSBY 1/2 MILE OR LESS
8 = SMOKE OR HAZE
[NO. OF DAYS WITH] [WEATHER - DAYS WITH] 9 = BLOWING SNOW
X = TORNADO
MAX 32 OR BELOW: 0 0.01 INCH OR MORE: 11
MAX 90 OR ABOVE: 0 0.10 INCH OR MORE: 6
MIN 32 OR BELOW: 16 0.50 INCH OR MORE: 4
MIN 0 OR BELOW: 0 1.00 INCH OR MORE: 2
[HDD (BASE 65) ]
TOTAL THIS MO. 522 CLEAR (SCALE 0-3) 19
DPTR FM NORMAL -68 PTCLDY (SCALE 4-7) 8
TOTAL FM JUL 1 1019 CLOUDY (SCALE 8-10) 4
DPTR FM NORMAL -86
[CDD (BASE 65) ]
TOTAL THIS MO. 2
DPTR FM NORMAL -1 [PRESSURE DATA]
TOTAL FM JAN 1 1707 HIGHEST SLP 30.75 ON 14
DPTR FM NORMAL -50 LOWEST SLP 29.09 ON 18
[REMARKS]
#FINAL-12-23#