000
CXUS52 KTAE 010900
CF6ECP
PRELIMINARY LOCAL CLIMATOLOGICAL DATA (WS FORM: F-6)
STATION: PANAMA CITY NW
MONTH: DECEMBER
YEAR: 2021
LATITUDE: 30 21 N
LONGITUDE: 85 48 W
TEMPERATURE IN F: :PCPN: SNOW: WIND :SUNSHINE: SKY :PK WND
================================================================================
1 2 3 4 5 6A 6B 7 8 9 10 11 12 13 14 15 16 17 18
12Z AVG MX 2MIN
DY MAX MIN AVG DEP HDD CDD WTR SNW DPTH SPD SPD DIR MIN PSBL S-S WX SPD DR
================================================================================
1 69 37 53 -4 12 0 0.00 M M 2.3 12 170 M M 0 1 14 180
2 76 42 59 2 6 0 0.00 0.0 0 2.7 13 280 M M 2 12 16 280
3 75 47 61 4 4 0 0.00 0.0 0 1.4 12 200 M M 5 12 14 180
4 74 49 62 5 3 0 0.00 0.0 0 1.4 9 330 M M 6 12 14 310
5 72 50 61 5 4 0 0.00 M M 3.6 12 170 M M 8 128 14 170
6 74 55 65 9 0 0 0.07 M M 5.3 18 260 M M 6 1 21 250
7 68 60 64 8 1 0 0.01 0.0 M 4.0 10 20 M M 9 1 13 120
8 78 52 65 9 0 0 0.35 0.0 M 8.1 28 290 M M 6 13 32 290
9 69 46 58 2 7 0 T 0.0 M 4.0 13 100 M M 7 12 16 110
10 77 65 71 15 0 6 0.03 M M 10.3 17 140 M M 10 12 22 150
11 78 61 70 15 0 5 T 0.0 0 10.9 22 250 M M 10 18 27 240
12 67 51 59 4 6 0 0.00 0.0 0 7.3 15 340 M M 3 19 350
13 65 48 57 2 8 0 0.00 0.0 0 4.0 8 360 M M 8 128 10 340
14 73 53 63 8 2 0 0.00 0.0 M 3.6 8 50 M M 4 10 40
15 75 52 64 9 1 0 0.00 0.0 M 4.8 10 60 M M 3 18 16 60
16 76 58 67 13 0 2 0.00 0.0 0 3.9 10 150 M M 7 12 12 160
17 75 59 67 13 0 2 0.00 0.0 0 5.1 13 130 M M 6 128 16 140
18 76 64 70 16 0 5 0.00 0.0 0 7.9 17 140 M M 7 1 22 130
19 72 47 60 6 5 0 0.01 0.0 0 8.9 18 310 M M 8 1 24 310
20 55 45 50 -4 15 0 0.02 0.0 0 8.0 15 20 M M 7 1 21 20
21 50 45 48 -6 17 0 0.25 0.0 0 8.9 16 310 M M 10 1 21 320
22 63 38 51 -3 14 0 0.00 0.0 0 6.7 15 310 M M 0 19 310
23 66 31 49 -4 16 0 0.00 0.0 M 3.0 8 330 M M 0 12 20
24 69 35 52 -1 13 0 0.00 0.0 M 4.4 15 140 M M 0 1 18 130
25 74 45 60 7 5 0 0.00 0.0 M 5.9 17 220 M M 3 12 21 210
26 78 52 65 12 0 0 0.00 0.0 M 4.2 16 200 M M 6 128 21 200
27 75 55 65 12 0 0 0.00 0.0 M 4.9 16 170 M M 8 12 22 180
28 77 65 71 18 0 6 0.00 M M 8.5 20 170 M M 7 1 26 170
29 77 69 73 20 0 8 0.25 M M 11.8 22 170 M M 10 13 28 230
30 78 72 75 22 0 10 0.03 0.0 0 11.9 23 170 M M 10 1 31 160
31 77 71 74 22 0 9 T 0.0 0 9.9 17 180 M M 10 1 21 180
================================================================================
SM 2228 1619 139 53 1.02 0.0 187.6 M 186
================================================================================
AV 71.9 52.2 6.1 FASTST M M 6 MAX(MPH)
MISC ----> 28 290 32 290
================================================================================
NOTES:
# LAST OF SEVERAL OCCURRENCES
COLUMN 17 PEAK WIND IN M.P.H.
PRELIMINARY LOCAL CLIMATOLOGICAL DATA (WS FORM: F-6) , PAGE 2
STATION: PANAMA CITY NW
MONTH: DECEMBER
YEAR: 2021
LATITUDE: 30 21 N
LONGITUDE: 85 48 W
[TEMPERATURE DATA] [PRECIPITATION DATA] SYMBOLS USED IN COLUMN 16
AVERAGE MONTHLY: 62.0 TOTAL FOR MONTH: 1.02 1 = FOG OR MIST
DPTR FM NORMAL: 7.3 DPTR FM NORMAL: -3.45 2 = FOG REDUCING VISIBILITY
HIGHEST: 78 ON 30,26 GRTST 24HR 0.36 ON 7- 8 TO 1/4 MILE OR LESS
LOWEST: 31 ON 23 3 = THUNDER
SNOW, ICE PELLETS, HAIL 4 = ICE PELLETS
TOTAL MONTH: 0.0 INCH 5 = HAIL
GRTST 24HR 0.0 6 = FREEZING RAIN OR DRIZZLE
GRTST DEPTH: 0 7 = DUSTSTORM OR SANDSTORM:
VSBY 1/2 MILE OR LESS
8 = SMOKE OR HAZE
[NO. OF DAYS WITH] [WEATHER - DAYS WITH] 9 = BLOWING SNOW
X = TORNADO
MAX 32 OR BELOW: 0 0.01 INCH OR MORE: 9
MAX 90 OR ABOVE: 0 0.10 INCH OR MORE: 3
MIN 32 OR BELOW: 1 0.50 INCH OR MORE: 0
MIN 0 OR BELOW: 0 1.00 INCH OR MORE: 0
[HDD (BASE 65) ]
TOTAL THIS MO. 139 CLEAR (SCALE 0-3) 5
DPTR FM NORMAL -197 PTCLDY (SCALE 4-7) 18
TOTAL FM JUL 1 382 CLOUDY (SCALE 8-10) 8
DPTR FM NORMAL -155
[CDD (BASE 65) ]
TOTAL THIS MO. 53
DPTR FM NORMAL 37 [PRESSURE DATA]
TOTAL FM JAN 1 2544 HIGHEST SLP 30.43 ON 14
DPTR FM NORMAL -78 LOWEST SLP 29.89 ON 21
[REMARKS]
#FINAL-12-21#