000
CXUS54 KEWX 011110
CF6ECU
PRELIMINARY LOCAL CLIMATOLOGICAL DATA (WS FORM: F-6)
STATION: EDWARDS COUNTY AIRPORT
MONTH: DECEMBER
YEAR: 2021
LATITUDE: 29 57 N
LONGITUDE: 100 10 W
TEMPERATURE IN F: :PCPN: SNOW: WIND :SUNSHINE: SKY :PK WND
================================================================================
1 2 3 4 5 6A 6B 7 8 9 10 11 12 13 14 15 16 17 18
12Z AVG MX 2MIN
DY MAX MIN AVG DEP HDD CDD WTR SNW DPTH SPD SPD DIR MIN PSBL S-S WX SPD DR
================================================================================
1 73 52 63 M 2 0 0.00 M M 6.0 9 190 M M 0 12 M M
2 75 57 66 M 0 1 0.00 M M 8.2 12 170 M M 0 1 17 200
3 82 61 72 M 0 7 0.00 M M 9.3 15 160 M M 0 1 21 160
4 77 59 68 M 0 3 0.00 M M 6.1 13 150 M M 0 12 16 150
5 68 61 65 M 0 0 0.00 M M 10.0 15 160 M M 0 12 23 150
6 64 41 53 M 12 0 0.00 M M 8.9 18 10 M M 0 2 29 10
7 70 37 54 M 11 0 0.00 M M 6.4 12 220 M M 0 16 210
8 79 52 66 M 0 1 0.00 M M 6.9 12 180 M M 0 17 180
9 81 55 68 M 0 3 0.00 M M 8.7 13 170 M M 3 12 22 160
10 84 61 73 M 0 8 0.00 M M 8.7 15 260 M M 3 12 24 280
11 64 37 51 M 14 0 0.00 M M 10.1 22 350 M M 3 35 350
12 63 36 50 M 15 0 0.00 M M 6.6 10 180 M M 5 15 190
13 68 43 56 M 9 0 0.00 M M 11.5 21 180 M M 5 27 180
14 68 54 61 M 4 0 0.00 M M 10.1 15 170 M M 9 12 21 180
15 73 63 68 M 0 3 0.00 M M 17.3 27 170 M M 7 1 32 160
16 72 61 67 M 0 2 0.00 M M 7.4 14 160 M M 10 1 23 170
17 70 61 66 M 0 1 0.00 M M 12.9 20 160 M M 7 1 26 160
18 64 41 53 M 12 0 0.03 M M 10.1 21 20 M M 6 1 30 20
19 46 34 40 M 25 0 0.10 M M 6.8 13 330 M M 9 20 10
20 61 36 49 M 16 0 0.00 M M 4.8 8 240 M M 0 14 240
21 68 37 53 M 12 0 0.00 M M 7.7 13 250 M M 0 1 17 250
22 77 50 64 M 1 0 0.00 M M 7.0 13 310 M M 0 8 18 290
23 75 50 63 M 2 0 0.00 M M 9.4 13 160 M M 0 8 22 180
24 77 57 67 M 0 2 0.00 M M 11.5 15 150 M M 3 1 23 160
25 86 59 73 M 0 8 0.00 M M 8.0 14 270 M M 3 12 20 270
26 79 59 69 M 0 4 0.00 M M 9.4 21 170 M M 1 12 28 170
27 72 57 65 M 0 0 0.00 M M 7.9 13 130 M M 4 12 20 130
28 77 57 67 M 0 2 0.00 M M 6.6 16 150 M M 5 12 22 150
29 75 57 66 M 0 1 0.00 M M 8.0 21 290 M M 4 12 27 290
30 79 55 67 M 0 2 0.00 M M 6.5 17 160 M M 3 18 150
31 77 59 68 M 0 3 0.00 M M 9.5 17 140 M M 4 12 25 140
================================================================================
SM 2244 1599 135 51 0.13 M 268.2 M 94
================================================================================
AV 72.4 51.6 8.7 FASTST M M 3 MAX(MPH)
MISC ----> 27 170 35 350
================================================================================
NOTES:
# LAST OF SEVERAL OCCURRENCES
COLUMN 17 PEAK WIND IN M.P.H.
PRELIMINARY LOCAL CLIMATOLOGICAL DATA (WS FORM: F-6) , PAGE 2
STATION: EDWARDS COUNTY AIRPORT
MONTH: DECEMBER
YEAR: 2021
LATITUDE: 29 57 N
LONGITUDE: 100 10 W
[TEMPERATURE DATA] [PRECIPITATION DATA] SYMBOLS USED IN COLUMN 16
AVERAGE MONTHLY: 62.0 TOTAL FOR MONTH: 0.13 1 = FOG OR MIST
DPTR FM NORMAL: 0.0 DPTR FM NORMAL: M 2 = FOG REDUCING VISIBILITY
HIGHEST: 86 ON 25 GRTST 24HR 0.10 ON 19-19 TO 1/4 MILE OR LESS
LOWEST: 34 ON 19 3 = THUNDER
SNOW, ICE PELLETS, HAIL 4 = ICE PELLETS
TOTAL MONTH: M 5 = HAIL
GRTST 24HR M ON M 6 = FREEZING RAIN OR DRIZZLE
GRTST DEPTH: M ON M 7 = DUSTSTORM OR SANDSTORM:
VSBY 1/2 MILE OR LESS
8 = SMOKE OR HAZE
[NO. OF DAYS WITH] [WEATHER - DAYS WITH] 9 = BLOWING SNOW
X = TORNADO
MAX 32 OR BELOW: 0 0.01 INCH OR MORE: 2
MAX 90 OR ABOVE: 0 0.10 INCH OR MORE: 0
MIN 32 OR BELOW: 0 0.50 INCH OR MORE: 0
MIN 0 OR BELOW: 0 1.00 INCH OR MORE: 0
[HDD (BASE 65) ]
TOTAL THIS MO. 135 CLEAR (SCALE 0-3) 18
DPTR FM NORMAL M PTCLDY (SCALE 4-7) 10
TOTAL FM JUL 1 338 CLOUDY (SCALE 8-10) 3
DPTR FM NORMAL M
[CDD (BASE 65) ]
TOTAL THIS MO. 51
DPTR FM NORMAL M [PRESSURE DATA]
TOTAL FM JAN 1 2345 HIGHEST SLP M ON M
DPTR FM NORMAL M LOWEST SLP M ON M
[REMARKS]
#FINAL-12-21#