000
CXUS55 KVEF 010910
CF6EED
PRELIMINARY LOCAL CLIMATOLOGICAL DATA (WS FORM: F-6)
STATION: NEEDLES CA
MONTH: MARCH
YEAR: 2023
LATITUDE: 34 46 N
LONGITUDE: 114 37 W
TEMPERATURE IN F: :PCPN: SNOW: WIND :SUNSHINE: SKY :PK WND
================================================================================
1 2 3 4 5 6A 6B 7 8 9 10 11 12 13 14 15 16 17 18
12Z AVG MX 2MIN
DY MAX MIN AVG DEP HDD CDD WTR SNW DPTH SPD SPD DIR MIN PSBL S-S WX SPD DR
================================================================================
1 56 41 49 -14 16 0 0.12 M M 8.3 33 190 M M 8 47 190
2 63 39 51 -12 14 0 0.03 M M 5.4 22 20 M M 2 30 10
3 64 39 52 -11 13 0 0.00 M M 3.8 8 240 M M 0 11 130
4 69 42 56 -8 9 0 0.00 M M 10.6 23 180 M M 0 33 160
5 65 49 57 -7 8 0 0.00 M M 6.8 16 240 M M 0 21 220
6 65 44 55 -9 10 0 0.00 M M 6.0 14 220 M M 0 20 230
7 68 49 59 -5 6 0 0.00 M M 6.3 14 140 M M 0 21 150
8 72 45 59 -6 6 0 0.00 M M 5.4 16 270 M M 0 20 220
9 75 48 62 -3 3 0 0.00 M M 4.9 13 130 M M 0 16 120
10 78 56 67 2 0 2 0.02 M M 6.1 24 250 M M 5 32 180
11 81 56 69 4 0 4 0.00 M M 8.2 22 270 M M 1 32 260
12 81 60 71 5 0 6 0.00 M M 8.1 20 270 M M 0 25 260
13 78 61 70 4 0 5 0.00 M M 6.4 17 280 M M 0 22 270
14 76 56 66 0 0 1 0.02 M M 5.5 28 230 M M 3 35 240
15 70 51 61 -5 4 0 1.65 M M 7.0 29 310 M M 7 13 47 320
16 67 49 58 -9 7 0 0.00 M M 10.8 25 20 M M 0 31 20
17 69 50 60 -7 5 0 0.00 M M 11.8 23 360 M M 0 32 10
18 72 53 63 -4 2 0 0.00 M M 9.8 23 350 M M 0 30 350
19 69 52 61 -6 4 0 0.00 M M 4.5 17 130 M M 5 23 140
20 72 56 64 -4 1 0 0.00 M M 5.4 20 230 M M 1 27 240
21 64 52 58 -10 7 0 0.11 M M 12.4 29 230 M M 8 1 39 240
22 67 49 58 -10 7 0 T M M 8.7 28 210 M M 3 42 210
23 68 45 57 -11 8 0 0.00 M M 7.2 20 270 M M 3 28 290
24 71 51 61 -7 4 0 0.00 M M 6.7 20 290 M M 1 26 290
25 67 50 59 -10 6 0 0.00 M M 12.1 26 360 M M 2 34 10
26 68 43 56 -13 9 0 0.00 M M 7.1 20 350 M M 0 26 350
27 67 47 57 -12 8 0 0.00 M M 14.7 28 10 M M 0 36 360
28 76 50 63 -6 2 0 0.00 M M 6.2 14 190 M M 0 19 190
29 76 54 65 -5 0 0 T M M 13.6 33 230 M M 2 43 240
30 66 47 57 -13 8 0 0.00 M M 9.5 21 20 M M 3 27 210
31 71 43 57 -13 8 0 0.00 M M 3.6 12 100 M M 0 17 100
================================================================================
SM 2171 1527 175 18 1.95 M 242.9 M 54
================================================================================
AV 70.0 49.3 7.8 FASTST M M 2 MAX(MPH)
MISC ----> # 33 190 # 47 190
================================================================================
NOTES:
# LAST OF SEVERAL OCCURRENCES
COLUMN 17 PEAK WIND IN M.P.H.
PRELIMINARY LOCAL CLIMATOLOGICAL DATA (WS FORM: F-6) , PAGE 2
STATION: NEEDLES CA
MONTH: MARCH
YEAR: 2023
LATITUDE: 34 46 N
LONGITUDE: 114 37 W
[TEMPERATURE DATA] [PRECIPITATION DATA] SYMBOLS USED IN COLUMN 16
AVERAGE MONTHLY: 59.6 TOTAL FOR MONTH: 1.95 1 = FOG OR MIST
DPTR FM NORMAL: -7.0 DPTR FM NORMAL: 1.44 2 = FOG REDUCING VISIBILITY
HIGHEST: 81 ON 12,11 GRTST 24HR 1.65 ON 15-15 TO 1/4 MILE OR LESS
LOWEST: 39 ON 3, 2 3 = THUNDER
SNOW, ICE PELLETS, HAIL 4 = ICE PELLETS
TOTAL MONTH: M 5 = HAIL
GRTST 24HR M ON M 6 = FREEZING RAIN OR DRIZZLE
GRTST DEPTH: M ON M 7 = DUSTSTORM OR SANDSTORM:
VSBY 1/2 MILE OR LESS
8 = SMOKE OR HAZE
[NO. OF DAYS WITH] [WEATHER - DAYS WITH] 9 = BLOWING SNOW
X = TORNADO
MAX 32 OR BELOW: 0 0.01 INCH OR MORE: 6
MAX 90 OR ABOVE: 0 0.10 INCH OR MORE: 3
MIN 32 OR BELOW: 0 0.50 INCH OR MORE: 1
MIN 0 OR BELOW: 0 1.00 INCH OR MORE: 1
[HDD (BASE 65) ]
TOTAL THIS MO. 175 CLEAR (SCALE 0-3) 25
DPTR FM NORMAL 113 PTCLDY (SCALE 4-7) 5
TOTAL FM JUL 1 1372 CLOUDY (SCALE 8-10) 1
DPTR FM NORMAL 445
[CDD (BASE 65) ]
TOTAL THIS MO. 18
DPTR FM NORMAL -94 [PRESSURE DATA]
TOTAL FM JAN 1 18 HIGHEST SLP M ON M
DPTR FM NORMAL -114 LOWEST SLP 29.58 ON 1
[REMARKS]
#FINAL-03-23#