000
CXUS55 KVEF 010910
CF6EED
PRELIMINARY LOCAL CLIMATOLOGICAL DATA (WS FORM: F-6)
STATION: NEEDLES CA
MONTH: JUNE
YEAR: 2021
LATITUDE: 34 46 N
LONGITUDE: 114 37 W
TEMPERATURE IN F: :PCPN: SNOW: WIND :SUNSHINE: SKY :PK WND
================================================================================
1 2 3 4 5 6A 6B 7 8 9 10 11 12 13 14 15 16 17 18
12Z AVG MX 2MIN
DY MAX MIN AVG DEP HDD CDD WTR SNW DPTH SPD SPD DIR MIN PSBL S-S WX SPD DR
================================================================================
1 109 78 94 5 0 29 0.00 M M 6.9 18 230 M M 0 23 220
2 112 82 97 8 0 32 0.00 M M 9.2 22 220 M M 0 28 180
3 112 81 97 8 0 32 0.00 M M 9.4 22 210 M M 0 29 170
4 112 81 97 7 0 32 0.00 M M 8.7 21 220 M M 0 33 200
5 112 84 98 8 0 33 0.00 M M 9.1 22 180 M M 0 32 180
6 105 83 94 4 0 29 0.00 M M 10.9 22 190 M M 0 36 150
7 101 80 91 1 0 26 0.00 M M 13.8 28 230 M M 0 35 190
8 99 75 87 -4 0 22 0.00 M M 10.6 21 180 M M 0 28 170
9 103 75 89 -2 0 24 0.00 M M 9.8 24 160 M M 0 35 150
10 97 74 86 -6 0 21 0.00 M M 9.6 25 270 M M 0 8 32 270
11 103 69 86 -6 0 21 0.00 M M 6.0 15 230 M M 0 17 240
12 111 72 92 0 0 27 0.00 M M 5.3 14 240 M M 0 27 120
13 114 76 95 3 0 30 0.00 M M 8.2 24 180 M M 0 28 180
14 116 80 98 5 0 33 0.00 M M 6.3 15 210 M M 0 22 130
15 121 86 104 11 0 39 0.00 M M 5.5 15 280 M M 1 20 280
16 118 89 104 11 0 39 0.00 M M 8.7 21 220 M M 0 25 210
17 120 94 107 13 0 42 T M M 7.3 29 220 M M 1 48 220
18 122 90 106 12 0 41 0.00 M M 4.6 16 260 M M 2 21 280
19 121 92 107 13 0 42 0.00 M M 7.4 25 270 M M 2 31 250
20 118 97 108 14 0 43 0.00 M M 11.2 23 220 M M 2 32 250
21 114 89 102 7 0 37 0.00 M M 10.7 25 230 M M 1 30 240
22 110 88 99 4 0 34 0.00 M M 10.5 24 240 M M 0 30 230
23 99 84 92 -3 0 27 T M M 7.2 20 200 M M 1 8 25 190
24 103 79 91 -5 0 26 0.16 M M 5.5 37 210 M M 1 3 48 220
25 108 76 92 -4 0 27 0.00 M M 6.5 20 140 M M 0 25 130
26 115 78 97 1 0 32 0.00 M M 7.4 18 20 M M 0 24 20
27 116 87 102 6 0 37 0.00 M M 8.3 21 360 M M 0 27 10
28 117 88 103 7 0 38 0.00 M M 7.3 23 10 M M 0 29 10
29 108 85 97 0 0 32 0.00 M M 12.6 30 350 M M 0 3 37 350
30 105 84 95 -2 0 30 T M M 8.9 20 350 M M 1 23 350
================================================================================
SM 3321 2476 0 957 0.16 M 253.4 M 12
================================================================================
AV110.7 82.5 8.4 FASTST M M 0 MAX(MPH)
MISC ----> 37 210 # 48 220
================================================================================
NOTES:
# LAST OF SEVERAL OCCURRENCES
COLUMN 17 PEAK WIND IN M.P.H.
PRELIMINARY LOCAL CLIMATOLOGICAL DATA (WS FORM: F-6) , PAGE 2
STATION: NEEDLES CA
MONTH: JUNE
YEAR: 2021
LATITUDE: 34 46 N
LONGITUDE: 114 37 W
[TEMPERATURE DATA] [PRECIPITATION DATA] SYMBOLS USED IN COLUMN 16
AVERAGE MONTHLY: 96.6 TOTAL FOR MONTH: 0.16 1 = FOG OR MIST
DPTR FM NORMAL: 3.6 DPTR FM NORMAL: 0.12 2 = FOG REDUCING VISIBILITY
HIGHEST: 122 ON 18 GRTST 24HR 0.16 ON 24-24 TO 1/4 MILE OR LESS
LOWEST: 69 ON 11 3 = THUNDER
SNOW, ICE PELLETS, HAIL 4 = ICE PELLETS
TOTAL MONTH: M 5 = HAIL
GRTST 24HR M ON M 6 = FREEZING RAIN OR DRIZZLE
GRTST DEPTH: M ON M 7 = DUSTSTORM OR SANDSTORM:
VSBY 1/2 MILE OR LESS
8 = SMOKE OR HAZE
[NO. OF DAYS WITH] [WEATHER - DAYS WITH] 9 = BLOWING SNOW
X = TORNADO
MAX 32 OR BELOW: 0 0.01 INCH OR MORE: 1
MAX 90 OR ABOVE: 30 0.10 INCH OR MORE: 1
MIN 32 OR BELOW: 0 0.50 INCH OR MORE: 0
MIN 0 OR BELOW: 0 1.00 INCH OR MORE: 0
[HDD (BASE 65) ]
TOTAL THIS MO. 0 CLEAR (SCALE 0-3) 30
DPTR FM NORMAL 0 PTCLDY (SCALE 4-7) 0
TOTAL FM JUL 1 954 CLOUDY (SCALE 8-10) 0
DPTR FM NORMAL 15
[CDD (BASE 65) ]
TOTAL THIS MO. 957
DPTR FM NORMAL 117 [PRESSURE DATA]
TOTAL FM JAN 1 1965 HIGHEST SLP M ON M
DPTR FM NORMAL 158 LOWEST SLP 28.57 ON 18
[REMARKS]
#FINAL-06-21#