000
CXUS56 KEKA 012342
CF6EKA
PRELIMINARY LOCAL CLIMATOLOGICAL DATA (WS FORM: F-6)
STATION: EUREKA CA
MONTH: JULY
YEAR: 2020
LATITUDE: 40 47 N
LONGITUDE: 124 10 W
TEMPERATURE IN F: :PCPN: SNOW: WIND :SUNSHINE: SKY :PK WND
================================================================================
1 2 3 4 5 6A 6B 7 8 9 10 11 12 13 14 15 16 17 18
12Z AVG MX 2MIN
DY MAX MIN AVG DEP HDD CDD WTR SNW DPTH SPD SPD DIR MIN PSBL S-S WX SPD DR
================================================================================
1 62 50 56 -1 9 0 0.00 0.0 0 7.6 15 10 M M 3 1 27 330
2 62 48 55 -2 10 0 0.00 0.0 0 4.8 10 10 M M 1 12 360
3 64 52 58 1 7 0 0.00 0.0 0 5.0 9 330 M M 4 1 13 330
4 64 48 56 -1 9 0 0.00 0.0 0 5.5 13 360 M M 0 17 350
5 63 49 56 -1 9 0 0.00 0.0 0 5.6 12 350 M M 3 16 M
6 65 53 59 2 6 0 0.00 0.0 0 5.3 9 30 M M 10 13 M
7 65 50 58 1 7 0 0.00 0.0 0 6.0 12 350 M M 3 17 350
8 64 53 59 2 6 0 0.00 0.0 0 4.8 10 310 M M 4 12 310
9 64 53 59 2 6 0 0.00 0.0 0 4.3 9 360 M M 9 2 12 M
10 65 52 59 1 6 0 0.00 0.0 0 4.4 12 340 M M 5 2 13 M
11 66 54 60 2 5 0 0.00 0.0 0 5.8 12 350 M M 6 16 M
12 68 50 59 1 6 0 0.00 0.0 0 4.2 12 340 M M 2 16 M
13 64 53 59 1 6 0 0.00 0.0 0 5.2 12 340 M M 4 13 M
14 64 52 58 0 7 0 0.00 0.0 0 4.4 9 290 M M 4 18 10 M
15 62 51 57 -1 8 0 0.00 0.0 0 5.8 12 270 M M 0 1 14 M
16 63 52 58 0 7 0 0.00 0.0 0 4.2 10 360 M M 5 18 12 M
17 64 53 59 1 6 0 0.00 0.0 0 5.7 9 320 M M 5 1 11 M
18 64 51 58 0 7 0 0.00 0.0 0 5.7 10 250 M M 1 1 13 M
19 60 51 56 -2 9 0 0.00 0.0 0 5.3 10 290 M M 5 1 12 M
20 62 51 57 -1 8 0 0.00 0.0 0 5.0 10 270 M M 7 1 12 M
21 61 52 57 -1 8 0 0.01 0.0 0 3.9 10 280 M M 9 1 10 M
22 61 53 57 -1 8 0 T 0.0 0 4.5 10 300 M M 10 1 10 M
23 62 52 57 -1 8 0 0.01 0.0 0 3.5 9 340 M M 8 9 M
24 63 53 58 0 7 0 T 0.0 0 3.3 8 320 M M 5 1 8 M
25 64 49 57 -1 8 0 0.00 0.0 0 2.6 7 310 M M 3 1 7 M
26 59 52 56 -2 9 0 0.00 0.0 0 3.0 8 290 M M 7 2 8 M
27 61 51 56 -2 9 0 T 0.0 0 2.5 9 300 M M 8 2 9 300
28 61 51 56 -2 9 0 0.00 0.0 0 2.7 10 290 M M 8 1 10 290
29 61 50 56 -2 9 0 0.00 0.0 0 3.2 10 310 M M 7 1 10 M
30 63 51 57 -1 8 0 0.00 M M 3.3 9 290 M M 10 1 9 290
31 65 51 58 0 7 0 0.01 0.0 0 3.3 7 330 M M 9 1 7 0
================================================================================
SM 1956 1591 234 0 0.03 0.0 140.4 M 165
================================================================================
AV 63.1 51.3 4.5 FASTST M M 5 MAX(MPH)
MISC ----> 15 10 27 330
================================================================================
NOTES:
# LAST OF SEVERAL OCCURRENCES
COLUMN 17 PEAK WIND IN M.P.H.
PRELIMINARY LOCAL CLIMATOLOGICAL DATA (WS FORM: F-6) , PAGE 2
STATION: EUREKA CA
MONTH: JULY
YEAR: 2020
LATITUDE: 40 47 N
LONGITUDE: 124 10 W
[TEMPERATURE DATA] [PRECIPITATION DATA] SYMBOLS USED IN COLUMN 16
AVERAGE MONTHLY: 57.2 TOTAL FOR MONTH: 0.03 1 = FOG OR MIST
DPTR FM NORMAL: -0.5 DPTR FM NORMAL: -0.15 2 = FOG REDUCING VISIBILITY
HIGHEST: 68 ON 12 GRTST 24HR 0.01 ON 21-21 TO 1/4 MILE OR LESS
LOWEST: 48 ON 2, 4 3 = THUNDER
SNOW, ICE PELLETS, HAIL 4 = ICE PELLETS
TOTAL MONTH: 0.0 INCH 5 = HAIL
GRTST 24HR 0.0 6 = FREEZING RAIN OR DRIZZLE
GRTST DEPTH: 0 7 = DUSTSTORM OR SANDSTORM:
VSBY 1/2 MILE OR LESS
8 = SMOKE OR HAZE
[NO. OF DAYS WITH] [WEATHER - DAYS WITH] 9 = BLOWING SNOW
X = TORNADO
MAX 32 OR BELOW: 0 0.01 INCH OR MORE: 3
MAX 90 OR ABOVE: 0 0.10 INCH OR MORE: 0
MIN 32 OR BELOW: 0 0.50 INCH OR MORE: 0
MIN 0 OR BELOW: 0 1.00 INCH OR MORE: 0
[HDD (BASE 65) ]
TOTAL THIS MO. 234 CLEAR (SCALE 0-3) 9
DPTR FM NORMAL 8 PTCLDY (SCALE 4-7) 15
TOTAL FM JUL 1 234 CLOUDY (SCALE 8-10) 7
DPTR FM NORMAL 6
[CDD (BASE 65) ]
TOTAL THIS MO. 0
DPTR FM NORMAL 0 [PRESSURE DATA]
TOTAL FM JAN 1 0 HIGHEST SLP 30.03 ON 4
DPTR FM NORMAL 0 LOWEST SLP 29.80 ON 22
[REMARKS]
#FINAL-07-20#