000
CXUS56 KEKA 050312
CLMEKA
SFOCLMEKA 000
TTAA00 EKA 050257
CLIMATE REPORT
NATIONAL WEATHER SERVICE EUREKA CA
643 PM PST MON MAR 04 2024
...................................
...THE EUREKA CA CLIMATE SUMMARY FOR THE MONTH OF FEBRUARY 2024...
CLIMATE NORMAL PERIOD: 1991 TO 2020
CLIMATE RECORD PERIOD: 1886 TO 2024
WEATHER OBSERVED NORMAL DEPART LAST YEAR`S
VALUE DATE(S) VALUE FROM VALUE
NORMAL
..............................................................
TEMPERATURE (F)
RECORD
HIGH 85 02/17/1930
LOW 24 02/04/1899
HIGHEST 63 02/22 MM MM 65
LOWEST 34 02/27 MM MM 28
AVG. MAXIMUM 56.2 55.4 0.8 51.9
AVG. MINIMUM 42.9 41.3 1.6 36.1
MEAN 49.5 48.4 1.1 44.0
DAYS MAX >= 90 0
DAYS MIN <= 32 0
PRECIPITATION (INCHES)
RECORD
MAXIMUM 19.49 1902
MINIMUM 0.50 1923
TOTALS 8.85 5.64 3.21
DAYS >= .01 18 15.4 2.6 13
DAYS >= .10 14 10.2 3.8 12
DAYS >= .50 8 4.2 3.8 5
DAYS >= 1.00 4 1.2 2.8 1
GREATEST
24 HR. TOTAL 1.86 02/05 TO 02/06
LIQUID 7/1 MM MM
DEGREE DAYS
HEATING TOTAL 440 466 -26 582
SINCE 7/1 2438 3008 -570 MM
COOLING TOTAL 0 0 0 0
SINCE 1/1 0 0 0 MM
..............................................................
WIND (MPH)
AVERAGE WIND SPEED 5.0
HIGHEST WIND SPEED/DIRECTION 17/160 DATE 02/05
17/260 02/29
HIGHEST GUST SPEED/DIRECTION 37/MM DATE 02/05
SKY COVER
POSSIBLE SUNSHINE (PERCENT) MM
AVERAGE SKY COVER 0.78
NUMBER OF DAYS FAIR 3
NUMBER OF DAYS PC 6
NUMBER OF DAYS CLOUDY 20
WEATHER CONDITIONS. NUMBER OF DAYS WITH
THUNDERSTORM 1 HEAVY RAIN 0
RAIN 5 LIGHT RAIN 18
HAIL 1 SLEET 0
FOG 10 FOG W/VIS <= 1/4 MILE 1
HAZE 0
- INDICATES NEGATIVE NUMBERS.
R INDICATES RECORD WAS SET OR TIED.
MM INDICATES DATA IS MISSING.
T INDICATES TRACE AMOUNT.
THIS MONTH TEMPERATURES AND RAINFALL CONTINUED TO BE ABOVE NORMAL,
HOWEVER THEY WERE CLOSER TO NORMAL THAN LAST MONTH. TEMPERATURES
WERE ONLY AROUND ONE DEGREE ABOVE NORMAL COMPARED TO 4 DEGREES ABOVE
NORMAL LAST MONTH. TEMPERATURES ALSO RANGED FROM JUST 63 DEGREES FOR
THE WARMEST DAY TO 34 DEGREES ON THE COLDEST NIGHT. RAINFALL WAS
AROUND 3 INCHES ABOVE NORMAL WHERE LAST MONTH WAS OVER 5 INCHES ABOVE
NORMAL. THE LAST DAY OF THE MONTH SAW A THUNDERSTORM AND SMALL HAIL.
THIS MONTHLY ALSO SAW TWO STRETCHES OF 4 DRY DAYS IN A ROW PROVIDING
SOME RELIEF TO THE CONSISTENT RAINFALL.
$$