000
CXUS51 KRLX 011133
CF6EKN
PRELIMINARY LOCAL CLIMATOLOGICAL DATA (WS FORM: F-6)
STATION: ELKINS WV
MONTH: APRIL
YEAR: 2021
LATITUDE: 38 52 N
LONGITUDE: 79 51 W
TEMPERATURE IN F: :PCPN: SNOW: WIND :SUNSHINE: SKY :PK WND
================================================================================
1 2 3 4 5 6A 6B 7 8 9 10 11 12 13 14 15 16 17 18
12Z AVG MX 2MIN
DY MAX MIN AVG DEP HDD CDD WTR SNW DPTH SPD SPD DIR MIN PSBL S-S WX SPD DR
================================================================================
1 38 24 31 -14 34 0 0.05 0.5 0 12.3 24 300 M M 10 32 280
2 38 18 28 -18 37 0 0.03 0.5 1 8.1 18 290 M M 6 8 28 310
3 56 17 37 -9 28 0 0.00 0.0 1 2.4 12 240 M M 1 15 260
4 66 32 49 3 16 0 0.00 0.0 0 7.2 18 320 M M 4 26 300
5 72 28 50 4 15 0 0.00 0.0 0 2.4 13 310 M M 0 19 320
6 75 37 56 9 9 0 0.00 0.0 0 3.0 15 320 M M 3 22 260
7 76 36 56 9 9 0 0.00 0.0 0 2.3 14 330 M M 2 18 20 330
8 80 39 60 12 5 0 T 0.0 0 7.9 23 150 M M 2 18 34 140
9 77 45 61 13 4 0 0.19 0.0 0 5.4 16 150 M M 4 13 22 140
10 74 41 58 10 7 0 0.28 0.0 0 7.7 22 170 M M 4 128 35 130
11 67 42 55 7 10 0 0.28 0.0 0 4.6 20 280 M M 8 12 30 290
12 57 42 50 1 15 0 0.11 0.0 0 6.9 17 270 M M 9 8 23 230
13 67 42 55 6 10 0 T 0.0 0 4.7 14 300 M M 5 20 280
14 52 41 47 -2 18 0 0.45 0.0 0 1.4 6 280 M M 10 1 7 200
15 50 41 46 -4 19 0 T 0.0 0 8.5 18 280 M M 10 27 270
16 50 39 45 -5 20 0 T 0.0 0 7.3 17 300 M M 10 25 280
17 55 40 48 -2 17 0 T 0.0 0 3.7 13 300 M M 10 19 290
18 57 36 47 -4 18 0 0.01 0.0 0 3.1 17 260 M M 9 23 250
19 62 32 47 -4 18 0 0.00 0.0 0 4.0 17 290 M M 3 1 24 310
20 72 32 52 1 13 0 T 0.0 0 4.2 18 230 M M 3 29 250
21 48 31 40 -11 25 0 0.15 0.2 0 7.8 20 310 M M 7 18 28 300
22 43 31 37 -15 28 0 0.01 T 0 10.9 21 300 M M 8 8 30 290
23 55 25 40 -12 25 0 0.00 0.0 0 3.6 14 310 M M 1 20 320
24 59 28 44 -8 21 0 0.50 0.0 0 1.9 20 200 M M 5 1 27 220
25 59 43 51 -1 14 0 0.06 0.0 0 5.9 16 290 M M 9 18 21 320
26 70 30 50 -3 15 0 0.00 0.0 0 2.0 9 340 M M 1 18 13 320
27 84 36 60 7 5 0 0.00 0.0 0 5.6 22 240 M M 0 32 250
28 79 50 65 12 0 0 0.02 0.0 0 6.8 23 260 M M 6 31 240
29 75 54 65 11 0 0 0.50 0.0 0 10.1 22 240 M M 9 1 35 240
30 63 42 53 -1 12 0 0.09 0.0 0 12.7 35 280 M M 7 43 280
================================================================================
SM 1876 1074 467 0 2.73 1.2 174.4 M 166
================================================================================
AV 62.5 35.8 5.8 FASTST M M 6 MAX(MPH)
MISC ----> 35 280 43 280
================================================================================
NOTES:
# LAST OF SEVERAL OCCURRENCES
COLUMN 17 PEAK WIND IN M.P.H.
PRELIMINARY LOCAL CLIMATOLOGICAL DATA (WS FORM: F-6) , PAGE 2
STATION: ELKINS WV
MONTH: APRIL
YEAR: 2021
LATITUDE: 38 52 N
LONGITUDE: 79 51 W
[TEMPERATURE DATA] [PRECIPITATION DATA] SYMBOLS USED IN COLUMN 16
AVERAGE MONTHLY: 49.2 TOTAL FOR MONTH: 2.73 1 = FOG OR MIST
DPTR FM NORMAL: -0.5 DPTR FM NORMAL: -1.07 2 = FOG REDUCING VISIBILITY
HIGHEST: 84 ON 27 GRTST 24HR 0.56 ON 10-11 TO 1/4 MILE OR LESS
LOWEST: 17 ON 3 3 = THUNDER
SNOW, ICE PELLETS, HAIL 4 = ICE PELLETS
TOTAL MONTH: 1.2 INCHES 5 = HAIL
GRTST 24HR 0.5 ON 1- 1 6 = FREEZING RAIN OR DRIZZLE
GRTST DEPTH: 1 ON 3, 2 7 = DUSTSTORM OR SANDSTORM:
VSBY 1/2 MILE OR LESS
8 = SMOKE OR HAZE
[NO. OF DAYS WITH] [WEATHER - DAYS WITH] 9 = BLOWING SNOW
X = TORNADO
MAX 32 OR BELOW: 0 0.01 INCH OR MORE: 15
MAX 90 OR ABOVE: 0 0.10 INCH OR MORE: 8
MIN 32 OR BELOW: 12 0.50 INCH OR MORE: 2
MIN 0 OR BELOW: 0 1.00 INCH OR MORE: 0
[HDD (BASE 65) ]
TOTAL THIS MO. 467 CLEAR (SCALE 0-3) 9
DPTR FM NORMAL 5 PTCLDY (SCALE 4-7) 11
TOTAL FM JUL 1 5015 CLOUDY (SCALE 8-10) 10
DPTR FM NORMAL -549
[CDD (BASE 65) ]
TOTAL THIS MO. 0
DPTR FM NORMAL -3 [PRESSURE DATA]
TOTAL FM JAN 1 0 HIGHEST SLP 30.54 ON 3
DPTR FM NORMAL -3 LOWEST SLP 29.47 ON 11
[REMARKS]
#FINAL-04-21#