938
CXUS51 KRLX 020005
CF6EKN
PRELIMINARY LOCAL CLIMATOLOGICAL DATA (WS FORM: F-6)
STATION: ELKINS WV
MONTH: AUGUST
YEAR: 2020
LATITUDE: 38 52 N
LONGITUDE: 79 51 W
TEMPERATURE IN F: :PCPN: SNOW: WIND :SUNSHINE: SKY :PK WND
================================================================================
1 2 3 4 5 6A 6B 7 8 9 10 11 12 13 14 15 16 17 18
12Z AVG MX 2MIN
DY MAX MIN AVG DEP HDD CDD WTR SNW DPTH SPD SPD DIR MIN PSBL S-S WX SPD DR
================================================================================
1 84 66 75 5 0 10 1.11 0.0 0 2.1 18 180 M M 6 13 26 180
2 83 61 72 2 0 7 0.00 0.0 0 4.9 20 230 M M 7 12 27 190
3 77 58 68 -2 0 3 T 0.0 0 0.9 8 140 M M 4 12 10 140
4 80 63 72 2 0 7 T 0.0 0 4.2 15 260 M M 5 22 250
5 80 62 71 1 0 6 0.00 0.0 0 3.4 12 320 M M 5 1 16 350
6 80 61 71 1 0 6 0.41 0.0 0 2.2 12 330 M M 7 13 16 340
7 83 64 74 4 0 9 0.00 0.0 0 2.1 12 300 M M 6 12 15 290
8 84 62 73 3 0 8 0.00 0.0 0 2.1 13 310 M M 4 12 17 300
9 84 59 72 2 0 7 0.00 0.0 0 1.7 9 350 M M 4 12 14 300
10 87 57 72 2 0 7 0.00 0.0 0 1.4 9 300 M M 4 12 12 300
11 84 60 72 2 0 7 0.00 0.0 0 1.6 10 330 M M 3 128 14 310
12 88 64 76 6 0 11 0.24 0.0 0 2.0 13 10 M M 7 1238 21 350
13 86 66 76 6 0 11 0.33 0.0 0 1.9 15 10 M M 4 13 20 10
14 86 65 76 6 0 11 0.04 0.0 0 2.1 10 130 M M 3 12 15 130
15 70 61 66 -3 0 1 0.53 0.0 0 2.3 13 160 M M 10 1 17 160
16 76 61 69 0 0 4 0.01 0.0 0 0.7 7 320 M M 8 1 10 130
17 80 63 72 3 0 7 0.01 0.0 0 3.4 15 360 M M 6 1 19 10
18 79 57 68 -1 0 3 0.17 0.0 0 2.6 12 290 M M 6 128 15 340
19 76 53 65 -4 0 0 T 0.0 0 2.6 13 350 M M 4 16 350
20 83 51 67 -2 0 2 0.00 0.0 0 1.9 9 310 M M 4 12 12 300
21 77 60 69 0 0 4 0.02 0.0 0 0.3 10 170 M M 6 1 13 180
22 84 65 75 6 0 10 1.37 0.0 0 2.3 13 140 M M 7 138 17 130
23 84 63 74 5 0 9 T 0.0 0 2.7 12 200 M M 6 13 16 210
24 84 65 75 7 0 10 0.34 0.0 0 3.3 14 290 M M 6 13 19 290
25 85 63 74 6 0 9 0.55 0.0 0 3.9 25 340 M M 6 13 36 360
26 83 62 73 5 0 8 0.00 0.0 0 2.5 12 290 M M 6 12 16 280
27 81 65 73 5 0 8 0.20 0.0 0 4.4 17 230 M M 7 13 24 240
28 85 67 76 8 0 11 0.47 0.0 0 1.9 13 220 M M 5 13 17 250
29 80 65 73 5 0 8 2.04 0.0 0 3.7 15 280 M M 9 13 24 290
30 75 56 66 -1 0 1 0.00 0.0 0 2.1 12 310 M M 2 1 14 300
31 77 59 68 1 0 3 0.48 0.0 0 2.8 10 140 M M 7 1 14 130
================================================================================
SM 2525 1904 0 208 8.32 0.0 76.0 M 174
================================================================================
AV 81.5 61.4 2.5 FASTST M M 6 MAX(MPH)
MISC ----> 25 340 36 360
================================================================================
NOTES:
# LAST OF SEVERAL OCCURRENCES
COLUMN 17 PEAK WIND IN M.P.H.
PRELIMINARY LOCAL CLIMATOLOGICAL DATA (WS FORM: F-6) , PAGE 2
STATION: ELKINS WV
MONTH: AUGUST
YEAR: 2020
LATITUDE: 38 52 N
LONGITUDE: 79 51 W
[TEMPERATURE DATA] [PRECIPITATION DATA] SYMBOLS USED IN COLUMN 16
AVERAGE MONTHLY: 71.4 TOTAL FOR MONTH: 8.32 1 = FOG OR MIST
DPTR FM NORMAL: 2.3 DPTR FM NORMAL: 4.48 2 = FOG REDUCING VISIBILITY
HIGHEST: 88 ON 12 GRTST 24HR 2.51 ON 28-29 TO 1/4 MILE OR LESS
LOWEST: 51 ON 20 3 = THUNDER
SNOW, ICE PELLETS, HAIL 4 = ICE PELLETS
TOTAL MONTH: 0.0 INCH 5 = HAIL
GRTST 24HR 0.0 6 = FREEZING RAIN OR DRIZZLE
GRTST DEPTH: 0 7 = DUSTSTORM OR SANDSTORM:
VSBY 1/2 MILE OR LESS
8 = SMOKE OR HAZE
[NO. OF DAYS WITH] [WEATHER - DAYS WITH] 9 = BLOWING SNOW
X = TORNADO
MAX 32 OR BELOW: 0 0.01 INCH OR MORE: 17
MAX 90 OR ABOVE: 0 0.10 INCH OR MORE: 13
MIN 32 OR BELOW: 0 0.50 INCH OR MORE: 5
MIN 0 OR BELOW: 0 1.00 INCH OR MORE: 3
[HDD (BASE 65) ]
TOTAL THIS MO. 0 CLEAR (SCALE 0-3) 2
DPTR FM NORMAL -18 PTCLDY (SCALE 4-7) 27
TOTAL FM JUL 1 0 CLOUDY (SCALE 8-10) 2
DPTR FM NORMAL -28
[CDD (BASE 65) ]
TOTAL THIS MO. 208
DPTR FM NORMAL 63 [PRESSURE DATA]
TOTAL FM JAN 1 682 HIGHEST SLP 30.25 ON 9
DPTR FM NORMAL 256 LOWEST SLP 29.68 ON 29
[REMARKS]
#FINAL-08-20#