000
CXUS54 KEWX 011010
CF6ERV
PRELIMINARY LOCAL CLIMATOLOGICAL DATA (WS FORM: F-6)
STATION: KERRVILLE
MONTH: MAY
YEAR: 2021
LATITUDE: 29 58 N
LONGITUDE: 99 5 W
TEMPERATURE IN F: :PCPN: SNOW: WIND :SUNSHINE: SKY :PK WND
================================================================================
1 2 3 4 5 6A 6B 7 8 9 10 11 12 13 14 15 16 17 18
12Z AVG MX 2MIN
DY MAX MIN AVG DEP HDD CDD WTR SNW DPTH SPD SPD DIR MIN PSBL S-S WX SPD DR
================================================================================
1 72 59 66 M 0 1 2.32 M M 5.4 12 40 M M 9 3 18 40
2 87 52 70 M 0 5 M M M 5.9 15 190 M M 2 1 22 200
3 92 69 81 M 0 16 M M M 6.3 13 130 M M 2 18 17 180
4 79 59 69 M 0 4 M M M 12.0 20 360 M M 2 26 360
5 82 51 67 M 0 2 M M M 3.3 7 30 M M 0 M M
6 84 49 67 M 0 2 M M M 3.5 10 130 M M 0 M M
7 84 52 68 M 0 3 M M M 7.4 15 150 M M 0 22 150
8 86 64 75 M 0 10 M M M 15.4 23 150 M M 7 28 190
9 89 72 81 M 0 16 M M M 8.1 18 160 M M 6 25 150
10 86 61 74 M 0 9 M M M 7.7 16 40 M M 9 13 24 100
11 72 59 66 M 0 1 0.72 M M 6.0 13 40 M M 10 13 20 10
12 72 57 65 M 0 0 M M M 10.6 15 20 M M 9 23 20
13 74 57 66 M 0 1 M M M 5.8 9 50 M M 6 16 40
14 80 54 67 M 0 2 M M M 5.2 15 160 M M 7 24 160
15 76 64 70 M 0 5 0.03 M M 10.6 15 140 M M 8 3 24 150
16 83 66 75 M 0 10 0.01 M M 9.1 15 140 M M 8 25 140
17 82 72 77 M 0 12 M M M 11.3 16 140 M M 8 23 140
18 74 63 69 M 0 4 0.54 M M 7.0 16 30 M M 7 13 23 30
19 73 59 66 M 0 1 M M M 5.0 16 150 M M 5 1 20 150
20 84 54 69 M 0 4 0.00 M M 3.9 9 150 M M 1 12 M M
21 84 64 74 M 0 9 M M M 6.5 14 130 M M 6 18 220
22 79 69 74 M 0 9 0.03 M M 6.5 13 130 M M 10 3 22 160
23 80 69 75 M 0 10 M M M 8.6 14 100 M M 10 1 21 90
24 83 69 76 M 0 11 0.05 M M 8.0 16 150 M M 8 21 190
25 87 72 80 M 0 15 M M M 11.1 14 150 M M 8 23 180
26 87 72 80 M 0 15 0.02 M M 9.0 13 150 M M 8 20 150
27 88 72 80 M 0 15 M M M 11.8 17 160 M M 6 24 170
28 81 63 72 M 0 7 1.25 M M 8.5 16 80 M M 9 13 41 80
29 83 64 74 M 0 9 0.59 M M 5.9 15 90 M M 5 3 28 110
30 84 64 74 M 0 9 0.11 M M 6.1 15 130 M M 7 22 130
31 81 64 73 M 0 8 0.12 M M 10.8 17 150 M M 9 3 23 360
================================================================================
SM 2528 1935 0 225 5.79 M 242.3 M 192
================================================================================
AV 81.5 62.4 7.8 FASTST M M 6 MAX(MPH)
MISC ----> 23 150 41 80
================================================================================
NOTES:
# LAST OF SEVERAL OCCURRENCES
COLUMN 17 PEAK WIND IN M.P.H.
PRELIMINARY LOCAL CLIMATOLOGICAL DATA (WS FORM: F-6) , PAGE 2
STATION: KERRVILLE
MONTH: MAY
YEAR: 2021
LATITUDE: 29 58 N
LONGITUDE: 99 5 W
[TEMPERATURE DATA] [PRECIPITATION DATA] SYMBOLS USED IN COLUMN 16
AVERAGE MONTHLY: 72.0 TOTAL FOR MONTH: 5.79 1 = FOG OR MIST
DPTR FM NORMAL: 0.0 DPTR FM NORMAL: M 2 = FOG REDUCING VISIBILITY
HIGHEST: 92 ON 3 GRTST 24HR 2.32 ON 1- 1 TO 1/4 MILE OR LESS
LOWEST: 49 ON 6 3 = THUNDER
SNOW, ICE PELLETS, HAIL 4 = ICE PELLETS
TOTAL MONTH: M 5 = HAIL
GRTST 24HR M ON M 6 = FREEZING RAIN OR DRIZZLE
GRTST DEPTH: M ON M 7 = DUSTSTORM OR SANDSTORM:
VSBY 1/2 MILE OR LESS
8 = SMOKE OR HAZE
[NO. OF DAYS WITH] [WEATHER - DAYS WITH] 9 = BLOWING SNOW
X = TORNADO
MAX 32 OR BELOW: 0 0.01 INCH OR MORE: 12
MAX 90 OR ABOVE: 1 0.10 INCH OR MORE: 7
MIN 32 OR BELOW: 0 0.50 INCH OR MORE: 5
MIN 0 OR BELOW: 0 1.00 INCH OR MORE: 2
[HDD (BASE 65) ]
TOTAL THIS MO. 0 CLEAR (SCALE 0-3) 7
DPTR FM NORMAL M PTCLDY (SCALE 4-7) 12
TOTAL FM JUL 1 2052 CLOUDY (SCALE 8-10) 12
DPTR FM NORMAL M
[CDD (BASE 65) ]
TOTAL THIS MO. 225
DPTR FM NORMAL M [PRESSURE DATA]
TOTAL FM JAN 1 360 HIGHEST SLP M ON M
DPTR FM NORMAL M LOWEST SLP M ON M
[REMARKS]
#FINAL-05-21#