000
CXUS53 KPAH 011951
CF6EVV
PRELIMINARY LOCAL CLIMATOLOGICAL DATA (WS FORM: F-6)
STATION: EVANSVILLE IN
MONTH: JANUARY
YEAR: 2024
LATITUDE: 38 2 N
LONGITUDE: 87 32 W
TEMPERATURE IN F: :PCPN: SNOW: WIND :SUNSHINE: SKY :PK WND
================================================================================
1 2 3 4 5 6A 6B 7 8 9 10 11 12 13 14 15 16 17 18
12Z AVG MX 2MIN
DY MAX MIN AVG DEP HDD CDD WTR SNW DPTH SPD SPD DIR MIN PSBL S-S WX SPD DR
================================================================================
1 38 34 36 1 29 0 T T 0 5.2 14 310 M M 10 20 320
2 40 27 34 0 31 0 0.00 0.0 0 3.9 13 220 M M 6 18 230
3 47 23 35 1 30 0 0.00 0.0 0 4.9 16 340 M M 4 18 24 340
4 45 28 37 3 28 0 0.00 0.0 0 4.7 13 360 M M 5 19 360
5 41 24 33 -1 32 0 0.01 0.0 0 4.2 12 90 M M 2 15 100
6 42 37 40 6 25 0 0.20 0.0 0 5.8 12 280 M M 10 1 18 270
7 41 30 36 2 29 0 T T 0 7.0 15 260 M M 9 1 24 260
8 44 27 36 2 29 0 0.59 0.0 0 8.3 21 90 M M 3 1 31 90
9 49 35 42 8 23 0 0.95 T 0 15.0 31 240 M M 10 1 44 220
10 40 32 36 2 29 0 0.01 T 0 11.6 25 260 M M 7 1 42 290
11 51 32 42 9 23 0 0.00 0.0 0 6.3 14 240 M M 0 19 230
12 51 24 38 5 27 0 1.73 T 0 15.5 36 240 M M 9 13 47 240
13 30 18 24 -9 41 0 T T 0 13.0 29 260 M M 10 39 260
14 18 5 12 -21 53 0 0.04 0.3 0 7.7 20 290 M M 6 8 30 280
15 14 4 9 -24 56 0 0.00 0.0 T 7.0 13 340 M M 6 18 330
16 17 5 11 -22 54 0 T T T 7.9 16 260 M M 4 8 23 290
17 31 4 18 -15 47 0 0.00 0.0 T 11.4 23 210 M M 0 30 220
18 36 23 30 -3 35 0 0.01 T 0 5.6 12 210 M M 4 1 18 190
19 29 7 18 -15 47 0 0.02 0.7 1 10.5 21 330 M M 6 18 35 330
20 19 3 11 -22 54 0 0.00 0.0 1 5.0 13 310 M M 0 20 310
21 28 3 16 -17 49 0 0.00 0.0 1 3.8 13 160 M M 0 17 140
22 43 21 32 -1 33 0 0.01 0.0 T 5.9 17 200 M M 9 24 200
23 49 40 45 12 20 0 0.59 0.0 0 3.8 9 170 M M 10 12 13 130
24 57 48 53 20 12 0 0.62 0.0 0 4.6 12 190 M M 10 12 17 190
25 54 46 50 17 15 0 0.41 0.0 0 4.2 17 250 M M 10 12 22 250
26 48 42 45 11 20 0 0.00 0.0 0 5.3 13 270 M M 10 1 19 280
27 44 40 42 8 23 0 0.95 0.0 0 11.3 22 360 M M 10 1 35 360
28 40 34 37 3 28 0 0.07 0.0 0 15.9 20 300 M M 10 1 33 290
29 38 31 35 1 30 0 T T 0 5.4 9 270 M M 8 1 14 260
30 44 31 38 4 27 0 0.03 0.0 0 6.6 16 300 M M 7 18 23 300
31 50 33 42 8 23 0 0.00 0.0 0 4.0 10 250 M M 6 15 240
================================================================================
SM 1218 791 1002 0 6.24 1.0 231.3 M 201
================================================================================
AV 39.3 25.5 7.5 FASTST M M 6 MAX(MPH)
MISC ----> 36 240 47 240
================================================================================
NOTES:
# LAST OF SEVERAL OCCURRENCES
COLUMN 17 PEAK WIND IN M.P.H.
PRELIMINARY LOCAL CLIMATOLOGICAL DATA (WS FORM: F-6) , PAGE 2
STATION: EVANSVILLE IN
MONTH: JANUARY
YEAR: 2024
LATITUDE: 38 2 N
LONGITUDE: 87 32 W
[TEMPERATURE DATA] [PRECIPITATION DATA] SYMBOLS USED IN COLUMN 16
AVERAGE MONTHLY: 32.4 TOTAL FOR MONTH: 6.24 1 = FOG OR MIST
DPTR FM NORMAL: -1.2 DPTR FM NORMAL: 2.89 2 = FOG REDUCING VISIBILITY
HIGHEST: 57 ON 24 GRTST 24HR 1.73 ON 12-12 TO 1/4 MILE OR LESS
LOWEST: 3 ON 21,20 3 = THUNDER
SNOW, ICE PELLETS, HAIL 4 = ICE PELLETS
TOTAL MONTH: 1.0 INCH 5 = HAIL
GRTST 24HR 0.7 ON 19-19 6 = FREEZING RAIN OR DRIZZLE
GRTST DEPTH: 1 ON 21,20 7 = DUSTSTORM OR SANDSTORM:
VSBY 1/2 MILE OR LESS
8 = SMOKE OR HAZE
[NO. OF DAYS WITH] [WEATHER - DAYS WITH] 9 = BLOWING SNOW
X = TORNADO
MAX 32 OR BELOW: 8 0.01 INCH OR MORE: 16
MAX 90 OR ABOVE: 0 0.10 INCH OR MORE: 8
MIN 32 OR BELOW: 21 0.50 INCH OR MORE: 6
MIN 0 OR BELOW: 0 1.00 INCH OR MORE: 1
[HDD (BASE 65) ]
TOTAL THIS MO. 1002 CLEAR (SCALE 0-3) 6
DPTR FM NORMAL 29 PTCLDY (SCALE 4-7) 12
TOTAL FM JUL 1 2307 CLOUDY (SCALE 8-10) 13
DPTR FM NORMAL -354
[CDD (BASE 65) ]
TOTAL THIS MO. 0
DPTR FM NORMAL 0 [PRESSURE DATA]
TOTAL FM JAN 1 0 HIGHEST SLP 30.76 ON 21
DPTR FM NORMAL 0 LOWEST SLP 29.10 ON 12
[REMARKS]
#FINAL-01-24#