000
CXUS52 KMHX 010700
CF6EWN
PRELIMINARY LOCAL CLIMATOLOGICAL DATA (WS FORM: F-6)
STATION: NEW BERN NC
MONTH: DECEMBER
YEAR: 2020
LATITUDE: 35 4 N
LONGITUDE: 77 3 W
TEMPERATURE IN F: :PCPN: SNOW: WIND :SUNSHINE: SKY :PK WND
================================================================================
1 2 3 4 5 6A 6B 7 8 9 10 11 12 13 14 15 16 17 18
12Z AVG MX 2MIN
DY MAX MIN AVG DEP HDD CDD WTR SNW DPTH SPD SPD DIR MIN PSBL S-S WX SPD DR
================================================================================
1 52 36 44 -7 21 0 0.00 0.0 0 10.8 20 260 M M 2 32 220
2 50 30 40 -10 25 0 0.00 0.0 M 6.5 14 310 M M 0 18 300
3 59 27 43 -7 22 0 0.00 0.0 0 1.5 9 210 M M 0 13 210
4 72 34 53 3 12 0 0.17 M 0 5.3 18 210 M M 4 1 27 210
5 63 38 51 2 14 0 0.07 M 0 10.8 35 260 M M 3 1 45 250
6 54 33 44 -5 21 0 0.00 0.0 0 2.3 10 280 M M 0 13 320
7 50 35 43 -6 22 0 0.10 M 0 7.2 18 360 M M 9 1 24 10
8 47 31 39 -10 26 0 0.00 0.0 0 6.5 15 310 M M 1 22 340
9 54 26 40 -8 25 0 T M M 5.8 17 250 M M 0 22 250
10 59 31 45 -3 20 0 0.00 0.0 M 3.1 9 160 M M 0 12 14 140
11 71 38 55 7 10 0 0.01 0.0 M 2.9 12 180 M M 7 1 17 130
12 68 51 60 12 5 0 T 0.0 M 3.6 12 200 M M 5 12 16 200
13 72 52 62 15 3 0 0.87 0.0 M 3.5 9 230 M M 8 1 13 220
14 71 41 56 9 9 0 0.32 0.0 0 9.9 32 330 M M 7 13 42 330
15 48 34 41 -6 24 0 0.00 0.0 M 10.9 17 50 M M 4 23 30
16 62 42 52 6 13 0 1.17 0.0 0 7.8 16 290 M M 10 1 21 260
17 48 35 42 -4 23 0 0.00 0.0 0 6.1 15 320 M M 7 1 21 320
18 48 32 40 -6 25 0 0.00 0.0 0 6.0 16 10 M M 6 1 19 350
19 48 29 39 -7 26 0 0.00 0.0 M 2.0 7 100 M M 2 12 10 100
20 46 31 39 -7 26 0 0.82 M M 5.5 18 30 M M 8 1 22 30
21 50 41 46 1 19 0 0.09 0.0 M 6.0 13 240 M M 8 1 20 220
22 57 32 45 0 20 0 0.00 0.0 M 6.9 22 320 M M 0 28 310
23 56 30 43 -2 22 0 0.00 0.0 M 3.0 10 110 M M 1 1 13 110
24 72 47 60 15 5 0 0.29 0.0 0 13.0 33 270 M M 8 1 47 180
25 59 28 44 -1 21 0 0.04 0.0 M 13.0 25 280 M M 5 1 38 260
26 41 25 33 -12 32 0 0.00 0.0 M 5.4 13 290 M M 0 17 300
27 51 24 38 -6 27 0 0.00 0.0 M 1.6 9 90 M M 0 12 140
28 66 32 49 5 16 0 0.00 0.0 0 3.2 18 240 M M 1 1 25 240
29 52 35 44 0 21 0 0.00 0.0 0 7.0 16 50 M M 0 20 50
30 59 31 45 1 20 0 0.00 0.0 0 5.8 10 170 M M 2 14 180
31 72 58 65 21 0 0 1.70 0.0 M 7.9 23 210 M M 10 1 32 210
================================================================================
SM 1777 1089 575 0 5.65 0.0 190.8 M 118
================================================================================
AV 57.3 35.1 6.2 FASTST M M 4 MAX(MPH)
MISC ----> 35 260 47 180
================================================================================
NOTES:
# LAST OF SEVERAL OCCURRENCES
COLUMN 17 PEAK WIND IN M.P.H.
PRELIMINARY LOCAL CLIMATOLOGICAL DATA (WS FORM: F-6) , PAGE 2
STATION: NEW BERN NC
MONTH: DECEMBER
YEAR: 2020
LATITUDE: 35 4 N
LONGITUDE: 77 3 W
[TEMPERATURE DATA] [PRECIPITATION DATA] SYMBOLS USED IN COLUMN 16
AVERAGE MONTHLY: 46.2 TOTAL FOR MONTH: 5.65 1 = FOG OR MIST
DPTR FM NORMAL: -0.6 DPTR FM NORMAL: 2.25 2 = FOG REDUCING VISIBILITY
HIGHEST: 72 ON 31,24 GRTST 24HR 1.70 ON 31-31 TO 1/4 MILE OR LESS
LOWEST: 24 ON 27 3 = THUNDER
SNOW, ICE PELLETS, HAIL 4 = ICE PELLETS
TOTAL MONTH: 0.0 INCH 5 = HAIL
GRTST 24HR 0.0 6 = FREEZING RAIN OR DRIZZLE
GRTST DEPTH: 0 7 = DUSTSTORM OR SANDSTORM:
VSBY 1/2 MILE OR LESS
8 = SMOKE OR HAZE
[NO. OF DAYS WITH] [WEATHER - DAYS WITH] 9 = BLOWING SNOW
X = TORNADO
MAX 32 OR BELOW: 0 0.01 INCH OR MORE: 12
MAX 90 OR ABOVE: 0 0.10 INCH OR MORE: 8
MIN 32 OR BELOW: 15 0.50 INCH OR MORE: 4
MIN 0 OR BELOW: 0 1.00 INCH OR MORE: 2
[HDD (BASE 65) ]
TOTAL THIS MO. 575 CLEAR (SCALE 0-3) 15
DPTR FM NORMAL 8 PTCLDY (SCALE 4-7) 11
TOTAL FM JUL 1 830 CLOUDY (SCALE 8-10) 5
DPTR FM NORMAL -165
[CDD (BASE 65) ]
TOTAL THIS MO. 0
DPTR FM NORMAL -3 [PRESSURE DATA]
TOTAL FM JAN 1 1991 HIGHEST SLP M ON M
DPTR FM NORMAL 88 LOWEST SLP 29.59 ON 24
[REMARKS]
#FINAL-12-20#