178
CXUS53 KIND 010700
CF6EYE
PRELIMINARY LOCAL CLIMATOLOGICAL DATA (WS FORM: F-6)
STATION: INDIANAPOLIS EAGLE CREEK IN
MONTH: FEBRUARY
YEAR: 2021
LATITUDE: 39 49 N
LONGITUDE: 86 18 W
TEMPERATURE IN F: :PCPN: SNOW: WIND :SUNSHINE: SKY :PK WND
================================================================================
1 2 3 4 5 6A 6B 7 8 9 10 11 12 13 14 15 16 17 18
12Z AVG MX 2MIN
DY MAX MIN AVG DEP HDD CDD WTR SNW DPTH SPD SPD DIR MIN PSBL S-S WX SPD DR
================================================================================
1 32 23 28 -1 37 0 T M M 13.6 22 330 M M 7 1 33 340
2 33 21 27 -2 38 0 0.00 M M 10.6 17 350 M M 5 27 350
3 34 21 28 -1 37 0 0.00 M M 5.0 12 310 M M 3 17 320
4 38 27 33 4 32 0 0.26 M M 10.4 31 270 M M 6 14 51 270
5 31 20 26 -4 39 0 T M M 11.5 26 280 M M 6 46 260
6 25 12 19 -11 46 0 T M M 7.5 15 300 M M 2 1 20 300
7 17 1 9 -21 56 0 T M M 7.8 15 310 M M 5 18 23 320
8 24 9 17 -13 48 0 0.01 M M 4.6 9 90 M M 10 8 12 100
9 25 18 22 -8 43 0 T M M 6.4 14 20 M M 8 18 19 20
10 22 18 20 -11 45 0 0.02 M M 8.5 14 20 M M 7 18 21 10
11 23 18 21 -10 44 0 0.02 M M 10.3 17 50 M M 8 18 27 40
12 25 19 22 -9 43 0 0.00 M M 8.1 16 340 M M 8 22 330
13 25 12 19 -12 46 0 T M M 8.5 15 310 M M 10 18 22 310
14 18 2 10 -22 55 0 T M M 10.4 17 330 M M 8 8 22 330
15 16 9 13 -19 52 0 0.25 M M 11.4 18 350 M M 10 128 30 10
16 18 4 11 -21 54 0 T M M 8.1 17 360 M M 5 18 24 360
17 22 -4 9 -23 56 0 0.00 M M 4.5 12 70 M M 5 17 90
18 25 14 20 -13 45 0 0.07 M M 7.0 15 330 M M 8 18 19 340
19 21 8 15 -18 50 0 0.00 M M 5.9 16 290 M M 3 18 23 280
20 32 13 23 -10 42 0 0.00 M M 4.6 10 210 M M 6 16 210
21 45 21 33 -1 32 0 0.02 M M 9.2 26 200 M M 2 43 200
22 41 33 37 3 28 0 0.05 M M 11.8 25 270 M M 7 18 39 280
23 51 36 44 10 21 0 0.00 M M 7.8 20 280 M M 2 29 240
24 55 33 44 9 21 0 0.00 M M 8.4 22 300 M M 2 30 300
25 46 27 37 2 28 0 0.00 M M 4.9 15 330 M M 2 20 330
26 47 24 36 1 29 0 0.02 M M 8.4 18 130 M M 3 1 24 120
27 58 39 49 13 16 0 0.10 M M 3.7 10 290 M M 5 1 14 290
28 61 38 50 14 15 0 0.65 M M 9.2 23 310 M M 9 1 32 310
================================================================================
SM 910 516 1098 0 1.47 M 228.1 M 162
================================================================================
AV 32.5 18.4 8.1 FASTST M M 6 MAX(MPH)
MISC ----> 31 270 51 270
================================================================================
NOTES:
# LAST OF SEVERAL OCCURRENCES
COLUMN 17 PEAK WIND IN M.P.H.
PRELIMINARY LOCAL CLIMATOLOGICAL DATA (WS FORM: F-6) , PAGE 2
STATION: INDIANAPOLIS EAGLE CREEK IN
MONTH: FEBRUARY
YEAR: 2021
LATITUDE: 39 49 N
LONGITUDE: 86 18 W
[TEMPERATURE DATA] [PRECIPITATION DATA] SYMBOLS USED IN COLUMN 16
AVERAGE MONTHLY: 25.5 TOTAL FOR MONTH: 1.47 1 = FOG OR MIST
DPTR FM NORMAL: -6.5 DPTR FM NORMAL: -0.66 2 = FOG REDUCING VISIBILITY
HIGHEST: 61 ON 28 GRTST 24HR 0.65 ON 28-28 TO 1/4 MILE OR LESS
LOWEST: -4 ON 17 3 = THUNDER
SNOW, ICE PELLETS, HAIL 4 = ICE PELLETS
TOTAL MONTH: M 5 = HAIL
GRTST 24HR M ON M 6 = FREEZING RAIN OR DRIZZLE
GRTST DEPTH: M ON M 7 = DUSTSTORM OR SANDSTORM:
VSBY 1/2 MILE OR LESS
8 = SMOKE OR HAZE
[NO. OF DAYS WITH] [WEATHER - DAYS WITH] 9 = BLOWING SNOW
X = TORNADO
MAX 32 OR BELOW: 17 0.01 INCH OR MORE: 11
MAX 90 OR ABOVE: 0 0.10 INCH OR MORE: 4
MIN 32 OR BELOW: 23 0.50 INCH OR MORE: 1
MIN 0 OR BELOW: 1 1.00 INCH OR MORE: 0
[HDD (BASE 65) ]
TOTAL THIS MO. 1098 CLEAR (SCALE 0-3) 7
DPTR FM NORMAL 174 PTCLDY (SCALE 4-7) 14
TOTAL FM JUL 1 3945 CLOUDY (SCALE 8-10) 7
DPTR FM NORMAL -180
[CDD (BASE 65) ]
TOTAL THIS MO. 0
DPTR FM NORMAL 0 [PRESSURE DATA]
TOTAL FM JAN 1 0 HIGHEST SLP M ON M
DPTR FM NORMAL 0 LOWEST SLP 29.45 ON 4
[REMARKS]
#FINAL-02-21#