000
CXUS53 KFGF 010815
CF6FAR
PRELIMINARY LOCAL CLIMATOLOGICAL DATA (WS FORM: F-6)
STATION: FARGO HECTOR INTL AP ND
MONTH: JUNE
YEAR: 2022
LATITUDE: 46 54 N
LONGITUDE: 96 48 W
TEMPERATURE IN F: :PCPN: SNOW: WIND :SUNSHINE: SKY :PK WND
================================================================================
1 2 3 4 5 6A 6B 7 8 9 10 11 12 13 14 15 16 17 18
12Z AVG MX 2MIN
DY MAX MIN AVG DEP HDD CDD WTR SNW DPTH SPD SPD DIR MIN PSBL S-S WX SPD DR
================================================================================
1 72 40 56 -7 9 0 0.00 0.0 0 11.4 25 260 M M 2 39 290
2 71 43 57 -6 8 0 0.00 0.0 0 16.9 38 270 M M 1 48 280
3 72 37 55 -9 10 0 0.00 0.0 0 8.4 20 210 M M 1 27 210
4 78 42 60 -4 5 0 0.00 0.0 0 7.8 13 30 M M 0 20 310
5 79 48 64 0 1 0 0.00 0.0 0 8.7 26 40 M M 1 78 34 40
6 72 49 61 -3 4 0 0.00 0.0 0 11.3 21 30 M M 0 8 27 30
7 74 46 60 -5 5 0 0.00 0.0 0 4.2 12 10 M M 3 8 15 30
8 76 52 64 -1 1 0 0.00 0.0 0 9.0 21 350 M M 2 30 300
9 78 47 63 -2 2 0 0.00 0.0 0 4.0 16 170 M M 3 22 170
10 80 59 70 4 0 5 0.09 0.0 0 6.8 22 250 M M 5 1 29 240
11 81 59 70 4 0 5 0.19 0.0 0 7.2 18 170 M M 4 1 25 170
12 88 63 76 10 0 11 T 0.0 0 11.0 22 140 M M 2 29 140
13 89 67 78 12 0 13 0.04 0.0 0 12.0 31 120 M M 2 13 40 120
14 84 62 73 6 0 8 0.04 0.0 0 12.8 28 260 M M 5 13 35 260
15 80 57 69 2 0 4 0.00 0.0 0 15.4 33 240 M M 2 48 240
16 78 59 69 2 0 4 T 0.0 0 20.7 35 270 M M 3 46 270
17 85 53 69 1 0 4 0.00 0.0 0 6.0 15 110 M M 0 21 120
18 89 65 77 9 0 12 0.00 0.0 0 22.7 36 140 M M 0 52 130
19 101 75 88 20 0 23 0.00 0.0 0 23.0 31 190 M M 0 47 150
20 96 67 82 14 0 17 0.55 0.0 0 10.5 49 290 M M 2 13 65 290
21 78 61 70 2 0 5 0.00 0.0 0 16.9 32 240 M M 1 42 260
22 84 56 70 2 0 5 0.00 0.0 0 8.1 20 250 M M 1 27 260
23 95 68 82 13 0 17 0.00 0.0 0 8.0 17 220 M M 0 23 140
24 93 64 79 10 0 14 0.72 0.0 0 16.6 38 350 M M 2 13 48 350
25 71 57 64 -5 1 0 0.01 0.0 0 17.0 31 270 M M 7 40 280
26 73 51 62 -7 3 0 0.02 0.0 0 14.7 30 360 M M 3 41 330
27 83 53 68 -1 0 3 0.16 0.0 0 8.8 23 250 M M 1 3 31 260
28 72 54 63 -7 2 0 T 0.0 0 8.3 20 360 M M 1 3 26 50
29 86 54 70 0 0 5 0.14 0.0 0 13.3 39 230 M M 1 13 58 240
30 80 57 69 -1 0 4 0.31 0.0 0 13.3 25 300 M M 2 13 35 310
================================================================================
SM 2438 1665 51 159 2.27 0.0 354.8 M 57
================================================================================
AV 81.3 55.5 11.8 FASTST M M 2 MAX(MPH)
MISC ----> 49 290 65 290
================================================================================
NOTES:
# LAST OF SEVERAL OCCURRENCES
COLUMN 17 PEAK WIND IN M.P.H.
PRELIMINARY LOCAL CLIMATOLOGICAL DATA (WS FORM: F-6) , PAGE 2
STATION: FARGO HECTOR INTL AP ND
MONTH: JUNE
YEAR: 2022
LATITUDE: 46 54 N
LONGITUDE: 96 48 W
[TEMPERATURE DATA] [PRECIPITATION DATA] SYMBOLS USED IN COLUMN 16
AVERAGE MONTHLY: 68.4 TOTAL FOR MONTH: 2.27 1 = FOG OR MIST
DPTR FM NORMAL: 1.6 DPTR FM NORMAL: -2.02 2 = FOG REDUCING VISIBILITY
HIGHEST: 101 ON 19 GRTST 24HR 0.73 ON 24-25 TO 1/4 MILE OR LESS
LOWEST: 37 ON 3 3 = THUNDER
SNOW, ICE PELLETS, HAIL 4 = ICE PELLETS
TOTAL MONTH: 0.0 INCH 5 = HAIL
GRTST 24HR 0.0 6 = FREEZING RAIN OR DRIZZLE
GRTST DEPTH: 0 7 = DUSTSTORM OR SANDSTORM:
VSBY 1/2 MILE OR LESS
8 = SMOKE OR HAZE
[NO. OF DAYS WITH] [WEATHER - DAYS WITH] 9 = BLOWING SNOW
X = TORNADO
MAX 32 OR BELOW: 0 0.01 INCH OR MORE: 11
MAX 90 OR ABOVE: 4 0.10 INCH OR MORE: 6
MIN 32 OR BELOW: 0 0.50 INCH OR MORE: 2
MIN 0 OR BELOW: 0 1.00 INCH OR MORE: 0
[HDD (BASE 65) ]
TOTAL THIS MO. 51 CLEAR (SCALE 0-3) 25
DPTR FM NORMAL -9 PTCLDY (SCALE 4-7) 5
TOTAL FM JUL 1 9051 CLOUDY (SCALE 8-10) 0
DPTR FM NORMAL 245
[CDD (BASE 65) ]
TOTAL THIS MO. 159
DPTR FM NORMAL 43 [PRESSURE DATA]
TOTAL FM JAN 1 175 HIGHEST SLP M ON M
DPTR FM NORMAL 29 LOWEST SLP 29.28 ON 14
[REMARKS]
#FINAL-06-22#