000
CXUS53 KFGF 010915
CF6FAR
PRELIMINARY LOCAL CLIMATOLOGICAL DATA (WS FORM: F-6)
STATION: FARGO HECTOR INTL AP ND
MONTH: NOVEMBER
YEAR: 2020
LATITUDE: 46 54 N
LONGITUDE: 96 48 W
TEMPERATURE IN F: :PCPN: SNOW: WIND :SUNSHINE: SKY :PK WND
================================================================================
1 2 3 4 5 6A 6B 7 8 9 10 11 12 13 14 15 16 17 18
12Z AVG MX 2MIN
DY MAX MIN AVG DEP HDD CDD WTR SNW DPTH SPD SPD DIR MIN PSBL S-S WX SPD DR
================================================================================
1 37 19 28 -10 37 0 0.00 0.0 0 12.1 25 340 M M 1 36 320
2 62 28 45 8 20 0 0.00 0.0 0 9.1 16 270 M M 0 20 240
3 71 34 53 17 12 0 0.00 0.0 0 10.0 17 240 M M 0 23 230
4 74 32 53 17 12 0 0.00 0.0 0 10.4 18 260 M M 0 22 250
5 61 29 45 10 20 0 0.00 0.0 0 9.4 17 170 M M 0 24 170
6 63 38 51 16 14 0 0.00 0.0 0 8.2 16 340 M M 0 22 350
7 62 32 47 13 18 0 0.00 0.0 0 8.8 24 150 M M 1 37 150
8 73 39 56 23 9 0 0.00 0.0 0 22.4 40 170 M M 3 58 180
9 38 18 28 -5 37 0 0.07 0.4 0 10.6 20 280 M M 4 12 25 280
10 26 12 19 -13 46 0 0.00 0.0 0 4.3 12 330 M M 0 15 300
11 42 16 29 -3 36 0 0.00 0.0 0 11.6 26 270 M M 5 34 280
12 27 10 19 -12 46 0 T T 0 11.0 21 280 M M 4 26 280
13 43 12 28 -2 37 0 0.00 0.0 0 14.2 24 160 M M 0 36 170
14 44 30 37 7 28 0 0.00 0.0 0 16.1 31 310 M M 2 40 290
15 33 18 26 -3 39 0 0.01 0.2 0 14.8 32 310 M M 6 1 44 320
16 27 10 19 -9 46 0 0.01 0.2 T 9.4 24 350 M M 5 1 30 340
17 31 9 20 -8 45 0 0.00 0.0 T 7.5 18 140 M M 2 28 140
18 47 31 39 12 26 0 0.00 0.0 0 12.5 26 150 M M 0 37 170
19 42 31 37 10 28 0 T 0.0 0 8.7 18 10 M M 7 16 26 360
20 34 17 26 0 39 0 0.00 0.0 0 10.1 24 320 M M 9 32 320
21 47 17 32 7 33 0 0.04 0.0 0 11.2 17 190 M M 3 1 23 170
22 37 25 31 6 34 0 0.12 0.0 0 10.9 23 330 M M 8 1 28 330
23 37 19 28 4 37 0 T 0.0 0 13.8 25 150 M M 3 39 140
24 37 25 31 7 34 0 0.01 0.0 0 14.2 25 150 M M 10 1 38 160
25 33 23 28 5 37 0 0.00 0.0 0 12.6 23 160 M M 8 1 33 170
26 42 23 33 11 32 0 0.01 0.1 T 11.2 22 300 M M 7 1 32 300
27 39 16 28 6 37 0 0.00 0.0 0 11.3 20 200 M M 1 24 280
28 49 23 36 15 29 0 0.00 0.0 0 11.5 32 300 M M 0 45 300
29 37 12 25 4 40 0 0.00 0.0 0 16.3 31 310 M M 4 41 300
30 36 10 23 3 42 0 0.00 0.0 0 11.7 18 160 M M 0 30 170
================================================================================
SM 1331 658 950 0 0.27 0.9 345.9 M 93
================================================================================
AV 44.4 21.9 11.5 FASTST M M 3 MAX(MPH)
MISC ----> 40 170 58 180
================================================================================
NOTES:
# LAST OF SEVERAL OCCURRENCES
COLUMN 17 PEAK WIND IN M.P.H.
PRELIMINARY LOCAL CLIMATOLOGICAL DATA (WS FORM: F-6) , PAGE 2
STATION: FARGO HECTOR INTL AP ND
MONTH: NOVEMBER
YEAR: 2020
LATITUDE: 46 54 N
LONGITUDE: 96 48 W
[TEMPERATURE DATA] [PRECIPITATION DATA] SYMBOLS USED IN COLUMN 16
AVERAGE MONTHLY: 33.1 TOTAL FOR MONTH: 0.27 1 = FOG OR MIST
DPTR FM NORMAL: 4.3 DPTR FM NORMAL: -0.73 2 = FOG REDUCING VISIBILITY
HIGHEST: 74 ON 4 GRTST 24HR 0.12 ON 22-22 TO 1/4 MILE OR LESS
LOWEST: 9 ON 17 3 = THUNDER
SNOW, ICE PELLETS, HAIL 4 = ICE PELLETS
TOTAL MONTH: 0.9 INCH 5 = HAIL
GRTST 24HR 0.4 ON 9- 9 6 = FREEZING RAIN OR DRIZZLE
GRTST DEPTH: T 7 = DUSTSTORM OR SANDSTORM:
VSBY 1/2 MILE OR LESS
8 = SMOKE OR HAZE
[NO. OF DAYS WITH] [WEATHER - DAYS WITH] 9 = BLOWING SNOW
X = TORNADO
MAX 32 OR BELOW: 4 0.01 INCH OR MORE: 7
MAX 90 OR ABOVE: 0 0.10 INCH OR MORE: 1
MIN 32 OR BELOW: 27 0.50 INCH OR MORE: 0
MIN 0 OR BELOW: 0 1.00 INCH OR MORE: 0
[HDD (BASE 65) ]
TOTAL THIS MO. 950 CLEAR (SCALE 0-3) 18
DPTR FM NORMAL -136 PTCLDY (SCALE 4-7) 9
TOTAL FM JUL 1 1974 CLOUDY (SCALE 8-10) 3
DPTR FM NORMAL 12
[CDD (BASE 65) ]
TOTAL THIS MO. 0
DPTR FM NORMAL 0 [PRESSURE DATA]
TOTAL FM JAN 1 654 HIGHEST SLP 30.59 ON 20
DPTR FM NORMAL 103 LOWEST SLP 29.36 ON 14
[REMARKS]
#FINAL-11-20#