000
CXUS53 KFGF 010815
CF6FAR
PRELIMINARY LOCAL CLIMATOLOGICAL DATA (WS FORM: F-6)
STATION: FARGO HECTOR INTL AP ND
MONTH: MARCH
YEAR: 2020
LATITUDE: 46 54 N
LONGITUDE: 96 48 W
TEMPERATURE IN F: :PCPN: SNOW: WIND :SUNSHINE: SKY :PK WND
================================================================================
1 2 3 4 5 6A 6B 7 8 9 10 11 12 13 14 15 16 17 18
12Z AVG MX 2MIN
DY MAX MIN AVG DEP HDD CDD WTR SNW DPTH SPD SPD DIR MIN PSBL S-S WX SPD DR
================================================================================
1 39 20 30 10 35 0 0.00 0.0 11 14.2 37 280 M M 6 12 45 280
2 36 16 26 5 39 0 T T 10 15.1 32 190 M M 5 38 190
3 36 15 26 5 39 0 T T 10 10.1 24 300 M M 4 1 30 290
4 37 13 25 3 40 0 0.00 0.0 10 12.7 25 170 M M 5 1 38 170
5 37 17 27 5 38 0 0.03 T 9 20.4 40 340 M M 5 1 53 330
6 34 12 23 0 42 0 0.00 0.0 9 16.3 30 150 M M 0 42 150
7 42 32 37 14 28 0 0.00 0.0 9 14.1 25 160 M M 0 39 160
8 40 19 30 6 35 0 0.00 0.0 8 14.6 28 340 M M 5 12 35 340
9 19 9 14 -10 51 0 T T 7 12.8 24 340 M M 4 30 330
10 31 8 20 -5 45 0 0.00 0.0 8 6.0 13 170 M M 5 17 170
11 39 25 32 7 33 0 0.00 0.0 7 12.6 25 180 M M 4 33 170
12 38 23 31 5 34 0 0.01 T 6 14.2 29 310 M M 7 37 310
13 27 15 21 -5 44 0 T T 6 11.5 23 320 M M 8 28 320
14 23 11 17 -10 48 0 0.00 0.0 5 9.6 17 10 M M 0 23 10
15 34 10 22 -5 43 0 0.02 0.2 5 8.8 17 160 M M 7 1 26 130
16 32 20 26 -2 39 0 0.01 0.1 5 13.1 24 320 M M 6 1 32 320
17 35 16 26 -2 39 0 0.00 0.0 5 9.4 15 250 M M 2 21 150
18 36 23 30 1 35 0 0.02 T 5 9.0 16 360 M M 10 1 20 360
19 23 10 17 -12 48 0 0.04 0.2 5 23.4 40 350 M M 7 16 50 340
20 17 2 10 -20 55 0 0.00 0.0 5 11.2 25 340 M M 0 34 340
21 31 0 16 -14 49 0 T T 5 11.5 23 140 M M 7 1 32 140
22 37 28 33 2 32 0 0.01 0.1 5 10.8 21 160 M M 8 1 28 160
23 39 25 32 1 33 0 0.00 0.0 4 9.5 18 150 M M 6 1 25 140
24 42 34 38 6 27 0 0.00 0.0 3 12.8 25 150 M M 9 12 38 160
25 36 24 30 -2 35 0 0.00 0.0 1 12.2 22 350 M M 8 29 340
26 37 22 30 -3 35 0 0.00 0.0 1 5.0 12 190 M M 5 1 14 190
27 52 25 39 5 26 0 0.00 0.0 1 7.9 18 180 M M 4 12 21 210
28 43 28 36 2 29 0 0.00 0.0 T 9.4 18 340 M M 0 23 330
29 47 30 39 4 26 0 0.00 0.0 T 11.9 21 340 M M 0 25 340
30 56 26 41 6 24 0 0.00 0.0 0 7.2 20 140 M M 3 12 26 140
31 53 38 46 10 19 0 0.00 0.0 0 14.9 25 170 M M 4 36 150
================================================================================
SM 1128 596 1145 0 0.14 0.6 372.2 M 144
================================================================================
AV 36.4 19.2 12.0 FASTST M M 5 MAX(MPH)
MISC ----> # 40 340 53 330
================================================================================
NOTES:
# LAST OF SEVERAL OCCURRENCES
COLUMN 17 PEAK WIND IN M.P.H.
PRELIMINARY LOCAL CLIMATOLOGICAL DATA (WS FORM: F-6) , PAGE 2
STATION: FARGO HECTOR INTL AP ND
MONTH: MARCH
YEAR: 2020
LATITUDE: 46 54 N
LONGITUDE: 96 48 W
[TEMPERATURE DATA] [PRECIPITATION DATA] SYMBOLS USED IN COLUMN 16
AVERAGE MONTHLY: 27.8 TOTAL FOR MONTH: 0.14 1 = FOG OR MIST
DPTR FM NORMAL: 0.0 DPTR FM NORMAL: -1.16 2 = FOG REDUCING VISIBILITY
HIGHEST: 56 ON 30 GRTST 24HR 0.06 ON 5- 5 TO 1/4 MILE OR LESS
LOWEST: 0 ON 21 3 = THUNDER
SNOW, ICE PELLETS, HAIL 4 = ICE PELLETS
TOTAL MONTH: 0.6 INCH 5 = HAIL
GRTST 24HR 0.2 ON 15-15 6 = FREEZING RAIN OR DRIZZLE
GRTST DEPTH: 11 ON 1 7 = DUSTSTORM OR SANDSTORM:
VSBY 1/2 MILE OR LESS
8 = SMOKE OR HAZE
[NO. OF DAYS WITH] [WEATHER - DAYS WITH] 9 = BLOWING SNOW
X = TORNADO
MAX 32 OR BELOW: 8 0.01 INCH OR MORE: 7
MAX 90 OR ABOVE: 0 0.10 INCH OR MORE: 0
MIN 32 OR BELOW: 29 0.50 INCH OR MORE: 0
MIN 0 OR BELOW: 1 1.00 INCH OR MORE: 0
[HDD (BASE 65) ]
TOTAL THIS MO. 1145 CLEAR (SCALE 0-3) 8
DPTR FM NORMAL -7 PTCLDY (SCALE 4-7) 21
TOTAL FM JUL 1 7924 CLOUDY (SCALE 8-10) 2
DPTR FM NORMAL 94
[CDD (BASE 65) ]
TOTAL THIS MO. 0
DPTR FM NORMAL 0 [PRESSURE DATA]
TOTAL FM JAN 1 0 HIGHEST SLP M ON M
DPTR FM NORMAL 0 LOWEST SLP 29.42 ON 2
[REMARKS]
#FINAL-03-20#