000
CXUS53 KLMK 010710
CF6FFT
PRELIMINARY LOCAL CLIMATOLOGICAL DATA (WS FORM: F-6)
STATION: FRANKFORT KY
MONTH: AUGUST
YEAR: 2022
LATITUDE: 38 10 N
LONGITUDE: 84 54 W
TEMPERATURE IN F: :PCPN: SNOW: WIND :SUNSHINE: SKY :PK WND
================================================================================
1 2 3 4 5 6A 6B 7 8 9 10 11 12 13 14 15 16 17 18
12Z AVG MX 2MIN
DY MAX MIN AVG DEP HDD CDD WTR SNW DPTH SPD SPD DIR MIN PSBL S-S WX SPD DR
================================================================================
1 86 73 80 3 0 15 0.22 M M 9.6 21 220 M M 7 13 27 210
2 87 71 79 2 0 14 0.00 M M 3.9 12 230 M M 1 17 290
3 92 68 80 3 0 15 0.00 M M 4.7 15 220 M M 1 21 220
4 88 71 80 3 0 15 0.06 M M 5.3 20 220 M M 2 13 28 220
5 80 74 77 0 0 12 0.30 M M 5.4 14 170 M M 7 1 17 170
6 84 69 77 0 0 12 0.63 M M 4.9 16 160 M M 5 138 23 250
7 89 68 79 2 0 14 0.01 M M 5.9 16 310 M M 2 24 290
8 91 69 80 3 0 15 0.00 M M 6.1 15 190 M M 1 3 20 200
9 90 71 81 4 0 16 0.90 M M 7.0 30 220 M M 3 13 40 220
10 83 72 78 1 0 13 0.55 M M 3.6 13 360 M M 6 13 21 360
11 85 69 77 0 0 12 0.00 M M 3.5 10 40 M M 3 1 16 20
12 81 60 71 -6 0 6 0.00 M M 6.8 14 60 M M 1 19 80
13 83 56 70 -7 0 5 0.00 M M 2.5 10 90 M M M 19 100
14 83 65 74 -3 0 9 0.01 M M 3.5 16 220 M M M 22 210
15 80 68 74 -2 0 9 0.00 M M 4.0 10 360 M M 3 2 16 360
16 83 61 72 -4 0 7 0.00 M M 4.7 12 350 M M 1 21 30
17 83 61 72 -4 0 7 0.00 M M 3.7 12 60 M M 2 16 60
18 85 59 72 -4 0 7 0.00 M M 2.1 8 330 M M 1 12 40
19 88 59 74 -2 0 9 0.00 M M 2.0 9 80 M M 2 1 12 80
20 87 65 76 0 0 11 0.42 M M 4.9 16 190 M M 3 3 22 190
21 81 69 75 -1 0 10 0.67 M M 6.7 18 220 M M 6 13 23 220
22 83 64 74 -2 0 9 0.00 M M 3.5 13 330 M M 3 18 16 330
23 85 59 72 -4 0 7 0.00 M M 1.8 9 340 M M 0 1 14 230
24 85 60 73 -2 0 8 0.00 M M 1.8 9 330 M M 2 12 340
25 87 60 74 -1 0 9 0.00 M M 1.5 8 310 M M 2 1 12 320
26 88 64 76 1 0 11 0.03 M M 2.1 15 320 M M 3 13 20 320
27 89 66 78 3 0 13 0.00 M M 3.8 10 80 M M 2 1 16 90
28 93 66 80 5 0 15 0.00 M M 4.3 13 170 M M 1 1 20 140
29 87 74 81 7 0 16 0.11 M M 6.1 18 200 M M 3 138 25 190
30 85 66 76 2 0 11 0.53 M M 4.8 14 330 M M 6 13 21 310
31 82 57 70 -4 0 5 0.00 M M 2.3 9 320 M M 0 14 320
================================================================================
SM 2653 2034 0 337 4.44 M 132.8 M 79
================================================================================
AV 85.6 65.6 4.3 FASTST M M 3 MAX(MPH)
MISC ----> 30 220 40 220
================================================================================
NOTES:
# LAST OF SEVERAL OCCURRENCES
COLUMN 17 PEAK WIND IN M.P.H.
PRELIMINARY LOCAL CLIMATOLOGICAL DATA (WS FORM: F-6) , PAGE 2
STATION: FRANKFORT KY
MONTH: AUGUST
YEAR: 2022
LATITUDE: 38 10 N
LONGITUDE: 84 54 W
[TEMPERATURE DATA] [PRECIPITATION DATA] SYMBOLS USED IN COLUMN 16
AVERAGE MONTHLY: 75.6 TOTAL FOR MONTH: 4.44 1 = FOG OR MIST
DPTR FM NORMAL: -0.5 DPTR FM NORMAL: 1.29 2 = FOG REDUCING VISIBILITY
HIGHEST: 93 ON 28 GRTST 24HR 1.45 ON 9-10 TO 1/4 MILE OR LESS
LOWEST: 56 ON 13 3 = THUNDER
SNOW, ICE PELLETS, HAIL 4 = ICE PELLETS
TOTAL MONTH: M 5 = HAIL
GRTST 24HR M ON M 6 = FREEZING RAIN OR DRIZZLE
GRTST DEPTH: M ON M 7 = DUSTSTORM OR SANDSTORM:
VSBY 1/2 MILE OR LESS
8 = SMOKE OR HAZE
[NO. OF DAYS WITH] [WEATHER - DAYS WITH] 9 = BLOWING SNOW
X = TORNADO
MAX 32 OR BELOW: 0 0.01 INCH OR MORE: 13
MAX 90 OR ABOVE: 4 0.10 INCH OR MORE: 9
MIN 32 OR BELOW: 0 0.50 INCH OR MORE: 5
MIN 0 OR BELOW: 0 1.00 INCH OR MORE: 0
[HDD (BASE 65) ]
TOTAL THIS MO. 0 CLEAR (SCALE 0-3) 23
DPTR FM NORMAL -1 PTCLDY (SCALE 4-7) 6
TOTAL FM JUL 1 0 CLOUDY (SCALE 8-10) 2
DPTR FM NORMAL 0
[CDD (BASE 65) ]
TOTAL THIS MO. 337
DPTR FM NORMAL -8 [PRESSURE DATA]
TOTAL FM JAN 1 1223 HIGHEST SLP M ON M
DPTR FM NORMAL 92 LOWEST SLP 29.85 ON 15
[REMARKS]
#FINAL-08-22#