000
CXUS55 KLMK 020931
CLMFFT
CLIMATE REPORT
NATIONAL WEATHER SERVICE LOUISVILLE KY
431 AM EST SAT DEC 02 2023
...................................
...THE FRANKFORT KY CLIMATE SUMMARY FOR THE MONTH OF NOVEMBER 2023...
CLIMATE NORMAL PERIOD 1991 TO 2020
CLIMATE RECORD PERIOD 1895 TO 2023
WEATHER OBSERVED NORMAL DEPART LAST YEAR`S
VALUE DATE(S) VALUE FROM VALUE DATE(S)
NORMAL
................................................................
TEMPERATURE (F)
RECORD
HIGH 84 11/01/2016
11/03/1987
11/01/1950
LOW 11/30/1929
HIGHEST 81 11/08 MM MM 79 11/09
LOWEST 14 11/29 MM MM 14 11/19
AVG. MAXIMUM 59.1 56.7 2.4 58.2
AVG. MINIMUM 34.2 35.6 -1.4 34.6
MEAN 46.6 46.1 0.5 46.4
DAYS MAX >= 90 0 0.0 0.0 0
DAYS MAX <= 32 0 0.3 -0.3 0
DAYS MIN <= 32 16 13.4 2.6 15
DAYS MIN <= 0 0 0.0 0.0 0
PRECIPITATION (INCHES)
RECORD
MAXIMUM 9.29 1921
MINIMUM 0.35 1901
TOTALS 1.61 3.36 -1.75 1.90
DAILY AVG. 0.05 0.11 -0.06 0.06
DAYS >= .01 6 10.1 -4.1 7
DAYS >= .10 3 6.0 -3.0 7
DAYS >= .50 1 2.3 -1.3 0
DAYS >= 1.00 1 0.8 0.2 0
GREATEST
24 HR. TOTAL 1.34 11/20 TO 11/21
DEGREE DAYS
HEATING TOTAL 546 567 -21 554
SINCE 7/1 785 867 -82 MM
COOLING TOTAL 2 2 0 4
SINCE 1/1 1128 1330 -202 MM
................................................................
WIND (MPH)
AVERAGE WIND SPEED 5.5
HIGHEST WIND SPEED/DIRECTION 24/230 DATE 11/06
24/200 11/08
HIGHEST GUST SPEED/DIRECTION 33/210 DATE 11/08
SKY COVER
POSSIBLE SUNSHINE (PERCENT) MM
AVERAGE SKY COVER 0.27
NUMBER OF DAYS FAIR 22
NUMBER OF DAYS PC 5
NUMBER OF DAYS CLOUDY 3
AVERAGE RH (PERCENT) 63
WEATHER CONDITIONS. NUMBER OF DAYS WITH
THUNDERSTORM 0 MIXED PRECIP 0
HEAVY RAIN 1 RAIN 2
LIGHT RAIN 6 FREEZING RAIN 0
LT FREEZING RAIN 0 HAIL 0
HEAVY SNOW 0 SNOW 0
LIGHT SNOW 0 SLEET 0
FOG 7 FOG W/VIS <= 1/4 MILE 0
HAZE 3
- INDICATES NEGATIVE NUMBERS.
R INDICATES RECORD WAS SET OR TIED.
MM INDICATES DATA IS MISSING.
T INDICATES TRACE AMOUNT.
$$