000
CXUS56 KFGZ 010910
CF6FLG
PRELIMINARY LOCAL CLIMATOLOGICAL DATA (WS FORM: F-6)
STATION: FLAGSTAFF AZ AIRPORT
MONTH: JUNE
YEAR: 2023
LATITUDE: 35 7 N
LONGITUDE: 111 40 W
TEMPERATURE IN F: :PCPN: SNOW: WIND :SUNSHINE: SKY :PK WND
================================================================================
1 2 3 4 5 6A 6B 7 8 9 10 11 12 13 14 15 16 17 18
12Z AVG MX 2MIN
DY MAX MIN AVG DEP HDD CDD WTR SNW DPTH SPD SPD DIR MIN PSBL S-S WX SPD DR
================================================================================
1 67 34 51 -5 14 0 T 0.0 0 5.9 24 220 M M 5 8 29 220
2 67 46 57 0 8 0 0.00 0.0 0 4.5 16 250 M M 6 8 24 170
3 71 37 54 -3 11 0 0.01 0.0 0 3.8 20 230 M M 3 138 25 230
4 73 39 56 -1 9 0 0.36 0.0 0 4.8 23 70 M M 3 38 33 70
5 77 37 57 -1 8 0 0.00 0.0 0 6.0 20 210 M M 2 28 220
6 73 39 56 -2 9 0 0.00 0.0 0 8.0 29 220 M M 0 37 230
7 69 31 50 -8 15 0 0.00 0.0 0 7.3 25 220 M M 0 32 200
8 69 30 50 -8 15 0 0.00 0.0 0 6.4 23 220 M M 0 8 31 220
9 70 41 56 -3 9 0 0.00 0.0 0 7.3 21 230 M M 0 8 26 190
10 74 36 55 -4 10 0 0.00 0.0 0 5.5 21 220 M M 0 26 230
11 69 37 53 -7 12 0 0.00 0.0 0 9.6 31 210 M M 0 43 210
12 65 40 53 -7 12 0 0.00 0.0 0 8.2 24 230 M M 5 30 230
13 71 38 55 -5 10 0 0.00 0.0 0 5.3 20 220 M M 2 26 230
14 74 40 57 -3 8 0 0.06 0.0 0 5.6 30 270 M M 1 3 42 260
15 74 36 55 -6 10 0 0.00 0.0 0 6.4 21 210 M M 0 29 210
16 74 39 57 -4 8 0 0.00 0.0 0 7.3 24 210 M M 1 33 210
17 78 40 59 -2 6 0 0.00 0.0 0 5.0 21 220 M M 0 26 220
18 78 40 59 -3 6 0 0.00 0.0 0 13.8 31 210 M M 0 44 230
19 76 55 66 4 0 1 0.00 0.0 0 16.9 31 220 M M 0 40 220
20 76 47 62 0 3 0 0.00 0.0 0 13.7 30 220 M M 0 39 200
21 78 46 62 -1 3 0 0.00 0.0 0 9.1 23 230 M M 0 28 220
22 78 42 60 -3 5 0 0.00 0.0 0 10.3 28 220 M M 0 36 230
23 74 39 57 -6 8 0 0.00 0.0 0 12.0 30 220 M M 0 39 190
24 79 29 54 -9 11 0 0.00 0.0 0 5.7 18 220 M M 0 24 220
25 82 39 61 -3 4 0 0.00 0.0 0 10.1 28 200 M M 0 35 240
26 84 44 64 0 1 0 0.00 0.0 0 12.0 30 220 M M 0 40 230
27 82 49 66 2 0 1 0.00 0.0 0 13.3 31 210 M M 0 42 220
28 79 41 60 -4 5 0 0.00 0.0 0 10.1 31 220 M M 0 38 220
29 78 42 60 -5 5 0 0.00 0.0 0 6.8 22 220 M M 0 31 210
30 85 40 63 -2 2 0 0.00 0.0 0 2.6 18 230 M M 0 25 230
================================================================================
SM 2244 1193 227 2 0.43 0.0 243.3 M 28
================================================================================
AV 74.8 39.8 8.1 FASTST M M 1 MAX(MPH)
MISC ----> # 31 210 44 230
================================================================================
NOTES:
# LAST OF SEVERAL OCCURRENCES
COLUMN 17 PEAK WIND IN M.P.H.
PRELIMINARY LOCAL CLIMATOLOGICAL DATA (WS FORM: F-6) , PAGE 2
STATION: FLAGSTAFF AZ AIRPORT
MONTH: JUNE
YEAR: 2023
LATITUDE: 35 7 N
LONGITUDE: 111 40 W
[TEMPERATURE DATA] [PRECIPITATION DATA] SYMBOLS USED IN COLUMN 16
AVERAGE MONTHLY: 57.3 TOTAL FOR MONTH: 0.43 1 = FOG OR MIST
DPTR FM NORMAL: -3.5 DPTR FM NORMAL: 0.13 2 = FOG REDUCING VISIBILITY
HIGHEST: 85 ON 30 GRTST 24HR 0.37 ON 3- 4 TO 1/4 MILE OR LESS
LOWEST: 29 ON 24 3 = THUNDER
SNOW, ICE PELLETS, HAIL 4 = ICE PELLETS
TOTAL MONTH: 0.0 INCH 5 = HAIL
GRTST 24HR 0.0 6 = FREEZING RAIN OR DRIZZLE
GRTST DEPTH: 0 7 = DUSTSTORM OR SANDSTORM:
VSBY 1/2 MILE OR LESS
8 = SMOKE OR HAZE
[NO. OF DAYS WITH] [WEATHER - DAYS WITH] 9 = BLOWING SNOW
X = TORNADO
MAX 32 OR BELOW: 0 0.01 INCH OR MORE: 3
MAX 90 OR ABOVE: 0 0.10 INCH OR MORE: 1
MIN 32 OR BELOW: 3 0.50 INCH OR MORE: 0
MIN 0 OR BELOW: 0 1.00 INCH OR MORE: 0
[HDD (BASE 65) ]
TOTAL THIS MO. 227 CLEAR (SCALE 0-3) 27
DPTR FM NORMAL 79 PTCLDY (SCALE 4-7) 3
TOTAL FM JUL 1 7069 CLOUDY (SCALE 8-10) 0
DPTR FM NORMAL 323
[CDD (BASE 65) ]
TOTAL THIS MO. 2
DPTR FM NORMAL -20 [PRESSURE DATA]
TOTAL FM JAN 1 2 HIGHEST SLP M ON M
DPTR FM NORMAL -21 LOWEST SLP 29.73 ON 1
[REMARKS]
#FINAL-06-23#