000
CXUS52 KILM 011900
CF6FLO
PRELIMINARY LOCAL CLIMATOLOGICAL DATA (WS FORM: F-6)
STATION: FLORENCE SOUTH CAROLINA
MONTH: AUGUST
YEAR: 2021
LATITUDE: 34 10 N
LONGITUDE: 79 43 W
TEMPERATURE IN F: :PCPN: SNOW: WIND :SUNSHINE: SKY :PK WND
================================================================================
1 2 3 4 5 6A 6B 7 8 9 10 11 12 13 14 15 16 17 18
12Z AVG MX 2MIN
DY MAX MIN AVG DEP HDD CDD WTR SNW DPTH SPD SPD DIR MIN PSBL S-S WX SPD DR
================================================================================
1 96 74 85 3 0 20 0.95 M M 7.4 36 320 M M 4 13 47 330
2 90 73 82 0 0 17 0.00 M M 6.1 15 60 M M 2 18 60
3 77 71 74 -8 0 9 1.48 M M 10.5 23 70 M M 9 18 28 70
4 79 71 75 -7 0 10 0.01 M M 7.7 15 20 M M 10 18 20 20
5 86 70 78 -4 0 13 T M M 5.0 13 120 M M 5 15 60
6 84 74 79 -3 0 14 0.54 M M 5.4 14 170 M M 9 138 22 180
7 87 75 81 -1 0 16 0.05 M M 4.2 10 280 M M 6 13 13 300
8 92 69 81 -1 0 16 0.00 M M 3.1 8 170 M M 1 11 80
9 92 73 83 1 0 18 0.00 M M 3.3 10 150 M M 3 12 13 170
10 91 76 84 2 0 19 0.05 M M 3.6 12 170 M M 1 14 180
11 93 76 85 4 0 20 0.14 M M 6.1 21 40 M M 2 13 23 40
12 93 75 84 3 0 19 0.00 M M 5.0 12 180 M M 1 1 14 180
13 93 75 84 3 0 19 0.00 M M 5.6 12 170 M M 2 15 180
14 93 74 84 3 0 19 0.00 M M 4.4 16 170 M M 1 3 19 170
15 90 74 82 1 0 17 T M M 3.1 17 160 M M 2 23 170
16 88 74 81 0 0 16 0.51 M M 3.9 22 160 M M 2 18 25 160
17 86 76 81 0 0 16 0.15 M M 9.8 18 120 M M 6 1 24 140
18 93 79 86 5 0 21 0.07 M M 7.4 15 250 M M 6 13 19 250
19 96 76 86 5 0 21 0.16 M M 4.6 20 310 M M 3 13 30 270
20 92 75 84 3 0 19 T M M 2.2 9 140 M M 1 3 13 270
21 93 74 84 4 0 19 0.40 M M 3.7 23 210 M M 5 123 27 200
22 82 73 78 -2 0 13 2.71 M M 3.4 15 210 M M 8 123 17 210
23 90 74 82 2 0 17 T M M 2.9 14 160 M M 6 123 16 160
24 95 73 84 4 0 19 0.03 M M 2.5 16 80 M M 2 138 20 80
25 93 75 84 4 0 19 0.09 M M 3.8 21 180 M M 4 138 28 190
26 92 73 83 3 0 18 0.00 M M 2.9 14 170 M M 2 128 17 170
27 93 72 83 3 0 18 T M M 3.5 9 170 M M 2 18 13 150
28 92 73 83 3 0 18 0.00 M M 2.4 8 150 M M 3 12 11 100
29 92 70 81 1 0 16 0.00 M M 3.1 8 180 M M 1 18 12 290
30 93 70 82 3 0 17 0.00 M M 5.3 12 220 M M 1 1 15 200
31 92 72 82 3 0 17 0.00 M M 6.8 15 200 M M 1 1 21 190
================================================================================
SM 2798 2279 0 530 7.34 M 148.7 M 111
================================================================================
AV 90.3 73.5 4.8 FASTST M M 4 MAX(MPH)
MISC ----> 36 320 47 330
================================================================================
NOTES:
# LAST OF SEVERAL OCCURRENCES
COLUMN 17 PEAK WIND IN M.P.H.
PRELIMINARY LOCAL CLIMATOLOGICAL DATA (WS FORM: F-6) , PAGE 2
STATION: FLORENCE SOUTH CAROLINA
MONTH: AUGUST
YEAR: 2021
LATITUDE: 34 10 N
LONGITUDE: 79 43 W
[TEMPERATURE DATA] [PRECIPITATION DATA] SYMBOLS USED IN COLUMN 16
AVERAGE MONTHLY: 81.9 TOTAL FOR MONTH: 7.34 1 = FOG OR MIST
DPTR FM NORMAL: 1.0 DPTR FM NORMAL: 2.48 2 = FOG REDUCING VISIBILITY
HIGHEST: 96 ON 19, 1 GRTST 24HR 3.11 ON 21-22 TO 1/4 MILE OR LESS
LOWEST: 69 ON 8 3 = THUNDER
SNOW, ICE PELLETS, HAIL 4 = ICE PELLETS
TOTAL MONTH: M 5 = HAIL
GRTST 24HR M ON M 6 = FREEZING RAIN OR DRIZZLE
GRTST DEPTH: M ON M 7 = DUSTSTORM OR SANDSTORM:
VSBY 1/2 MILE OR LESS
8 = SMOKE OR HAZE
[NO. OF DAYS WITH] [WEATHER - DAYS WITH] 9 = BLOWING SNOW
X = TORNADO
MAX 32 OR BELOW: 0 0.01 INCH OR MORE: 15
MAX 90 OR ABOVE: 23 0.10 INCH OR MORE: 9
MIN 32 OR BELOW: 0 0.50 INCH OR MORE: 5
MIN 0 OR BELOW: 0 1.00 INCH OR MORE: 2
[HDD (BASE 65) ]
TOTAL THIS MO. 0 CLEAR (SCALE 0-3) 19
DPTR FM NORMAL 0 PTCLDY (SCALE 4-7) 9
TOTAL FM JUL 1 0 CLOUDY (SCALE 8-10) 3
DPTR FM NORMAL 0
[CDD (BASE 65) ]
TOTAL THIS MO. 530
DPTR FM NORMAL 39 [PRESSURE DATA]
TOTAL FM JAN 1 1795 HIGHEST SLP 30.22 ON 28
DPTR FM NORMAL -12 LOWEST SLP 29.77 ON 31
[REMARKS]
#FINAL-08-21#