000
CXUS54 KLZK 011230
CF6FLP
PRELIMINARY LOCAL CLIMATOLOGICAL DATA (WS FORM: F-6)
STATION: FLIPPIN
MONTH: SEPTEMBER
YEAR: 2022
LATITUDE: 36 17 N
LONGITUDE: 92 28 W
TEMPERATURE IN F: :PCPN: SNOW: WIND :SUNSHINE: SKY :PK WND
================================================================================
1 2 3 4 5 6A 6B 7 8 9 10 11 12 13 14 15 16 17 18
12Z AVG MX 2MIN
DY MAX MIN AVG DEP HDD CDD WTR SNW DPTH SPD SPD DIR MIN PSBL S-S WX SPD DR
================================================================================
1 87 63 75 M 0 10 0.00 M M 2.2 7 99 M M 1 8 M M
2 80 68 74 M 0 9 0.52 M M 2.8 9 260 M M 10 13 M M
3 84 69 77 M 0 12 0.01 M M 0.0 6 340 M M 0 1 M M
4 86 66 76 M 0 11 0.00 M M 1.3 6 60 M M 5 12 M M
5 85 66 76 M 0 11 0.00 M M 1.2 5 20 M M 4 18 M M
6 84 68 76 M 0 11 0.00 M M 1.5 6 30 M M 4 12 M M
7 86 66 76 M 0 11 0.00 M M 3.0 7 99 M M 3 1 M M
8 84 62 73 M 0 8 0.00 M M 1.7 7 30 M M 0 M M
9 83 57 70 M 0 5 0.00 M M 1.3 7 40 M M 2 128 M M
10 85 62 74 M 0 9 0.00 M M 1.7 9 120 M M 4 18 M M
11 77 54 66 M 0 1 0.00 M M 5.8 12 340 M M 5 18 300
12 80 49 65 M 0 0 0.00 M M 2.5 8 270 M M 0 8 M M
13 87 51 69 M 0 4 0.00 M M 2.0 7 99 M M 0 8 M M
14 86 53 70 M 0 5 0.00 M M 1.0 7 99 M M 0 1 M M
15 84 55 70 M 0 5 0.00 M M 2.3 7 80 M M 0 M M
16 86 58 72 M 0 7 0.00 M M 2.2 9 190 M M 1 M M
17 89 59 74 M 0 9 0.00 M M 2.6 8 220 M M 1 M M
18 94 64 79 M 0 14 0.00 M M 2.9 8 230 M M 1 M M
19 96 67 82 M 0 17 0.00 M M 2.7 7 260 M M 1 M M
20 97 67 82 M 0 17 0.00 M M 2.6 9 230 M M 0 8 M M
21 98 65 82 M 0 17 0.00 M M 3.0 10 240 M M 0 17 270
22 75 61 68 M 0 3 T M M 5.6 13 30 M M 6 M M
23 82 58 70 M 0 5 0.00 M M 3.2 8 110 M M 4 M M
24 94 64 79 M 0 14 0.00 M M 3.0 12 250 M M 1 20 260
25 84 59 72 M 0 7 0.00 M M 4.8 14 10 M M 1 18 350
26 79 47 63 M 2 0 0.00 M M 3.3 10 340 M M 0 17 340
27 83 43 63 M 2 0 0.00 M M 1.1 7 40 M M 0 M M
28 78 51 65 M 0 0 0.00 M M 4.2 9 10 M M 0 8 M M
29 73 41 57 M 8 0 0.00 M M 3.0 8 40 M M 0 8 M M
30 77 40 59 M 6 0 0.00 M M 1.5 8 70 M M 0 M M
================================================================================
SM 2543 1753 18 222 0.53 M 76.0 M 54
================================================================================
AV 84.8 58.4 2.5 FASTST M M 2 MAX(MPH)
MISC ----> 14 10 20 260
================================================================================
NOTES:
# LAST OF SEVERAL OCCURRENCES
COLUMN 17 PEAK WIND IN M.P.H.
PRELIMINARY LOCAL CLIMATOLOGICAL DATA (WS FORM: F-6) , PAGE 2
STATION: FLIPPIN
MONTH: SEPTEMBER
YEAR: 2022
LATITUDE: 36 17 N
LONGITUDE: 92 28 W
[TEMPERATURE DATA] [PRECIPITATION DATA] SYMBOLS USED IN COLUMN 16
AVERAGE MONTHLY: 71.6 TOTAL FOR MONTH: 0.53 1 = FOG OR MIST
DPTR FM NORMAL: 0.0 DPTR FM NORMAL: M 2 = FOG REDUCING VISIBILITY
HIGHEST: 98 ON 21 GRTST 24HR 3.12 ON 2- 2 TO 1/4 MILE OR LESS
LOWEST: 40 ON 30 3 = THUNDER
SNOW, ICE PELLETS, HAIL 4 = ICE PELLETS
TOTAL MONTH: M 5 = HAIL
GRTST 24HR M ON M 6 = FREEZING RAIN OR DRIZZLE
GRTST DEPTH: M ON M 7 = DUSTSTORM OR SANDSTORM:
VSBY 1/2 MILE OR LESS
8 = SMOKE OR HAZE
[NO. OF DAYS WITH] [WEATHER - DAYS WITH] 9 = BLOWING SNOW
X = TORNADO
MAX 32 OR BELOW: 0 0.01 INCH OR MORE: 2
MAX 90 OR ABOVE: 5 0.10 INCH OR MORE: 1
MIN 32 OR BELOW: 0 0.50 INCH OR MORE: 1
MIN 0 OR BELOW: 0 1.00 INCH OR MORE: 0
[HDD (BASE 65) ]
TOTAL THIS MO. 18 CLEAR (SCALE 0-3) 21
DPTR FM NORMAL M PTCLDY (SCALE 4-7) 8
TOTAL FM JUL 1 18 CLOUDY (SCALE 8-10) 1
DPTR FM NORMAL M
[CDD (BASE 65) ]
TOTAL THIS MO. 222
DPTR FM NORMAL M [PRESSURE DATA]
TOTAL FM JAN 1 1894 HIGHEST SLP 30.42 ON 29
DPTR FM NORMAL M LOWEST SLP 29.83 ON 8
[REMARKS]
#FINAL-09-22#