000
CXUS55 KBOU 011000
CF6FNL
PRELIMINARY LOCAL CLIMATOLOGICAL DATA (WS FORM: F-6)
STATION: FT COLLINS/LOVELAND CO
MONTH: DECEMBER
YEAR: 2020
LATITUDE: 40 27 N
LONGITUDE: 105 1 W
TEMPERATURE IN F: :PCPN: SNOW: WIND :SUNSHINE: SKY :PK WND
================================================================================
1 2 3 4 5 6A 6B 7 8 9 10 11 12 13 14 15 16 17 18
12Z AVG MX 2MIN
DY MAX MIN AVG DEP HDD CDD WTR SNW DPTH SPD SPD DIR MIN PSBL S-S WX SPD DR
================================================================================
1 43 25 34 M 31 0 T M M 14.7 29 340 M M 5 37 350
2 37 18 28 M 37 0 0.00 M M 12.0 23 10 M M 0 30 10
3 51 15 33 M 32 0 0.00 M M 3.4 9 210 M M 0 M M
4 61 23 42 M 23 0 0.00 M M 4.1 8 20 M M 0 M M
5 55 22 39 M 26 0 0.00 M M 3.9 8 20 M M 0 M M
6 61 22 42 M 23 0 0.00 M M 3.2 7 170 M M 0 M M
7 60 23 42 M 23 0 0.00 M M 4.4 9 10 M M 0 M M
8 60 22 41 M 24 0 0.00 M M 3.2 9 80 M M 0 M M
9 64 26 45 M 20 0 0.00 M M 2.1 8 40 M M 0 M M
10 43 27 35 M 30 0 T M M 5.8 15 80 M M 3 1 M M
11 31 14 23 M 42 0 0.03 M M 4.4 10 70 M M 9 1 M M
12 29 17 23 M 42 0 0.01 M M 6.5 21 10 M M 10 1 30 10
13 35 7 21 M 44 0 T M M 4.9 13 20 M M 0 M M
14 35 7 21 M 44 0 T M M 3.7 9 50 M M 5 1 M M
15 35 16 26 M 39 0 0.00 M M 8.2 17 10 M M 5 12 M M
16 47 11 29 M 36 0 0.00 M M 4.3 13 120 M M 1 M M
17 38 14 26 M 39 0 0.00 M M 2.8 7 340 M M 0 M M
18 40 21 31 M 34 0 0.00 M M 8.1 24 360 M M 4 33 360
19 45 15 30 M 35 0 0.00 M M 7.9 32 340 M M 0 39 340
20 47 21 34 M 31 0 0.00 M M 5.8 14 130 M M 0 M M
21 57 28 43 M 22 0 0.00 M M 4.4 15 100 M M 0 M M
22 64 24 44 M 21 0 T M M 11.1 28 340 M M 1 54 270
23 31 13 22 M 43 0 T M M 20.1 31 330 M M 1 44 340
24 55 9 32 M 33 0 0.00 M M 9.6 21 330 M M 1 38 310
25 55 21 38 M 27 0 0.00 M M 3.1 9 170 M M 0 M M
26 60 23 42 M 23 0 0.00 M M 7.7 29 290 M M 0 37 290
27 48 22 35 M 30 0 0.00 M M 7.9 14 160 M M 1 M M
28 31 20 26 M 39 0 0.06 M M 3.6 8 150 M M 9 1 M M
29 37 13 25 M 40 0 0.03 M M 6.2 15 360 M M 4 1 M M
30 33 3 18 M 47 0 0.00 M M 3.9 9 190 M M 0 M M
31 39 12 26 M 39 0 0.00 M M 3.9 9 20 M M 4 20 20
================================================================================
SM 1427 554 1019 0 0.13 M 194.9 M 63
================================================================================
AV 46.0 17.9 6.3 FASTST M M 2 MAX(MPH)
MISC ----> 32 340 54 270
================================================================================
NOTES:
# LAST OF SEVERAL OCCURRENCES
COLUMN 17 PEAK WIND IN M.P.H.
PRELIMINARY LOCAL CLIMATOLOGICAL DATA (WS FORM: F-6) , PAGE 2
STATION: FT COLLINS/LOVELAND CO
MONTH: DECEMBER
YEAR: 2020
LATITUDE: 40 27 N
LONGITUDE: 105 1 W
[TEMPERATURE DATA] [PRECIPITATION DATA] SYMBOLS USED IN COLUMN 16
AVERAGE MONTHLY: 32.0 TOTAL FOR MONTH: 0.13 1 = FOG OR MIST
DPTR FM NORMAL: 0.0 DPTR FM NORMAL: M 2 = FOG REDUCING VISIBILITY
HIGHEST: 64 ON 22, 9 GRTST 24HR 0.09 ON 28-29 TO 1/4 MILE OR LESS
LOWEST: 3 ON 30 3 = THUNDER
SNOW, ICE PELLETS, HAIL 4 = ICE PELLETS
TOTAL MONTH: M 5 = HAIL
GRTST 24HR M ON M 6 = FREEZING RAIN OR DRIZZLE
GRTST DEPTH: M ON M 7 = DUSTSTORM OR SANDSTORM:
VSBY 1/2 MILE OR LESS
8 = SMOKE OR HAZE
[NO. OF DAYS WITH] [WEATHER - DAYS WITH] 9 = BLOWING SNOW
X = TORNADO
MAX 32 OR BELOW: 4 0.01 INCH OR MORE: 4
MAX 90 OR ABOVE: 0 0.10 INCH OR MORE: 0
MIN 32 OR BELOW: 31 0.50 INCH OR MORE: 0
MIN 0 OR BELOW: 0 1.00 INCH OR MORE: 0
[HDD (BASE 65) ]
TOTAL THIS MO. 1019 CLEAR (SCALE 0-3) 22
DPTR FM NORMAL M PTCLDY (SCALE 4-7) 6
TOTAL FM JUL 1 2402 CLOUDY (SCALE 8-10) 3
DPTR FM NORMAL M
[CDD (BASE 65) ]
TOTAL THIS MO. 0
DPTR FM NORMAL M [PRESSURE DATA]
TOTAL FM JAN 1 998 HIGHEST SLP 30.56 ON 2
DPTR FM NORMAL M LOWEST SLP 29.42 ON 22
[REMARKS]
#FINAL-12-20#