000
CXUS54 KMAF 011210
CF6FST
PRELIMINARY LOCAL CLIMATOLOGICAL DATA (WS FORM: F-6)
STATION: FORT STOCKTON
MONTH: NOVEMBER
YEAR: 2022
LATITUDE: 30 55 N
LONGITUDE: 102 55 W
TEMPERATURE IN F: :PCPN: SNOW: WIND :SUNSHINE: SKY :PK WND
================================================================================
1 2 3 4 5 6A 6B 7 8 9 10 11 12 13 14 15 16 17 18
12Z AVG MX 2MIN
DY MAX MIN AVG DEP HDD CDD WTR SNW DPTH SPD SPD DIR MIN PSBL S-S WX SPD DR
================================================================================
1 75 51 63 1 2 0 0.00 M M 9.2 21 150 M M 0 29 160
2 82 56 69 8 0 4 0.00 M M 12.6 23 150 M M 0 33 160
3 89 58 74 13 0 9 0.00 M M 16.6 25 150 M M 0 37 160
4 67 45 56 -4 9 0 0.00 M M 16.1 37 280 M M 0 49 280
5 77 44 61 1 4 0 0.00 M M 12.6 20 220 M M 0 26 230
6 82 56 69 9 0 4 0.00 M M 8.1 17 220 M M 0 22 210
7 80 50 65 6 0 0 0.00 M M 9.0 22 160 M M 0 31 160
8 78 66 72 13 0 7 0.00 M M 16.2 25 150 M M 2 38 160
9 83 63 73 15 0 8 0.00 M M 18.8 26 150 M M 0 38 160
10 77 57 67 9 0 2 0.00 M M 6.2 21 160 M M 0 29 160
11 61 39 50 -8 15 0 0.00 M M 9.7 22 330 M M 1 27 320
12 56 32 44 -13 21 0 0.00 M M 7.9 18 110 M M 0 23 120
13 63 40 52 -5 13 0 0.00 M M 15.5 25 160 M M 0 36 150
14 62 35 49 -8 16 0 0.00 M M 14.2 33 280 M M 1 44 280
15 47 31 39 -17 26 0 0.00 M M 5.4 14 70 M M 0 22 90
16 50 33 42 -14 23 0 0.00 M M 7.2 16 110 M M 4 21 120
17 59 35 47 -9 18 0 0.00 M M 7.6 14 160 M M 1 20 160
18 50 35 43 -12 22 0 T M M 8.9 18 40 M M 3 23 40
19 35 32 34 -21 31 0 0.01 M M 7.0 15 60 M M 10 20 60
20 40 32 36 -19 29 0 0.04 M M 5.5 10 160 M M 10 15 150
21 56 31 44 -10 21 0 0.00 M M 6.5 12 160 M M 0 15 160
22 63 33 48 -6 17 0 0.00 M M 7.5 16 110 M M 0 20 110
23 64 39 52 -2 13 0 0.00 M M 6.7 15 160 M M 0 19 210
24 56 42 49 -5 16 0 0.01 M M 15.3 25 320 M M 2 33 290
25 42 32 37 -16 28 0 0.55 M M 11.9 20 320 M M 10 24 330
26 61 32 47 -6 18 0 0.01 M M 13.8 23 280 M M 4 32 280
27 63 41 52 -1 13 0 0.00 M M 12.0 21 320 M M 0 29 310
28 76 43 60 7 5 0 0.00 M M 11.5 22 230 M M 0 27 230
29 76 47 62 10 3 0 0.00 M M 13.3 26 300 M M 0 35 300
30 54 30 42 -10 23 0 0.00 M M 7.4 17 30 M M 0 25 30
================================================================================
SM 1924 1260 386 34 0.62 M 320.2 M 48
================================================================================
AV 64.1 42.0 10.7 FASTST M M 2 MAX(MPH)
MISC ----> 37 280 49 280
================================================================================
NOTES:
# LAST OF SEVERAL OCCURRENCES
COLUMN 17 PEAK WIND IN M.P.H.
PRELIMINARY LOCAL CLIMATOLOGICAL DATA (WS FORM: F-6) , PAGE 2
STATION: FORT STOCKTON
MONTH: NOVEMBER
YEAR: 2022
LATITUDE: 30 55 N
LONGITUDE: 102 55 W
[TEMPERATURE DATA] [PRECIPITATION DATA] SYMBOLS USED IN COLUMN 16
AVERAGE MONTHLY: 53.1 TOTAL FOR MONTH: 0.62 1 = FOG OR MIST
DPTR FM NORMAL: -3.3 DPTR FM NORMAL: 0.04 2 = FOG REDUCING VISIBILITY
HIGHEST: 89 ON 3 GRTST 24HR 0.56 ON 24-25 TO 1/4 MILE OR LESS
LOWEST: 30 ON 30 3 = THUNDER
SNOW, ICE PELLETS, HAIL 4 = ICE PELLETS
TOTAL MONTH: M 5 = HAIL
GRTST 24HR M ON M 6 = FREEZING RAIN OR DRIZZLE
GRTST DEPTH: M ON M 7 = DUSTSTORM OR SANDSTORM:
VSBY 1/2 MILE OR LESS
8 = SMOKE OR HAZE
[NO. OF DAYS WITH] [WEATHER - DAYS WITH] 9 = BLOWING SNOW
X = TORNADO
MAX 32 OR BELOW: 0 0.01 INCH OR MORE: 5
MAX 90 OR ABOVE: 0 0.10 INCH OR MORE: 1
MIN 32 OR BELOW: 8 0.50 INCH OR MORE: 1
MIN 0 OR BELOW: 0 1.00 INCH OR MORE: 0
[HDD (BASE 65) ]
TOTAL THIS MO. 386 CLEAR (SCALE 0-3) 24
DPTR FM NORMAL 111 PTCLDY (SCALE 4-7) 3
TOTAL FM JUL 1 454 CLOUDY (SCALE 8-10) 3
DPTR FM NORMAL 109
[CDD (BASE 65) ]
TOTAL THIS MO. 34
DPTR FM NORMAL 16 [PRESSURE DATA]
TOTAL FM JAN 1 3064 HIGHEST SLP 30.43 ON 20
DPTR FM NORMAL 463 LOWEST SLP 29.63 ON 29
[REMARKS]
#FINAL-11-22#