000
CXUS54 KFWD 010730
CF6FTW
PRELIMINARY LOCAL CLIMATOLOGICAL DATA (WS FORM: F-6)
STATION: FORT WORTH MEACHAM
MONTH: SEPTEMBER
YEAR: 2020
LATITUDE: 32 49 N
LONGITUDE: 97 21 W
TEMPERATURE IN F: :PCPN: SNOW: WIND :SUNSHINE: SKY :PK WND
================================================================================
1 2 3 4 5 6A 6B 7 8 9 10 11 12 13 14 15 16 17 18
12Z AVG MX 2MIN
DY MAX MIN AVG DEP HDD CDD WTR SNW DPTH SPD SPD DIR MIN PSBL S-S WX SPD DR
================================================================================
1 92 70 81 -1 0 16 2.27 0.0 0 14.2 28 360 M M 5 13 40 340
2 82 70 76 -6 0 11 0.49 0.0 0 6.9 17 110 M M 4 13 24 110
3 83 71 77 -5 0 12 0.02 0.0 0 6.1 18 120 M M 6 1 22 120
4 86 71 79 -3 0 14 0.00 0.0 0 6.1 12 130 M M 5 16 160
5 91 71 81 0 0 16 T 0.0 0 4.1 29 160 M M 2 3 39 140
6 91 69 80 -1 0 15 0.00 0.0 0 5.7 14 170 M M 2 1 19 150
7 94 73 84 3 0 19 0.00 0.0 0 10.4 20 170 M M 0 26 170
8 91 75 83 3 0 18 0.00 0.0 0 13.3 23 150 M M 1 3 29 180
9 78 54 66 -14 0 1 0.69 0.0 0 9.7 20 260 M M 9 1 28 290
10 67 53 60 -20 5 0 T 0.0 0 9.9 18 320 M M 10 1 25 310
11 77 61 69 -10 0 4 0.00 0.0 0 5.7 12 320 M M 6 17 300
12 86 65 76 -3 0 11 0.00 0.0 0 4.2 10 310 M M 1 14 320
13 86 68 77 -1 0 12 0.00 0.0 0 8.2 16 10 M M 2 24 360
14 87 66 77 -1 0 12 0.00 0.0 0 8.6 16 30 M M 3 20 360
15 87 71 79 1 0 14 0.00 0.0 0 7.6 14 20 M M 4 23 320
16 86 70 78 1 0 13 0.01 0.0 0 5.1 13 350 M M 3 3 17 330
17 87 71 79 2 0 14 0.00 0.0 0 7.9 15 20 M M 4 19 20
18 84 67 76 -1 0 11 0.00 0.0 0 9.4 17 30 M M 2 23 10
19 79 63 71 -5 0 6 0.00 0.0 0 6.8 14 40 M M 0 18 20
20 80 58 69 -7 0 4 0.00 0.0 0 7.4 15 40 M M 0 21 50
21 78 65 72 -3 0 7 0.02 0.0 0 11.1 17 60 M M 9 1 24 70
22 72 64 68 -7 0 3 0.09 0.0 0 7.5 12 40 M M 9 1 15 30
23 72 64 68 -7 0 3 0.01 0.0 0 8.6 14 360 M M 10 1 18 360
24 78 60 69 -5 0 4 T 0.0 0 6.3 13 350 M M 6 18 10
25 84 57 71 -3 0 6 0.00 0.0 0 7.2 15 130 M M 0 1 22 170
26 87 62 75 1 0 10 0.00 0.0 0 11.2 20 180 M M 0 28 150
27 89 63 76 3 0 11 0.00 0.0 0 14.2 25 340 M M 5 47 330
28 77 56 67 -6 0 2 0.00 0.0 0 13.3 33 360 M M 4 46 10
29 80 51 66 -6 0 1 0.00 0.0 0 6.7 20 330 M M 0 8 30 340
30 91 53 72 0 0 7 0.00 0.0 0 5.5 13 190 M M 0 19 240
================================================================================
SM 2502 1932 5 277 3.60 0.0 248.9 M 112
================================================================================
AV 83.4 64.4 8.3 FASTST M M 4 MAX(MPH)
MISC ----> # 33 360 # 47 330
================================================================================
NOTES:
# LAST OF SEVERAL OCCURRENCES
COLUMN 17 PEAK WIND IN M.P.H.
PRELIMINARY LOCAL CLIMATOLOGICAL DATA (WS FORM: F-6) , PAGE 2
STATION: FORT WORTH MEACHAM
MONTH: SEPTEMBER
YEAR: 2020
LATITUDE: 32 49 N
LONGITUDE: 97 21 W
[TEMPERATURE DATA] [PRECIPITATION DATA] SYMBOLS USED IN COLUMN 16
AVERAGE MONTHLY: 73.9 TOTAL FOR MONTH: 3.60 1 = FOG OR MIST
DPTR FM NORMAL: -3.5 DPTR FM NORMAL: 1.38 2 = FOG REDUCING VISIBILITY
HIGHEST: 94 ON 7 GRTST 24HR 2.27 ON 1- 1 TO 1/4 MILE OR LESS
LOWEST: 51 ON 29 3 = THUNDER
SNOW, ICE PELLETS, HAIL 4 = ICE PELLETS
TOTAL MONTH: 0.0 INCH 5 = HAIL
GRTST 24HR 0.0 6 = FREEZING RAIN OR DRIZZLE
GRTST DEPTH: 0 7 = DUSTSTORM OR SANDSTORM:
VSBY 1/2 MILE OR LESS
8 = SMOKE OR HAZE
[NO. OF DAYS WITH] [WEATHER - DAYS WITH] 9 = BLOWING SNOW
X = TORNADO
MAX 32 OR BELOW: 0 0.01 INCH OR MORE: 8
MAX 90 OR ABOVE: 6 0.10 INCH OR MORE: 3
MIN 32 OR BELOW: 0 0.50 INCH OR MORE: 2
MIN 0 OR BELOW: 0 1.00 INCH OR MORE: 1
[HDD (BASE 65) ]
TOTAL THIS MO. 5 CLEAR (SCALE 0-3) 15
DPTR FM NORMAL -1 PTCLDY (SCALE 4-7) 10
TOTAL FM JUL 1 5 CLOUDY (SCALE 8-10) 5
DPTR FM NORMAL -1
[CDD (BASE 65) ]
TOTAL THIS MO. 277
DPTR FM NORMAL -102 [PRESSURE DATA]
TOTAL FM JAN 1 2460 HIGHEST SLP M ON M
DPTR FM NORMAL -24 LOWEST SLP 29.69 ON 1
[REMARKS]
#FINAL-09-20#