000
CXUS52 KFFC 011110
CF6FTY
PRELIMINARY LOCAL CLIMATOLOGICAL DATA (WS FORM: F-6)
STATION: FULTON COUNTY AIRPORT
MONTH: FEBRUARY
YEAR: 2024
LATITUDE: 33 46 N
LONGITUDE: 84 31 W
TEMPERATURE IN F: :PCPN: SNOW: WIND :SUNSHINE: SKY :PK WND
================================================================================
1 2 3 4 5 6A 6B 7 8 9 10 11 12 13 14 15 16 17 18
12Z AVG MX 2MIN
DY MAX MIN AVG DEP HDD CDD WTR SNW DPTH SPD SPD DIR MIN PSBL S-S WX SPD DR
================================================================================
1 61 30 46 1 19 0 0.00 M M 1.8 10 270 M M 0 17 290
2 69 36 53 8 12 0 0.00 M M 3.2 15 310 M M 0 20 300
3 62 37 50 5 15 0 0.00 M M 7.0 18 70 M M 0 26 70
4 50 42 46 1 19 0 0.37 M M 14.8 25 50 M M 8 1 37 80
5 61 37 49 3 16 0 0.02 M M 8.0 24 60 M M 8 33 60
6 65 29 47 1 18 0 0.00 M M 1.9 10 10 M M 0 16 50
7 60 29 45 -1 20 0 0.00 M M 2.1 14 90 M M 0 26 120
8 57 30 44 -2 21 0 0.00 M M 3.1 13 140 M M 0 16 130
9 64 43 54 8 11 0 0.00 M M 1.7 8 160 M M 3 12 180
10 66 47 57 11 8 0 0.07 M M 3.5 12 200 M M 8 1 18 200
11 67 60 64 17 1 0 0.62 M M 5.3 12 200 M M 10 13 19 180
12 61 49 55 8 10 0 1.88 M M 9.3 31 280 M M 10 13 51 280
13 56 38 47 0 18 0 T M M 11.0 26 290 M M 5 39 280
14 65 33 49 2 16 0 0.00 M M 1.2 8 240 M M 0 13 40
15 69 32 51 3 14 0 0.00 M M 2.8 15 270 M M 0 20 270
16 65 43 54 6 11 0 0.00 M M 3.7 15 210 M M 0 24 220
17 55 36 46 -2 19 0 0.01 M M 10.6 21 310 M M 4 18 32 320
18 53 30 42 -6 23 0 0.00 M M 4.6 13 350 M M 0 19 340
19 61 35 48 0 17 0 0.00 M M 3.0 10 290 M M 1 16 290
20 62 28 45 -4 20 0 0.00 M M 0.5 7 300 M M 1 11 250
21 67 29 48 -1 17 0 0.00 M M 1.6 9 190 M M 0 14 160
22 70 36 53 4 12 0 T M M 5.4 18 200 M M 2 32 220
23 67 52 60 11 5 0 0.12 M M 9.5 23 260 M M 5 1 33 240
24 64 40 52 2 13 0 0.00 M M 9.5 29 290 M M 1 45 320
25 65 29 47 -3 18 0 0.00 M M 1.2 10 210 M M 0 16 160
26 73 35 54 4 11 0 0.00 M M 5.0 15 200 M M 0 24 200
27 74 58 66 16 0 1 0.00 M M 9.1 16 200 M M 6 31 190
28 76 42 59 9 6 0 0.01 M M 13.3 32 300 M M 8 13 49 310
29 54 47 51 0 14 0 0.00 M M 5.6 10 90 M M 2 15 110
================================================================================
SM 1839 1112 404 1 3.10 M 159.3 M 82
================================================================================
AV 63.4 38.3 5.5 FASTST M M 3 MAX(MPH)
MISC ----> 32 300 51 280
================================================================================
NOTES:
# LAST OF SEVERAL OCCURRENCES
COLUMN 17 PEAK WIND IN M.P.H.
PRELIMINARY LOCAL CLIMATOLOGICAL DATA (WS FORM: F-6) , PAGE 2
STATION: FULTON COUNTY AIRPORT
MONTH: FEBRUARY
YEAR: 2024
LATITUDE: 33 46 N
LONGITUDE: 84 31 W
[TEMPERATURE DATA] [PRECIPITATION DATA] SYMBOLS USED IN COLUMN 16
AVERAGE MONTHLY: 50.9 TOTAL FOR MONTH: 3.10 1 = FOG OR MIST
DPTR FM NORMAL: 3.4 DPTR FM NORMAL: -1.24 2 = FOG REDUCING VISIBILITY
HIGHEST: 76 ON 28 GRTST 24HR 2.37 ON 11-12 TO 1/4 MILE OR LESS
LOWEST: 28 ON 20 3 = THUNDER
SNOW, ICE PELLETS, HAIL 4 = ICE PELLETS
TOTAL MONTH: M 5 = HAIL
GRTST 24HR M ON M 6 = FREEZING RAIN OR DRIZZLE
GRTST DEPTH: M ON M 7 = DUSTSTORM OR SANDSTORM:
VSBY 1/2 MILE OR LESS
8 = SMOKE OR HAZE
[NO. OF DAYS WITH] [WEATHER - DAYS WITH] 9 = BLOWING SNOW
X = TORNADO
MAX 32 OR BELOW: 0 0.01 INCH OR MORE: 8
MAX 90 OR ABOVE: 0 0.10 INCH OR MORE: 4
MIN 32 OR BELOW: 9 0.50 INCH OR MORE: 2
MIN 0 OR BELOW: 0 1.00 INCH OR MORE: 1
[HDD (BASE 65) ]
TOTAL THIS MO. 404 CLEAR (SCALE 0-3) 19
DPTR FM NORMAL -87 PTCLDY (SCALE 4-7) 7
TOTAL FM JUL 1 2056 CLOUDY (SCALE 8-10) 3
DPTR FM NORMAL -240
[CDD (BASE 65) ]
TOTAL THIS MO. 1
DPTR FM NORMAL 0 [PRESSURE DATA]
TOTAL FM JAN 1 2 HIGHEST SLP 30.36 ON 29
DPTR FM NORMAL 1 LOWEST SLP 30.33 ON 29
[REMARKS]
#FINAL-02-24#