000
CXUS52 KFFC 011110
CF6FTY
PRELIMINARY LOCAL CLIMATOLOGICAL DATA (WS FORM: F-6)
STATION: FULTON COUNTY AIRPORT
MONTH: APRIL
YEAR: 2020
LATITUDE: 33 46 N
LONGITUDE: 84 31 W
TEMPERATURE IN F: :PCPN: SNOW: WIND :SUNSHINE: SKY :PK WND
================================================================================
1 2 3 4 5 6A 6B 7 8 9 10 11 12 13 14 15 16 17 18
12Z AVG MX 2MIN
DY MAX MIN AVG DEP HDD CDD WTR SNW DPTH SPD SPD DIR MIN PSBL S-S WX SPD DR
================================================================================
1 59 41 50 -8 15 0 0.00 0.0 0 9.3 20 310 M M 2 29 310
2 68 38 53 -5 12 0 0.00 0.0 0 2.6 13 310 M M 0 17 330
3 77 40 59 1 6 0 0.00 0.0 0 3.1 14 310 M M 0 19 290
4 78 50 64 6 1 0 0.00 0.0 0 2.2 10 80 M M 3 14 90
5 80 52 66 7 0 1 0.00 0.0 0 1.3 10 170 M M 3 14 160
6 82 51 67 8 0 2 0.00 0.0 0 3.5 15 210 M M 1 19 220
7 77 59 68 9 0 3 T 0.0 0 4.6 16 230 M M 3 22 230
8 80 59 70 11 0 5 T 0.0 0 4.2 15 290 M M 5 18 18 300
9 77 60 69 10 0 4 0.24 0.0 0 10.2 21 290 M M 1 13 28 300
10 62 42 52 -8 13 0 0.00 0.0 0 8.7 22 310 M M 0 33 310
11 72 36 54 -6 11 0 0.00 0.0 0 2.7 12 130 M M 0 16 160
12 75 44 60 0 5 0 0.18 M 0 7.5 23 150 M M 6 138 31 140
13 73 53 63 3 2 0 0.89 0.0 0 10.7 23 170 M M 4 13 32 210
14 69 45 57 -4 8 0 0.00 0.0 0 6.4 17 310 M M 0 21 310
15 61 40 51 -10 14 0 T M 0 8.7 18 320 M M 1 24 320
16 68 35 52 -9 13 0 0.00 0.0 0 3.2 14 350 M M 0 21 320
17 75 38 57 -4 8 0 0.00 0.0 0 4.2 16 190 M M 0 23 170
18 69 47 58 -4 7 0 0.07 M 0 6.7 18 320 M M 2 3 24 320
19 55 43 49 -13 16 0 1.66 M 0 2.6 21 210 M M 7 13 32 210
20 71 50 61 -1 4 0 0.43 0.0 0 5.7 20 140 M M 5 13 25 150
21 75 46 61 -1 4 0 0.00 0.0 0 6.8 21 270 M M 2 1 29 250
22 72 44 58 -5 7 0 0.06 M 0 2.0 9 150 M M 2 13 150
23 66 53 60 -3 5 0 0.81 0.0 0 7.2 21 120 M M 8 1 28 130
24 72 54 63 0 2 0 0.01 0.0 0 6.5 16 280 M M 7 19 300
25 80 51 66 3 0 1 0.01 0.0 0 8.2 23 280 M M 4 31 290
26 68 51 60 -4 5 0 0.00 0.0 0 13.5 25 290 M M 5 34 310
27 72 45 59 -5 6 0 0.00 0.0 0 6.3 15 290 M M 0 23 10
28 80 46 63 -1 2 0 0.00 0.0 0 4.1 15 160 M M 0 21 160
29 71 55 63 -1 2 0 0.69 0.0 0 7.7 23 270 M M 6 138 33 300
30 65 50 58 -7 7 0 T 0.0 0 6.2 16 280 M M 6 24 280
================================================================================
SM 2149 1418 175 16 5.05 0.0 176.6 M 83
================================================================================
AV 71.6 47.3 5.9 FASTST M M 3 MAX(MPH)
MISC ----> # 25 290 # 34 310
================================================================================
NOTES:
# LAST OF SEVERAL OCCURRENCES
COLUMN 17 PEAK WIND IN M.P.H.
PRELIMINARY LOCAL CLIMATOLOGICAL DATA (WS FORM: F-6) , PAGE 2
STATION: FULTON COUNTY AIRPORT
MONTH: APRIL
YEAR: 2020
LATITUDE: 33 46 N
LONGITUDE: 84 31 W
[TEMPERATURE DATA] [PRECIPITATION DATA] SYMBOLS USED IN COLUMN 16
AVERAGE MONTHLY: 59.5 TOTAL FOR MONTH: 5.05 1 = FOG OR MIST
DPTR FM NORMAL: -1.6 DPTR FM NORMAL: 1.31 2 = FOG REDUCING VISIBILITY
HIGHEST: 82 ON 6 GRTST 24HR 1.66 ON 19-19 TO 1/4 MILE OR LESS
LOWEST: 35 ON 16 3 = THUNDER
SNOW, ICE PELLETS, HAIL 4 = ICE PELLETS
TOTAL MONTH: 0.0 INCH 5 = HAIL
GRTST 24HR 0.0 6 = FREEZING RAIN OR DRIZZLE
GRTST DEPTH: 0 7 = DUSTSTORM OR SANDSTORM:
VSBY 1/2 MILE OR LESS
8 = SMOKE OR HAZE
[NO. OF DAYS WITH] [WEATHER - DAYS WITH] 9 = BLOWING SNOW
X = TORNADO
MAX 32 OR BELOW: 0 0.01 INCH OR MORE: 11
MAX 90 OR ABOVE: 0 0.10 INCH OR MORE: 7
MIN 32 OR BELOW: 0 0.50 INCH OR MORE: 4
MIN 0 OR BELOW: 0 1.00 INCH OR MORE: 1
[HDD (BASE 65) ]
TOTAL THIS MO. 175 CLEAR (SCALE 0-3) 19
DPTR FM NORMAL 22 PTCLDY (SCALE 4-7) 10
TOTAL FM JUL 1 2324 CLOUDY (SCALE 8-10) 1
DPTR FM NORMAL -528
[CDD (BASE 65) ]
TOTAL THIS MO. 16
DPTR FM NORMAL -17 [PRESSURE DATA]
TOTAL FM JAN 1 58 HIGHEST SLP 30.30 ON 16
DPTR FM NORMAL 19 LOWEST SLP 29.51 ON 20
[REMARKS]
#FINAL-04-20#