000
CXUS53 KIWX 010810
CF6FWA
PRELIMINARY LOCAL CLIMATOLOGICAL DATA (WS FORM: F-6)
STATION: FORT WAYNE
MONTH: MAY
YEAR: 2021
LATITUDE: 41 0 N
LONGITUDE: 85 12 W
TEMPERATURE IN F: :PCPN: SNOW: WIND :SUNSHINE: SKY :PK WND
================================================================================
1 2 3 4 5 6A 6B 7 8 9 10 11 12 13 14 15 16 17 18
12Z AVG MX 2MIN
DY MAX MIN AVG DEP HDD CDD WTR SNW DPTH SPD SPD DIR MIN PSBL S-S WX SPD DR
================================================================================
1 72 31 52 -4 13 0 0.00 0.0 0 13.2 30 230 M M 3 40 230
2 80 57 69 13 0 4 0.00 0.0 0 18.3 32 230 M M 7 42 230
3 67 56 62 5 3 0 0.18 0.0 0 7.2 17 200 M M 10 1 23 220
4 63 49 56 -1 9 0 0.43 0.0 0 9.5 17 340 M M 10 13 23 290
5 58 43 51 -7 14 0 0.00 0.0 0 11.0 21 330 M M 6 29 330
6 57 36 47 -11 18 0 0.07 0.0 0 6.1 17 250 M M 9 1 26 250
7 59 35 47 -11 18 0 0.01 0.0 0 9.1 31 270 M M 5 12 40 260
8 55 33 44 -15 21 0 0.09 0.0 0 6.3 18 360 M M 4 27 310
9 46 36 41 -18 24 0 1.85 0.0 0 12.8 28 40 M M 9 13 40 60
10 57 34 46 -13 19 0 T 0.0 0 7.2 16 270 M M 6 1 23 270
11 55 39 47 -13 18 0 0.00 0.0 0 9.9 20 340 M M 5 30 330
12 64 36 50 -10 15 0 0.00 0.0 0 4.9 12 60 M M 1 18 60
13 67 36 52 -8 13 0 0.00 0.0 0 3.4 9 270 M M 1 14 340
14 71 38 55 -6 10 0 0.00 0.0 0 4.1 17 230 M M 1 22 270
15 71 44 58 -3 7 0 T 0.0 0 4.5 16 210 M M 8 22 250
16 73 54 64 3 1 0 0.00 0.0 0 5.3 13 210 M M 8 20 210
17 68 56 62 0 3 0 0.00 0.0 0 7.2 15 170 M M 10 23 150
18 79 54 67 5 0 2 0.00 0.0 0 8.7 18 170 M M 8 24 140
19 80 60 70 8 0 5 0.00 0.0 0 8.2 22 230 M M 7 27 220
20 86 61 74 11 0 9 0.00 0.0 0 5.5 17 190 M M 7 18 23 180
21 85 60 73 10 0 8 0.00 0.0 0 7.8 20 220 M M 8 27 210
22 86 61 74 11 0 9 0.00 0.0 0 7.1 15 240 M M 6 24 260
23 85 62 74 10 0 9 0.00 0.0 0 6.9 18 280 M M 5 22 270
24 89 66 78 14 0 13 0.00 0.0 0 5.7 15 250 M M 8 18 20 270
25 88 64 76 12 0 11 0.00 0.0 0 13.6 29 240 M M 6 8 39 230
26 77 60 69 4 0 4 1.38 0.0 0 8.1 29 250 M M 8 18 39 280
27 73 55 64 -1 1 0 T 0.0 0 11.9 28 90 M M 7 1 39 90
28 55 46 51 -14 14 0 0.66 0.0 0 16.3 38 70 M M 10 1 49 70
29 63 43 53 -13 12 0 0.00 0.0 0 12.6 25 40 M M 5 35 50
30 68 40 54 -12 11 0 0.00 0.0 0 4.9 12 20 M M 2 20 80
31 72 48 60 -6 5 0 0.00 0.0 0 5.8 13 250 M M 8 18 190
================================================================================
SM 2169 1493 249 74 4.67 0.0 263.1 M 198
================================================================================
AV 70.0 48.2 8.5 FASTST M M 6 MAX(MPH)
MISC ----> 38 70 49 70
================================================================================
NOTES:
# LAST OF SEVERAL OCCURRENCES
COLUMN 17 PEAK WIND IN M.P.H.
PRELIMINARY LOCAL CLIMATOLOGICAL DATA (WS FORM: F-6) , PAGE 2
STATION: FORT WAYNE
MONTH: MAY
YEAR: 2021
LATITUDE: 41 0 N
LONGITUDE: 85 12 W
[TEMPERATURE DATA] [PRECIPITATION DATA] SYMBOLS USED IN COLUMN 16
AVERAGE MONTHLY: 59.1 TOTAL FOR MONTH: 4.67 1 = FOG OR MIST
DPTR FM NORMAL: -2.2 DPTR FM NORMAL: 0.09 2 = FOG REDUCING VISIBILITY
HIGHEST: 89 ON 24 GRTST 24HR 1.94 ON 8- 9 TO 1/4 MILE OR LESS
LOWEST: 31 ON 1 3 = THUNDER
SNOW, ICE PELLETS, HAIL 4 = ICE PELLETS
TOTAL MONTH: 0.0 INCH 5 = HAIL
GRTST 24HR 0.0 6 = FREEZING RAIN OR DRIZZLE
GRTST DEPTH: 0 7 = DUSTSTORM OR SANDSTORM:
VSBY 1/2 MILE OR LESS
8 = SMOKE OR HAZE
[NO. OF DAYS WITH] [WEATHER - DAYS WITH] 9 = BLOWING SNOW
X = TORNADO
MAX 32 OR BELOW: 0 0.01 INCH OR MORE: 8
MAX 90 OR ABOVE: 0 0.10 INCH OR MORE: 5
MIN 32 OR BELOW: 1 0.50 INCH OR MORE: 3
MIN 0 OR BELOW: 0 1.00 INCH OR MORE: 2
[HDD (BASE 65) ]
TOTAL THIS MO. 249 CLEAR (SCALE 0-3) 5
DPTR FM NORMAL 72 PTCLDY (SCALE 4-7) 19
TOTAL FM JUL 1 5713 CLOUDY (SCALE 8-10) 7
DPTR FM NORMAL -230
[CDD (BASE 65) ]
TOTAL THIS MO. 74
DPTR FM NORMAL 12 [PRESSURE DATA]
TOTAL FM JAN 1 77 HIGHEST SLP 30.46 ON 12
DPTR FM NORMAL 7 LOWEST SLP 29.59 ON 3
[REMARKS]
#FINAL-05-21#