000
CXUS54 KTSA 011330
CF6FYV
PRELIMINARY LOCAL CLIMATOLOGICAL DATA (WS FORM: F-6)
STATION: FAYETTEVILLE ARKANSAS
MONTH: DECEMBER
YEAR: 2021
LATITUDE: 36 0 N
LONGITUDE: 94 10 W
TEMPERATURE IN F: :PCPN: SNOW: WIND :SUNSHINE: SKY :PK WND
================================================================================
1 2 3 4 5 6A 6B 7 8 9 10 11 12 13 14 15 16 17 18
12Z AVG MX 2MIN
DY MAX MIN AVG DEP HDD CDD WTR SNW DPTH SPD SPD DIR MIN PSBL S-S WX SPD DR
================================================================================
1 69 40 55 13 10 0 0.00 0.0 0 6.0 17 200 M M 0 22 190
2 77 36 57 15 8 0 0.00 0.0 0 3.5 12 220 M M 0 17 210
3 77 39 58 16 7 0 0.00 0.0 0 4.6 17 210 M M 0 22 220
4 62 52 57 16 8 0 T 0.0 0 4.7 12 160 M M 9 1 18 160
5 72 52 62 21 3 0 0.50 0.0 0 14.5 29 320 M M 6 13 42 330
6 52 25 39 -2 26 0 0.05 0.0 0 6.9 18 340 M M 2 1 29 340
7 47 23 35 -6 30 0 0.00 0.0 0 3.6 15 140 M M 1 21 150
8 59 26 43 3 22 0 0.00 0.0 0 4.4 18 180 M M 0 29 190
9 70 44 57 17 8 0 0.00 0.0 0 9.5 22 210 M M 0 1 32 220
10 75 47 61 21 4 0 0.19 0.0 0 15.0 26 180 M M 4 13 38 220
11 47 25 36 -4 29 0 0.00 0.0 0 9.8 24 300 M M 3 36 280
12 55 21 38 -1 27 0 0.00 0.0 0 6.6 18 180 M M 0 24 200
13 67 40 54 15 11 0 0.00 0.0 0 10.4 20 180 M M 0 25 220
14 67 55 61 22 4 0 T 0.0 0 11.1 22 190 M M 8 31 190
15 77 67 72 33 0 7 0.00 0.0 0 18.6 32 180 M M 7 49 170
16 71 39 55 17 10 0 0.07 0.0 0 5.9 24 200 M M 6 18 39 200
17 62 49 56 18 9 0 3.16 0.0 0 4.9 17 340 M M 10 138 24 340
18 59 33 46 8 19 0 0.65 0.0 0 10.0 20 320 M M 8 1 26 20
19 43 26 35 -3 30 0 0.00 0.0 0 3.2 9 70 M M 5 14 350
20 45 22 34 -4 31 0 0.00 0.0 0 1.6 8 220 M M 0 1 12 210
21 55 27 41 3 24 0 0.00 0.0 0 3.2 14 290 M M 0 19 280
22 58 24 41 3 24 0 0.00 0.0 0 3.7 16 190 M M 0 24 190
23 61 41 51 14 14 0 0.00 0.0 0 10.0 22 200 M M 3 33 210
24 75 58 67 30 0 2 0.00 0.0 0 16.8 28 190 M M 0 44 200
25 73 43 58 21 7 0 0.00 0.0 0 7.7 20 210 M M 0 31 190
26 77 38 58 21 7 0 0.00 0.0 0 8.5 23 180 M M 0 35 170
27 68 54 61 24 4 0 0.00 0.0 0 7.2 17 210 M M 1 26 190
28 71 39 55 18 10 0 0.24 0.0 0 6.9 25 280 M M 3 1 35 280
29 56 36 46 9 19 0 0.16 0.0 0 2.4 12 120 M M 6 12 18 120
30 65 37 51 15 14 0 0.00 0.0 0 6.4 17 210 M M 3 12 25 220
31 69 53 61 25 4 0 0.34 0.0 0 7.3 21 220 M M 4 1 30 200
================================================================================
SM 1981 1211 423 9 5.36 0.0 234.9 M 89
================================================================================
AV 63.9 39.1 7.6 FASTST M M 3 MAX(MPH)
MISC ----> 32 180 49 170
================================================================================
NOTES:
# LAST OF SEVERAL OCCURRENCES
COLUMN 17 PEAK WIND IN M.P.H.
PRELIMINARY LOCAL CLIMATOLOGICAL DATA (WS FORM: F-6) , PAGE 2
STATION: FAYETTEVILLE ARKANSAS
MONTH: DECEMBER
YEAR: 2021
LATITUDE: 36 0 N
LONGITUDE: 94 10 W
[TEMPERATURE DATA] [PRECIPITATION DATA] SYMBOLS USED IN COLUMN 16
AVERAGE MONTHLY: 51.5 TOTAL FOR MONTH: 5.36 1 = FOG OR MIST
DPTR FM NORMAL: 12.7 DPTR FM NORMAL: 2.29 2 = FOG REDUCING VISIBILITY
HIGHEST: 77 ON 26,15 GRTST 24HR 3.81 ON 17-18 TO 1/4 MILE OR LESS
LOWEST: 21 ON 12 3 = THUNDER
SNOW, ICE PELLETS, HAIL 4 = ICE PELLETS
TOTAL MONTH: 0.0 INCH 5 = HAIL
GRTST 24HR 0.0 6 = FREEZING RAIN OR DRIZZLE
GRTST DEPTH: 0 7 = DUSTSTORM OR SANDSTORM:
VSBY 1/2 MILE OR LESS
8 = SMOKE OR HAZE
[NO. OF DAYS WITH] [WEATHER - DAYS WITH] 9 = BLOWING SNOW
X = TORNADO
MAX 32 OR BELOW: 0 0.01 INCH OR MORE: 9
MAX 90 OR ABOVE: 0 0.10 INCH OR MORE: 7
MIN 32 OR BELOW: 9 0.50 INCH OR MORE: 3
MIN 0 OR BELOW: 0 1.00 INCH OR MORE: 1
[HDD (BASE 65) ]
TOTAL THIS MO. 423 CLEAR (SCALE 0-3) 18
DPTR FM NORMAL -389 PTCLDY (SCALE 4-7) 11
TOTAL FM JUL 1 1077 CLOUDY (SCALE 8-10) 2
DPTR FM NORMAL -552
[CDD (BASE 65) ]
TOTAL THIS MO. 9
DPTR FM NORMAL 9 [PRESSURE DATA]
TOTAL FM JAN 1 1587 HIGHEST SLP 30.42 ON 19
DPTR FM NORMAL 235 LOWEST SLP 29.49 ON 10
[REMARKS]
#FINAL-12-21#