000
CXUS54 KOUN 010910
CF6GAG
PRELIMINARY LOCAL CLIMATOLOGICAL DATA (WS FORM: F-6)
STATION: GAGE
MONTH: FEBRUARY
YEAR: 2023
LATITUDE: 36 17 N
LONGITUDE: 99 46 W
TEMPERATURE IN F: :PCPN: SNOW: WIND :SUNSHINE: SKY :PK WND
================================================================================
1 2 3 4 5 6A 6B 7 8 9 10 11 12 13 14 15 16 17 18
12Z AVG MX 2MIN
DY MAX MIN AVG DEP HDD CDD WTR SNW DPTH SPD SPD DIR MIN PSBL S-S WX SPD DR
================================================================================
1 35 9 22 -16 43 0 0.00 M M 4.5 10 220 M M 0 13 220
2 57 14 36 -2 29 0 0.00 M M 9.7 20 360 M M 0 18 25 360
3 60 12 36 -2 29 0 0.00 M M 13.4 24 200 M M 0 1 31 190
4 71 29 50 12 15 0 0.00 M M 16.2 29 210 M M 0 37 190
5 68 21 45 7 20 0 0.00 M M 7.8 20 160 M M 0 24 160
6 76 36 56 18 9 0 0.00 M M 13.6 29 280 M M 1 35 280
7 57 25 41 3 24 0 0.00 M M 8.4 21 30 M M 4 27 50
8 48 23 36 -2 29 0 0.00 M M 5.3 13 240 M M 5 19 360
9 52 23 38 0 27 0 0.00 M M 17.9 31 10 M M 5 40 10
10 46 13 30 -9 35 0 0.00 M M 11.0 21 350 M M 3 27 360
11 60 9 35 -4 30 0 0.00 M M 10.6 21 180 M M 0 27 200
12 73 32 53 14 12 0 0.00 M M 13.8 24 240 M M 0 31 250
13 65 22 44 5 21 0 0.03 M M 10.2 30 270 M M 1 3 37 260
14 61 32 47 7 18 0 0.10 M M 17.1 44 300 M M 5 138 51 300
15 46 26 36 -4 29 0 0.00 M M 14.8 25 50 M M 5 1 31 60
16 38 14 26 -14 39 0 0.00 M M 15.5 31 350 M M 3 39 350
17 56 6 31 -9 34 0 0.00 M M 9.5 18 260 M M 0 27 260
18 51 30 41 1 24 0 0.00 M M 22.5 37 200 M M 0 43 200
19 71 27 49 8 16 0 0.00 M M 12.3 24 270 M M 0 8 31 240
20 68 37 53 12 12 0 0.00 0.0 M 5.8 14 60 M M 0 16 60
21 74 33 54 13 11 0 T 0.0 M 13.6 45 240 M M 1 65 240
22 69 22 46 4 19 0 0.01 0.0 M 15.3 33 280 M M 4 40 280
23 34 10 22 -20 43 0 0.00 M M 11.4 23 350 M M 1 28 340
24 32 14 23 -19 42 0 0.00 M M 7.1 15 40 M M 6 20 40
25 61 14 38 -5 27 0 0.00 M M 8.4 22 180 M M 0 29 180
26 72 38 55 12 10 0 0.30 M M 21.7 43 270 M M 3 138 56 250
27 72 39 56 13 9 0 0.00 M M 12.1 30 260 M M 0 37 260
28 76 31 54 10 11 0 0.00 M M 14.1 33 250 M M 0 41 250
================================================================================
SM 1649 641 667 0 0.44 0.0 343.6 M 47
================================================================================
AV 58.9 22.9 12.3 FASTST M M 2 MAX(MPH)
MISC ----> 45 240 65 240
================================================================================
NOTES:
# LAST OF SEVERAL OCCURRENCES
COLUMN 17 PEAK WIND IN M.P.H.
PRELIMINARY LOCAL CLIMATOLOGICAL DATA (WS FORM: F-6) , PAGE 2
STATION: GAGE
MONTH: FEBRUARY
YEAR: 2023
LATITUDE: 36 17 N
LONGITUDE: 99 46 W
[TEMPERATURE DATA] [PRECIPITATION DATA] SYMBOLS USED IN COLUMN 16
AVERAGE MONTHLY: 40.9 TOTAL FOR MONTH: 0.44 1 = FOG OR MIST
DPTR FM NORMAL: 0.9 DPTR FM NORMAL: -0.24 2 = FOG REDUCING VISIBILITY
HIGHEST: 76 ON 28, 6 GRTST 24HR 0.30 ON 26-26 TO 1/4 MILE OR LESS
LOWEST: 6 ON 17 3 = THUNDER
SNOW, ICE PELLETS, HAIL 4 = ICE PELLETS
TOTAL MONTH: 0.0 INCH 5 = HAIL
GRTST 24HR 0.0 6 = FREEZING RAIN OR DRIZZLE
GRTST DEPTH: M ON M 7 = DUSTSTORM OR SANDSTORM:
VSBY 1/2 MILE OR LESS
8 = SMOKE OR HAZE
[NO. OF DAYS WITH] [WEATHER - DAYS WITH] 9 = BLOWING SNOW
X = TORNADO
MAX 32 OR BELOW: 1 0.01 INCH OR MORE: 4
MAX 90 OR ABOVE: 0 0.10 INCH OR MORE: 2
MIN 32 OR BELOW: 23 0.50 INCH OR MORE: 0
MIN 0 OR BELOW: 0 1.00 INCH OR MORE: 0
[HDD (BASE 65) ]
TOTAL THIS MO. 667 CLEAR (SCALE 0-3) 20
DPTR FM NORMAL -33 PTCLDY (SCALE 4-7) 8
TOTAL FM JUL 1 3110 CLOUDY (SCALE 8-10) 0
DPTR FM NORMAL -111
[CDD (BASE 65) ]
TOTAL THIS MO. 0
DPTR FM NORMAL -1 [PRESSURE DATA]
TOTAL FM JAN 1 0 HIGHEST SLP 30.57 ON 3
DPTR FM NORMAL 0 LOWEST SLP 29.10 ON 14
[REMARKS]
#FINAL-02-23#