000
CXUS53 KUNR 010930
CF6GCC
PRELIMINARY LOCAL CLIMATOLOGICAL DATA (WS FORM: F-6)
STATION: GILLETTE AIRPORT WY
MONTH: APRIL
YEAR: 2023
LATITUDE: 44 20 N
LONGITUDE: 105 32 W
TEMPERATURE IN F: :PCPN: SNOW: WIND :SUNSHINE: SKY :PK WND
================================================================================
1 2 3 4 5 6A 6B 7 8 9 10 11 12 13 14 15 16 17 18
12Z AVG MX 2MIN
DY MAX MIN AVG DEP HDD CDD WTR SNW DPTH SPD SPD DIR MIN PSBL S-S WX SPD DR
================================================================================
1 53 28 41 1 24 0 0.00 M M 18.0 30 230 M M 0 40 240
2 46 27 37 -3 28 0 0.00 M M 12.8 30 310 M M 6 39 310
3 39 26 33 -7 32 0 0.09 M M 7.2 20 100 M M 8 1 27 60
4 28 17 23 -17 42 0 0.23 M M 15.7 28 10 M M 10 128 35 340
5 30 16 23 -18 42 0 T M M 12.4 22 290 M M 6 18 26 290
6 40 21 31 -10 34 0 0.00 M M 12.2 20 230 M M 0 24 220
7 55 24 40 -1 25 0 0.00 M M 11.1 25 190 M M 0 33 180
8 63 32 48 7 17 0 0.00 M M 10.3 25 200 M M 2 33 210
9 62 31 47 6 18 0 0.00 M M 6.9 21 210 M M 0 26 210
10 74 32 53 12 12 0 0.00 M M 9.8 28 200 M M 0 37 210
11 79 50 65 23 0 0 0.00 M M 25.9 36 200 M M 0 48 200
12 62 36 49 7 16 0 0.00 M M 7.4 22 210 M M 0 31 210
13 58 33 46 4 19 0 0.00 M M 11.4 24 330 M M 3 31 330
14 41 27 34 -8 31 0 0.00 M M 12.6 23 360 M M 9 30 340
15 48 21 35 -7 30 0 T M M 9.4 25 340 M M 5 8 37 350
16 62 22 42 0 23 0 0.00 M M 9.0 18 220 M M 0 25 220
17 72 48 60 18 5 0 0.00 M M 12.0 28 200 M M 1 45 210
18 61 35 48 5 17 0 T M M 8.9 35 320 M M 3 13 47 320
19 50 31 41 -2 24 0 T M M 19.3 39 240 M M 4 8 54 240
20 39 23 31 -12 34 0 0.04 M M 20.2 35 310 M M 9 18 46 310
21 35 17 26 -17 39 0 T M M 15.3 23 340 M M 8 1 30 350
22 41 15 28 -16 37 0 0.00 M M 7.7 18 330 M M 7 30 310
23 54 20 37 -7 28 0 0.00 M M 4.9 22 160 M M 3 26 160
24 65 31 48 4 17 0 0.00 M M 14.3 25 140 M M 2 37 140
25 57 36 47 3 18 0 0.11 M M 6.7 21 150 M M 8 1 29 170
26 63 40 52 7 13 0 0.00 M M 10.2 21 210 M M 2 30 330
27 57 36 47 2 18 0 0.07 M M 17.0 36 330 M M 9 18 49 320
28 60 33 47 1 18 0 0.00 M M 13.1 23 330 M M 4 32 310
29 65 30 48 2 17 0 0.00 M M 11.2 23 350 M M 3 30 350
30 65 23 44 -2 21 0 0.00 M M 5.5 15 170 M M 0 19 170
================================================================================
SM 1624 861 699 0 0.54 M 358.4 M 112
================================================================================
AV 54.1 28.7 11.9 FASTST M M 4 MAX(MPH)
MISC ----> 39 240 54 240
================================================================================
NOTES:
# LAST OF SEVERAL OCCURRENCES
COLUMN 17 PEAK WIND IN M.P.H.
PRELIMINARY LOCAL CLIMATOLOGICAL DATA (WS FORM: F-6) , PAGE 2
STATION: GILLETTE AIRPORT WY
MONTH: APRIL
YEAR: 2023
LATITUDE: 44 20 N
LONGITUDE: 105 32 W
[TEMPERATURE DATA] [PRECIPITATION DATA] SYMBOLS USED IN COLUMN 16
AVERAGE MONTHLY: 41.4 TOTAL FOR MONTH: 0.54 1 = FOG OR MIST
DPTR FM NORMAL: -1.1 DPTR FM NORMAL: -1.06 2 = FOG REDUCING VISIBILITY
HIGHEST: 79 ON 11 GRTST 24HR 0.32 ON 3- 4 TO 1/4 MILE OR LESS
LOWEST: 15 ON 22 3 = THUNDER
SNOW, ICE PELLETS, HAIL 4 = ICE PELLETS
TOTAL MONTH: M 5 = HAIL
GRTST 24HR M ON M 6 = FREEZING RAIN OR DRIZZLE
GRTST DEPTH: M ON M 7 = DUSTSTORM OR SANDSTORM:
VSBY 1/2 MILE OR LESS
8 = SMOKE OR HAZE
[NO. OF DAYS WITH] [WEATHER - DAYS WITH] 9 = BLOWING SNOW
X = TORNADO
MAX 32 OR BELOW: 2 0.01 INCH OR MORE: 5
MAX 90 OR ABOVE: 0 0.10 INCH OR MORE: 2
MIN 32 OR BELOW: 21 0.50 INCH OR MORE: 0
MIN 0 OR BELOW: 0 1.00 INCH OR MORE: 0
[HDD (BASE 65) ]
TOTAL THIS MO. 699 CLEAR (SCALE 0-3) 16
DPTR FM NORMAL 25 PTCLDY (SCALE 4-7) 8
TOTAL FM JUL 1 7323 CLOUDY (SCALE 8-10) 6
DPTR FM NORMAL 371
[CDD (BASE 65) ]
TOTAL THIS MO. 0
DPTR FM NORMAL 0 [PRESSURE DATA]
TOTAL FM JAN 1 0 HIGHEST SLP 30.37 ON 22
DPTR FM NORMAL 0 LOWEST SLP 29.39 ON 18
[REMARKS]
#FINAL-04-23#